INSERT INTO `content_pages` (`id`, `image`, `parent_id`, `header`, `content`, `short_description`, `meta_title`, `meta_description`, `meta_keywords`, `url`, `url_full`, `homepage`, `name`, `template_id`, `seo_index`) VALUES
(71, '', 67, 'Ограждение для гидротехнических, водозаборных сооружений и водохранилищ', '<p>&nbsp;Территория поверхностного водозаборного сооружения, а также, водохранилища требует особого внимания по обеспечению физической защиты периметра.</p>\r\n\r\n<blockquote>\r\n<p>В первую очередь, необходимо предотвратить свободный доступ животных и человека. В ходе реализации специальных мер по протекции периметра устанавливают сетчатые ограждения, а также, обеспечивают конструкцию техническими средствами видеонаблюдения. При необходимости, сооружают дополнительные средства защиты, такие как противоподкоп, СББ, ПББ, L и I образные насадки.</p>\r\n</blockquote>\r\n\r\n<p class=\"ff-1 fs-24 fw-600\">При проектировании и строительстве защитных периметров для водозаборных станций и водохранилищ, специалисты опираются на следующие факторы:</p>\r\n\r\n<div class=\"uk-width-2xlarge\">\r\n<ul class=\"fw-list fw-list-check-circle\">\r\n	<li>Географическое расположение объекта, по периметру которого будет смонтирована конструкция. Принимается во внимание тип почвы, глубина промерзания грунта, ветровые карты. Для районов со сложными климатическими условиями, сотрудники FENSYS рекомендуют использовать специально разработанные для этих регионов серии;</li>\r\n	<li>Заранее предусматривается возможность установки входных групп, дополнительных средств защиты, подвода кабельканала;</li>\r\n	<li>Параметры безопасности готового ограждения. Конструкция должна соответствовать всем заявленным характеристикам, предоставленным от производителя.</li>\r\n</ul>\r\n</div>\r\n\r\n<p>В ходе многолетней работы, компания FENSYS успешно реализовала множество проектов связанных с установкой средств физической защиты для объектов энергетики, в том числе-&nbsp; для компании Русгидро. Защитные ограждения, производимые для гидротехнических сооружений, соответствуют всем необходимым ТУ, проходили сертификацию и многочисленные испытания.</p>\r\n\r\n<blockquote>\r\n<p>Сетчатые ограждения выступают в роли барьера на пути несанкционированного проникновения на территорию охраняемых объектов, предотвращает хищение дорогостоящего оборудования и акты вандализма.</p>\r\n</blockquote>\r\n\r\n<p class=\"ff-1 fs-24 fw-600\">Металлические заборы, устанавливаемые на территории объектов энергетики должны соответствовать следующим характеристикам:</p>\r\n\r\n<div class=\"uk-width-2xlarge\">\r\n<ul class=\"fw-list fw-list-check-circle\">\r\n	<li>Обеспечение достаточного уровня прозрачности объекта достигается благодаря сетчатому строению металлоконструкции;</li>\r\n	<li>Использование горячеоцинкованного сырья надежно защищает изделие от коррозии;</li>\r\n	<li>Готовый защитный периметр имеет достаточную жесткость;</li>\r\n	<li>Удобное расположение входных групп обеспечивает беспрепятственный въезд спецтехники.</li>\r\n</ul>\r\n</div>\r\n', '', 'Ограждение для гидротехнических, водозаборных сооружений и водохранилищ - Fensys', 'Готовые решения для защитных ограждений гидротехнических и водозаборных сооружений - водохранилищ и резервуаров. Доставка и установка по выгодной цене от производителя. Оставляйте заявку на расчет онлайн на сайте компании Fensys.', '', 'gidrotekhnicheskie-i-vodozabornye-ograzhdeniya-vodokhranilishha-i-rezervuary', '/resheniya/tek/gidrotekhnicheskie-i-vodozabornye-ograzhdeniya-vodokhranilishha-i-rezervuary', 0, 'Гидротехнические и водозаборные ограждения - водохранилища и резервуары', 2, 1),
(72, '', 67, 'Ограждения для объектов Газпром', '<p>Компания Газпром является мировым лидером в сфере добычи природного газа.</p>\r\n<p>На сегодняшний день компания занимается активной реализацией масштабных проектов по освоению газовых ресурсов северных регионов и территории Дальнего Востока. Также, имеет ряд успешных проектов по разведке и добыче углеводородов за рубежом.</p>\r\n<p>Осуществляя масштабные проекты, каждая крупная компания не оставляет без внимания вопрос безопасности.</p>\r\n<blockquote>\r\n<p>Газотранспортные сети и нефтедобывающие заводы являются зоной повышенной опасности. Ограждение для защиты периметра таких объектов должно строго соответствовать нормативной документации, устанавливающей ряд правил, соблюдение которых ориентировано на обеспечение максимальной защиты территории предприятия, безопасности трудящихся и близ проживающего населения. </p>\r\n</blockquote>\r\n<p>Какие задачи должен решать периметр?</p>\r\n<div class=\"uk-margin-medium-bottom\" data-uk-grid=\"\">\r\n<div class=\"uk-width-1-2@s\">\r\n<div class=\"uk-grid-small\" data-uk-grid=\"\">\r\n<div class=\"uk-width-auto\"><img src=\"/web/images/content/ot%20vnesh.svg\" alt=\"\" width=\"76\" height=\"76\" /></div>\r\n<div class=\"uk-width-medium\"><strong>Защита от внешних воздействий</strong><br />Предотвращает несанкционированное проникновение на охраняемый объект</div>\r\n</div>\r\n</div>\r\n<div class=\"uk-width-1-2@s\">\r\n<div class=\"uk-grid-small\" data-uk-grid=\"\">\r\n<div class=\"uk-width-auto\"><img src=\"/web/images/content/prosma.svg\" alt=\"\" width=\"76\" height=\"76\" /></div>\r\n<div class=\"uk-width-medium\"><strong>Просматриваемость территории;</strong><br />Высокая просматриваемость территории достигается с помощью сетчатого заполнения конструкции</div>\r\n</div>\r\n</div>\r\n<div class=\"uk-width-1-2@s\">\r\n<div class=\"uk-grid-small\" data-uk-grid=\"\">\r\n<div class=\"uk-width-auto\"><img src=\"/web/images/content/korrozia.svg\" alt=\"\" width=\"76\" height=\"76\" /></div>\r\n<div class=\"uk-width-medium\"><strong>Коррозийная стойкость</strong><br />Высочайшая степень защиты от коррозии для обеспечения максимального срока эксплуатации</div>\r\n</div>\r\n</div>\r\n<div class=\"uk-width-1-2@s\">\r\n<div class=\"uk-grid-small\" data-uk-grid=\"\">\r\n<div class=\"uk-width-auto\"><img src=\"/web/images/content/zashita.svg\" alt=\"\" width=\"76\" height=\"76\" /></div>\r\n<div class=\"uk-width-medium\"><strong>Надежность</strong><br />Новейшие технологии производства позволяют создавать продукцию высочайшего качества. </div>\r\n</div>\r\n</div>\r\n</div>\r\n<p class=\"ff-1 fs-24 fw-600\">Требования, предъявляемые к ограждению для объектов Газпрома:</p>\r\n<div class=\"uk-width-2xlarge\">\r\n<ul class=\"fw-list fw-list-check-circle\">\r\n<li>просматриваемость возводимой конструкции;</li>\r\n<li>сетчатые панели должны иметь прочное основание, обеспечивать установленную жесткость;</li>\r\n<li>все металлические конструкции должны иметь достаточную для длительной эксплуатации степень антикоррозийной защиты;</li>\r\n<li>прочность ограждения рассчитана с учетом нагрузки, определяемой исходя из усилий воздействия на панель работающего, частей оборудования и др.;</li>\r\n<li>уменьшение защитной функции под воздействием производственных факторов недопустимо;</li>\r\n</ul>\r\n<div>\r\n<p>На сегодняшний день, компания FENSYS реализовала множество крупных проектов по строительству защитных ограждений для объектов, принадлежащих компании Газпром.</p>\r\n<p>Большинство проектов были выполнены по индивидуальным заказам, учитывались климатические условия регионов, желаемые условия, прописанные в технической документации.</p>\r\n<p>Все металлические ограждения от компании проходят испытания в агрессивной среде, получают протоколы и сертификаты соответствия.</p>\r\n<p>Многочисленные благодарности свидетельствуют о отличном качестве произведенной продукции.</p>\r\n<p>Сетчатые ограждения для объектов Газпрома всегда выполняются из горячеоцинкованного сырья, поэтому, не подвержены появлению коррозийных образований.</p>\r\n<p>Ниже представлены наиболее технологичные варианты готовых решений по объектам Газпрома. Однако, мы понимаем, что каждый объект отличается своей индивидуальностью и готовы предложить уникальное решение. Воспользуйтесь функцией набора номера, отправьте e-mail или закажите звонок по форме обратной связи.</p>\r\n</div>\r\n</div>', '', 'Ограждения и заборы для объектов Газпром - Fensys', 'Готовые решения систем защитных ограждений и заборов для объектов Газпрома. Доставка и установка по выгодной цене напрямую от производителя. Оставляйте заявку онлайн на сайте компании Fensys.', '', 'gazprom', '/resheniya/tek/gazprom', 0, 'Газпром', 2, 1),
(73, '', 67, 'Защитные ограждения для объектов Транснефти', '<p>Компания Транснефть занимается транспортировкой нефти и нефтепродуктов по системе магистральных нефтепроводов в Российской Федерации и за ее пределы.</p>\r\n<p>Крупнейшими объектами данной компании являются территории нефтероводов. Представляет собой субъект естественной монополии.</p>\r\n<p>Основная деятельность компании заключается в транспортировке нефти и нефтепродуктов по транспортной системе на территории России и за её пределами.</p>\r\n<p>Крупнейшими объектами Транснефти являются Нефтепроводы.</p>\r\n<p>Нефтепроводы представляют собой крупные сооружения, используемые для обеспечения транспортировки нефтепродуктов. </p>\r\n<blockquote>\r\n<p> Помимо охраны периметра объектов нефтепровода, необходимо принять ряд мер по обеспечению безопасности окружающей среды за пределами периметра.</p>\r\n</blockquote>\r\n<p class=\"ff-1 fs-24 fw-600\">Предупреждающие меры, для обеспечения бесперебойной работы объектов Транснефти:</p>\r\n<div class=\"uk-width-2xlarge\">\r\n<ul class=\"fw-list fw-list-check-circle\">\r\n<li>Обеспечение бесперебойной подачи электрической энергии к установленному оборудованию;</li>\r\n<li>Контроль работы персонала, путем возведения систем видеонаблюдения;</li>\r\n<li>Оснащение объектов средствами физической защит периметра с обязательным наличием надежных входных групп.</li>\r\n</ul>\r\n</div>\r\n<p><strong>Периметральные ограждения для Нефтепроводов возводят из жестких сетчатых панелей, покрытых слоем оцинкованной стали и полимерно- полиэфирной краской.</strong></p>\r\n<p> В проекте защитного ограждения специалисты учитывают:</p>\r\n<div class=\"uk-width-2xlarge\">\r\n<ul class=\"fw-list fw-list-check-circle\">\r\n<li>Место расположения объекта. Рассчитываются возможные ветровые и снеговые нагрузки, глубина промерзания почвы;</li>\r\n<li>Наличие близлежащих населенных пунктов. Предусматривается необходимость установки средств дополнительной защиты;</li>\r\n<li>Устанавливается срок возможной эксплуатации периметрального ограждения.</li>\r\n</ul>\r\n</div>\r\n<p class=\"ff-1 fs-24 fw-600\">Какие задачи должен решать периметр?</p>\r\n<div class=\"uk-margin-medium-bottom\" data-uk-grid=\"\">\r\n<div class=\"uk-width-1-2@s\">\r\n<div class=\"uk-grid-small\" data-uk-grid=\"\">\r\n<div class=\"uk-width-auto\"><img src=\"/web/images/content/ot%20vnesh.svg\" alt=\"\" width=\"76\" height=\"76\" /></div>\r\n<div class=\"uk-width-medium\"><strong>Защита от внешних воздействий</strong><br />Предотвращает несанкционированное проникновение на охраняемый объект</div>\r\n</div>\r\n</div>\r\n<div class=\"uk-width-1-2@s\">\r\n<div class=\"uk-grid-small\" data-uk-grid=\"\">\r\n<div class=\"uk-width-auto\"><img src=\"/web/images/content/prosma.svg\" alt=\"\" width=\"76\" height=\"76\" /></div>\r\n<div class=\"uk-width-medium\"><strong>Просматриваемость территории;</strong><br />Высокая просматриваемость территории достигается с помощью сетчатого заполнения конструкции</div>\r\n</div>\r\n</div>\r\n<div class=\"uk-width-1-2@s\">\r\n<div class=\"uk-grid-small\" data-uk-grid=\"\">\r\n<div class=\"uk-width-auto\"><img src=\"/web/images/content/korrozia.svg\" alt=\"\" width=\"76\" height=\"76\" /></div>\r\n<div class=\"uk-width-medium\"><strong>Коррозийная стойкость</strong><br />Высочайшая степень защиты от коррозии для обеспечения максимального срока эксплуатации</div>\r\n</div>\r\n</div>\r\n<div class=\"uk-width-1-2@s\">\r\n<div class=\"uk-grid-small\" data-uk-grid=\"\">\r\n<div class=\"uk-width-auto\"><img src=\"/web/images/content/zashita.svg\" alt=\"\" width=\"76\" height=\"76\" /></div>\r\n<div class=\"uk-width-medium\"><strong>Надежность</strong><br />Новейшие технологии производства позволяют создавать продукцию высочайшего качества. </div>\r\n</div>\r\n</div>\r\n</div>\r\n<p> </p>', '', 'Ограждения для объектов компании Транснефть - готовые решения', 'Готовые решения систем защитных ограждений для объектов компании Транснефть. Доставка и установка по выгодной цене напрямую от производителя. Оставляйте заявку на расчет онлайн на сайте компании Fensys.', '', 'transneft', '/resheniya/tek/transneft', 0, 'Транснефть', 2, 1),
(74, '', 67, 'Магистрали и нефтепроводы', '<p>Нефтепровод представляет собой инженерно- техническое сооружение, относящееся к системам трубопроводного транспорта. Служит для транспортировки соответствующей горючей жидкости к потребителю.</p>\r\n\r\n<blockquote>\r\n<p>Магистральные нефтепроводы имеют большую пропускную способность, характеризуются высоким избыточным давлением.</p>\r\n</blockquote>\r\n\r\n<p>Установка защитных ограждений для территориях нефтепровода регламентируется сводом правил по охране магистральных трубопроводов а также, требованиями нормативных документов, в частности: №256-ФЗ &laquo;О безопасности объектов топливно-энергетического комплекса&raquo;, Постановления Правительства №458 &laquo;Об утверждении Правил по обеспечению безопасности и антитеррористической защищенности объектов топливно-энергетического комплекса&raquo;.</p>\r\n\r\n<p class=\"ff-1 fs-24 fw-600\">Охранный периметр для нефтепровода должен иметь высокую прочность, характеризоваться высокими антикоррозийными показателями.</p>\r\n\r\n<div class=\"uk-width-2xlarge\">\r\n<p>Зоны требующие обязательной установки периметральных ограждений:</p>\r\n\r\n<ul class=\"fw-list fw-list-check-circle\">\r\n	<li>Сооружения линейной службы эксплуатации трубопроводов;</li>\r\n	<li>Головные и промежуточные перекачивающие станции, резервуары;</li>\r\n	<li>Станции хранения нефтепродуктов;</li>\r\n	<li>Пункты подогрева нефти и нефтепродуктов;</li>\r\n</ul>\r\n</div>\r\n\r\n<blockquote>\r\n<p>Важнейшими функциями металлического периметра является защита объектов наземного нефтепровода от несанкционированного проникновения посторонних лиц, а также, протекция от возможных механических повреждений, связанных с окружающей средой.</p>\r\n</blockquote>\r\n\r\n<p class=\"ff-1 fs-24 fw-600\">При проектировке защитного периметра для нефтепровода принимают во внимание следующие факторы:</p>\r\n\r\n<div class=\"uk-width-2xlarge\">\r\n<ul class=\"fw-list fw-list-check-circle\">\r\n	<li>Месторасположение. Учитывается глубина промерзания грунта, ветровые нагрузки. Особое внимание уделяется районам со сложными климатическими условиями;</li>\r\n	<li>Функции, которые должен выполнять периметр. При необходимости предусматриваются дополнительные инженерно- технические средства защиты;</li>\r\n	<li>Количество и расположение входных групп.</li>\r\n</ul>\r\n</div>\r\n\r\n<h4>Специалистами компании FENSYS были разработаны различные варианты ограждений для обеспечения физической защиты периметра нефтепровода и трубопровода от несанкционированного доступа. Представленные варианты готовых решений полностью соответствуют существующим требованиям, применяемым к возведению ограждений на нефте- газовых объектах.</h4>\r\n', '', 'Готовые решения защитных  ограждений  для магистралей и нефтепроводов', 'Готовые решения защитных  ограждений  для магистралей и нефтепроводов', '', 'magistrali-i-nefteprovody', '/resheniya/tek/magistrali-i-nefteprovody', 0, 'Магистрали и нефтепроводы', 2, 1),
(75, '', 67, 'Резервуары и газохранилища', '<p>Газовое хранилище представляет собой резервуар для хранения газа. Наиболее распространены подземные варианты данного рода объектов.</p>\r\n<p class=\"ff-1 fs-24 fw-600\">Основными функциями периметральных ограждений газовых хранилищ является:</p>\r\n<div class=\"uk-width-2xlarge\">\r\n<ul class=\"fw-list fw-list-check-circle\">\r\n<li>Барьерная – для предотвращения умышленного или случайного проникновения посторонних лиц на территорию охраняемого объекта;</li>\r\n<li>Сигнальная – для обозначения территории.</li>\r\n</ul>\r\n</div>\r\n<blockquote>\r\n<p>Основные меры, по обеспечению безопасности на территории газохранилища регламентированы приказом Ростехнадзора от 15.12.2020 N 529 Об утверждении федеральных норм и правил в области промышленной безопасности \"Правила промышленной безопасности складов нефти и нефтепродуктов»</p>\r\n</blockquote>\r\n<p class=\"ff-1 fs-24 fw-600\">Защитные ограждения FENSYS для периметра газохранилищ гарантируют:</p>\r\n<div class=\"uk-margin-medium-bottom\" data-uk-grid=\"\">\r\n<div class=\"uk-width-1-2@s\">\r\n<div class=\"uk-grid-small\" data-uk-grid=\"\">\r\n<div class=\"uk-width-auto\"><img src=\"/web/images/content/ot%20vnesh.svg\" alt=\"\" width=\"76\" height=\"76\" /></div>\r\n<div class=\"uk-width-medium\"><strong>Защита от внешних воздействий</strong><br />Предотвращает несанкционированное проникновение на охраняемый объект</div>\r\n</div>\r\n</div>\r\n<div class=\"uk-width-1-2@s\">\r\n<div class=\"uk-grid-small\" data-uk-grid=\"\">\r\n<div class=\"uk-width-auto\"><img src=\"/web/images/content/prosma.svg\" alt=\"\" width=\"76\" height=\"76\" /></div>\r\n<div class=\"uk-width-medium\"><strong>Просматриваемость территории;</strong><br />Высокая просматриваемость территории достигается с помощью сетчатого заполнения конструкции</div>\r\n</div>\r\n</div>\r\n<div class=\"uk-width-1-2@s\">\r\n<div class=\"uk-grid-small\" data-uk-grid=\"\">\r\n<div class=\"uk-width-auto\"><img src=\"/web/images/content/korrozia.svg\" alt=\"\" width=\"76\" height=\"76\" /></div>\r\n<div class=\"uk-width-medium\"><strong>Коррозийная стойкость</strong><br />Высочайшая степень защиты от коррозии для обеспечения максимального срока эксплуатации</div>\r\n</div>\r\n</div>\r\n<div class=\"uk-width-1-2@s\">\r\n<div class=\"uk-grid-small\" data-uk-grid=\"\">\r\n<div class=\"uk-width-auto\"><img src=\"/web/images/content/zashita.svg\" alt=\"\" width=\"76\" height=\"76\" /></div>\r\n<div class=\"uk-width-medium\"><strong>Надежность</strong><br />Новейшие технологии производства позволяют создавать продукцию высочайшего качества. </div>\r\n</div>\r\n</div>\r\n</div>\r\n<h4>Защитные ограждения FENSYS предупреждают несанкционированный проход на территорию резервуаров и газохранилищ, выполняют разделительно- барьерную функцию, соответствующую нормативной документации.</h4>\r\n<p>Компания FENSYS имеет большой опыт в проектировании и производстве ограждений для физической защиты периметра территории газохранилищ. Реализованно множество проектов в данной области применения. Ниже, представлены готовые решения, предложенные компанией для реализации на готовых объектах.</p>\r\n<p>Несмотря на наличие большого количества готовых, разнонаправленных решений, специалисты FENSYS понимают уникальность каждого проекта. В ходе работы с проектом почти неизбежны модификации связанные с условиями эксплуатации, окружающей средой или требованиями вышестоящих инстанций. Поэтому, Вы всегда можете обратится за помощью к проектировщикам, используя функцию обратной связи, звонком или по электронной почте.</p>', '', 'Готовые решения защитных  ограждений  для резервуаров и газохранилищ', 'Готовые решения защитных  ограждений  для резервуаров и газохранилищ', '', 'rezervuary-i-gazokhranilishha', '/resheniya/tek/rezervuary-i-gazokhranilishha', 0, 'Резервуары и газохранилища', 2, 1),
(76, '', 44, 'Model Studio CS', '<div class=\"uk-margin-medium-bottom fs-17\">\r\n<p><strong>Model Studio</strong>- это комплексная линейка программных средств для 3D моделирования, разработанная с целью автоматизации проектной деятельности. MS входит в Единый реестр российских программ для электронно вычислительных машин и баз данных, что соответствует постановлению правительства РФ № 311 от 05.03.2021.</p>\r\n<blockquote>\r\n<p>Инструмент позволяет создавать детализированные трехмерные модели, производить точные инженерные расчеты, автоматизировать процесс подготовки технической документации и составлять календарные планы.</p>\r\n</blockquote>\r\n<p>Модель Студио \"Строительные решения\" работает на отечественном программном обеспечении NanoCAD и совместима с некоторыми версиями зарубежного аналога (AutoCAD).</p>\r\n<p class=\"ff-1 fs-24 fw-600\">Преимущества использования Model Studio CS:»</p>\r\n<div class=\"uk-width-2xlarge\">\r\n<ul class=\"fw-list fw-list-check-circle\">\r\n<li>Комфортный рабочий интерфейс с множеством подсказок и удобным расположением разделов меню;</li>\r\n<li>Всё на русском языке- инженеру не нужен русификатор или знание иностранного языка;</li>\r\n<li>Единый комплекс не разделен на отдельные модули- проектировщик работает с целостным объектом;</li>\r\n<li>Удобный поиск в базе данных, постоянное обновление бесплатных библиотек.</li>\r\n<li>Входит в реестр отечественного ПО.</li>\r\n</ul>\r\n</div>\r\n<p> </p>\r\n<h2>Доступные к скачиванию модели на основе продукции FENSYS</h2>\r\n<div class=\"catal-wrap\"><!-- ОДИН БЛОК -->\r\n<div class=\"catal-wrap__item\">\r\n<div class=\"catal-wrap__head\"><a href=\"/web/img/MS_3D.dwg\">Ограждения 3D</a></div>\r\n<div class=\"catal-wrap__body\">\r\n<div class=\"catal-wrap__img\"><img src=\"/web/images/content/3D.jpg\" alt=\"\" width=\"456\" height=\"263\" /></div>\r\n<div class=\"catal-wrap__side desktop-hidden\">\r\n<div class=\"catal-wrap__name\">MS_3D.dwg</div>\r\n<div class=\"catal-wrap__size\">dwg-файл (373 КБ)</div>\r\n</div>\r\n<div class=\"catal-wrap__description mobile-hidden\">В семейство входят блоки 3D панелей высотой от 530 до 2430, шириной от 2400 до 3100, столбы высотой от 530 до 2430, крепеж и дополнительные элементы усиления.</div>\r\n</div>\r\n<div class=\"catal-wrap__footer\">\r\n<div class=\"catal-wrap__side mobile-hidden\">\r\n<div class=\"catal-wrap__name\">MS_3D.dwg</div>\r\n<div class=\"catal-wrap__size\">DWG-файл (373 КБ)</div>\r\n</div>\r\n<div class=\"catal-wrap__description desktop-hidden\">В семейство входят блоки 3D панелей высотой от 530 до 2430, шириной от 2400 до 3100, столбы высотой от 530 до 2430, крепеж и дополнительные элементы усиления.</div>\r\n<div class=\"catal-wrap__side\"><a href=\"/web/img/MS_3D.dwg\">Скачать</a></div>\r\n</div>\r\n</div>\r\n<!-- КОНЕЦ БЛОКА --> <!-- ОДИН БЛОК -->\r\n<div class=\"catal-wrap__item\">\r\n<div class=\"catal-wrap__head\"><a href=\"/web/img/MS_2D.dwg\">Ограждения 2D</a></div>\r\n<div class=\"catal-wrap__body\">\r\n<div class=\"catal-wrap__img\"><img src=\"/web/images/content/2D.jpg\" alt=\"\" width=\"456\" height=\"263\" /></div>\r\n<div class=\"catal-wrap__side desktop-hidden\">\r\n<div class=\"catal-wrap__name\">MS_2D.dwg</div>\r\n<div class=\"catal-wrap__size\">dwg-файл (1.3 МБ)</div>\r\n</div>\r\n<div class=\"catal-wrap__description mobile-hidden\">В семейство входят блоки 3D панелей высотой от 360 до 2430, шириной от 2500 до 3100, столбы высотой от 360 до 3330, крепеж и дополнительные элементы усиления.</div>\r\n</div>\r\n<div class=\"catal-wrap__footer\">\r\n<div class=\"catal-wrap__side mobile-hidden\">\r\n<div class=\"catal-wrap__name\">MS_2D.dwg</div>\r\n<div class=\"catal-wrap__size\">DWG-файл (1.3 МБ)</div>\r\n</div>\r\n<div class=\"catal-wrap__description desktop-hidden\">В семейство входят блоки 3D панелей высотой от 360 до 2430, шириной от 2500 до 3100, столбы высотой от 360 до 3330, крепеж и дополнительные элементы усиления.</div>\r\n<div class=\"catal-wrap__side\"><a href=\"/web/img/MS_2D.dwg\">Скачать</a></div>\r\n</div>\r\n</div>\r\n<!-- КОНЕЦ БЛОКА --> <!-- ОДИН БЛОК -->\r\n<div class=\"catal-wrap__item\">\r\n<div class=\"catal-wrap__head\"><a href=\"/web/img/MS_sostav_3D.dwg\">Составное 3D ограждение</a></div>\r\n<div class=\"catal-wrap__body\">\r\n<div class=\"catal-wrap__img\"><img src=\"/web/images/content/MS_sostav_3D.jpg\" alt=\"\" width=\"456\" height=\"263\" /></div>\r\n<div class=\"catal-wrap__side desktop-hidden\">\r\n<div class=\"catal-wrap__name\">MS_sostav_3D.dwg</div>\r\n<div class=\"catal-wrap__size\">dwg-файл (519 МБ)</div>\r\n</div>\r\n<div class=\"catal-wrap__description mobile-hidden\">В семейство входят блоки составных 3D панелей высотой от 3000 до 6000, шириной от 2400 до 3100, столбы высотой от 3000 до 6000, крепеж и дополнительные элементы усиления.</div>\r\n</div>\r\n<div class=\"catal-wrap__footer\">\r\n<div class=\"catal-wrap__side mobile-hidden\">\r\n<div class=\"catal-wrap__name\">MS_sostav_3D.dwg</div>\r\n<div class=\"catal-wrap__size\">DWG-файл (519 МБ)</div>\r\n</div>\r\n<div class=\"catal-wrap__description desktop-hidden\">В семейство входят блоки составных 3D панелей высотой от 3000 до 6000, шириной от 2400 до 3100, столбы высотой от 3000 до 6000, крепеж и дополнительные элементы усиления.</div>\r\n<div class=\"catal-wrap__side\"><a href=\"/web/img/MS_sostav_3D.dwg\">Скачать</a></div>\r\n</div>\r\n</div>\r\n<!-- КОНЕЦ БЛОКА --> <!-- ОДИН БЛОК -->\r\n<div class=\"catal-wrap__item\">\r\n<div class=\"catal-wrap__head\"><a href=\"/web/img/MS_sostav_2D.dwg\">Составное 2D ограждение</a></div>\r\n<div class=\"catal-wrap__body\">\r\n<div class=\"catal-wrap__img\"><img src=\"/web/images/content/MS_sostav_2D.jpg\" alt=\"\" width=\"456\" height=\"263\" /></div>\r\n<div class=\"catal-wrap__side desktop-hidden\">\r\n<div class=\"catal-wrap__name\">MS_sostav_2D.dwg</div>\r\n<div class=\"catal-wrap__size\">dwg-файл (1,3 МБ)</div>\r\n</div>\r\n<div class=\"catal-wrap__description mobile-hidden\">В семейство входят блоки составных 2D панелей высотой от 3000 до 6000, шириной от 2500 до 3000, столбы высотой от 3330 до 6000, крепеж и дополнительные элементы усиления.</div>\r\n</div>\r\n<div class=\"catal-wrap__footer\">\r\n<div class=\"catal-wrap__side mobile-hidden\">\r\n<div class=\"catal-wrap__name\">MS_sostav_2D.dwg</div>\r\n<div class=\"catal-wrap__size\">DWG-файл (1,3 МБ)</div>\r\n</div>\r\n<div class=\"catal-wrap__description desktop-hidden\">В семейство входят блоки составных 2D панелей высотой от 3000 до 6000, шириной от 2500 до 3000, столбы высотой от 3330 до 6000, крепеж и дополнительные элементы усиления.</div>\r\n<div class=\"catal-wrap__side\"><a href=\"/web/img/MS_sostav_2D.dwg\">Скачать</a></div>\r\n</div>\r\n</div>\r\n<!-- КОНЕЦ БЛОКА --> <!-- ОДИН БЛОК -->\r\n<div class=\"catal-wrap__item\">\r\n<div class=\"catal-wrap__head\"><a href=\"/web/img/MS_panel_v_ramke.dwg\">Панель в рамке</a></div>\r\n<div class=\"catal-wrap__body\">\r\n<div class=\"catal-wrap__img\"><img src=\"/web/images/content/MS_panel_v_ramke.jpg\" alt=\"\" width=\"456\" height=\"263\" /></div>\r\n<div class=\"catal-wrap__side desktop-hidden\">\r\n<div class=\"catal-wrap__name\">MS_panel_v_ramke.dwg</div>\r\n<div class=\"catal-wrap__size\">RFA-файл (1376 КБ)</div>\r\n</div>\r\n<div class=\"catal-wrap__description mobile-hidden\">В семейство входят блоки панелей в рамке высотой от 1500 до 2500, шириной от 2000 до 300, столбы высотой от 1500 до 2500, крепеж и дополнительные элементы усиления.</div>\r\n</div>\r\n<div class=\"catal-wrap__footer\">\r\n<div class=\"catal-wrap__side mobile-hidden\">\r\n<div class=\"catal-wrap__name\">MS_panel_v_ramke.dwg</div>\r\n<div class=\"catal-wrap__size\">DWG-файл (1376 КБ)</div>\r\n</div>\r\n<div class=\"catal-wrap__description desktop-hidden\">В семейство входят блоки панелей в рамке высотой от 1500 до 2500, шириной от 2000 до 300, столбы высотой от 1500 до 2500, крепеж и дополнительные элементы усиления.</div>\r\n<div class=\"catal-wrap__side\"><a href=\"/web/img/MS_panel_v_ramke.dwg\">Скачать</a></div>\r\n</div>\r\n</div>\r\n<!-- КОНЕЦ БЛОКА --><!-- ОДИН БЛОК -->\r\n<div class=\"catal-wrap__item\">\r\n<div class=\"catal-wrap__head\"><a href=\"/web/img/MS_Techograda_bezopasnaya.dwg\">Техограда безопасная</a></div>\r\n<div class=\"catal-wrap__body\">\r\n<div class=\"catal-wrap__img\"><img src=\"/web/images/content/MS_Techograda_bezopasnaya.jpg\" alt=\"\" width=\"456\" height=\"263\" /></div>\r\n<div class=\"catal-wrap__side desktop-hidden\">\r\n<div class=\"catal-wrap__name\">MS_Techograda_bezopasnaya.dwg</div>\r\n<div class=\"catal-wrap__size\">DWG-файл (491 КБ)</div>\r\n</div>\r\n<div class=\"catal-wrap__description mobile-hidden\">В семейство входят блоки панелей Техограды безопасной высотой от 1500 до 2500, шириной от 2000 до 300, столбы высотой от 1500 до 2500, крепеж и дополнительные элементы усиления.</div>\r\n</div>\r\n<div class=\"catal-wrap__footer\">\r\n<div class=\"catal-wrap__side mobile-hidden\">\r\n<div class=\"catal-wrap__name\">MS_Techograda_bezopasnaya.dwg</div>\r\n<div class=\"catal-wrap__size\">DWG-файл (491 КБ)</div>\r\n</div>\r\n<div class=\"catal-wrap__description desktop-hidden\">В семейство входят блоки панелей Техограды безопасной высотой от 1500 до 2500, шириной от 2000 до 300, столбы высотой от 1500 до 2500, крепеж и дополнительные элементы усиления.</div>\r\n<div class=\"catal-wrap__side\"><a href=\"/web/img/MS_Techograda_bezopasnaya.dwg\">Скачать</a></div>\r\n</div>\r\n</div>\r\n<!-- КОНЕЦ БЛОКА --> <!-- ОДИН БЛОК -->\r\n<div class=\"catal-wrap__item\">\r\n<div class=\"catal-wrap__head\"><a href=\"/web/img/MS_Techograda_strogaya.dwg\">Техограда Строгая</a></div>\r\n<div class=\"catal-wrap__body\">\r\n<div class=\"catal-wrap__img\"><img src=\"/web/images/content/MS_Techograda_strogaya.jpg\" alt=\"\" width=\"456\" height=\"263\" /></div>\r\n<div class=\"catal-wrap__side desktop-hidden\">\r\n<div class=\"catal-wrap__name\">MS_Techograda_strogaya.dwg</div>\r\n<div class=\"catal-wrap__size\">DWG-файл (565 КБ)</div>\r\n</div>\r\n<div class=\"catal-wrap__description mobile-hidden\">В семейство входят блоки панелей Техограды строгой (с выпуском вертикального прутка)высотой от 1500 до 2500, шириной от 2000 до 300, столбы высотой от 1500 до 2500, крепеж и дополнительные элементы усиления.</div>\r\n</div>\r\n<div class=\"catal-wrap__footer\">\r\n<div class=\"catal-wrap__side mobile-hidden\">\r\n<div class=\"catal-wrap__name\">MS_Techograda_strogaya.dwg</div>\r\n<div class=\"catal-wrap__size\">DWG-файл (565 КБ)</div>\r\n</div>\r\n<div class=\"catal-wrap__description desktop-hidden\">В семейство входят блоки панелей Техограды строгой (с выпуском вертикального прутка)высотой от 1500 до 2500, шириной от 2000 до 300, столбы высотой от 1500 до 2500, крепеж и дополнительные элементы усиления.</div>\r\n<div class=\"catal-wrap__side\"><a href=\"/web/img/MS_Techograda_strogaya.dwg\">Скачать</a></div>\r\n</div>\r\n</div>\r\n<!-- КОНЕЦ БЛОКА --> <!-- ОДИН БЛОК -->\r\n<div class=\"catal-wrap__item\">\r\n<div class=\"catal-wrap__head\"><a href=\"/web/img/MS_Vorota_rasp_Prom_Fence.dwg\">Ворота распашные FENCE</a></div>\r\n<div class=\"catal-wrap__body\">\r\n<div class=\"catal-wrap__img\"><img src=\"/web/images/content/MS_Vorota_rasp_Prom_Fence.jpg\" alt=\"\" width=\"456\" height=\"263\" /></div>\r\n<div class=\"catal-wrap__side desktop-hidden\">\r\n<div class=\"catal-wrap__name\">MS_Vorota_rasp_Prom_Fence.dwg</div>\r\n<div class=\"catal-wrap__size\">DWG-файл (420 КБ)</div>\r\n</div>\r\n<div class=\"catal-wrap__description mobile-hidden\">В семейство входят блоки распашных ворот FENCE (заполнение сварной сеткой), шириной от 3000 до 5000, высотой от 1500 до 2500.</div>\r\n</div>\r\n<div class=\"catal-wrap__footer\">\r\n<div class=\"catal-wrap__side mobile-hidden\">\r\n<div class=\"catal-wrap__name\">MS_Vorota_rasp_Prom_Fence.dwg</div>\r\n<div class=\"catal-wrap__size\">DWG-файл (420 КБ)</div>\r\n</div>\r\n<div class=\"catal-wrap__description desktop-hidden\">В семейство входят блоки распашных ворот FENCE (заполнение сварной сеткой), шириной от 3000 до 5000, высотой от 1500 до 2500</div>\r\n<div class=\"catal-wrap__side\"><a href=\"/web/img/MS_Vorota_rasp_Prom_Fence.dwg\">Скачать</a></div>\r\n</div>\r\n</div>\r\n<!-- КОНЕЦ БЛОКА --> <!-- ОДИН БЛОК -->\r\n<div class=\"catal-wrap__item\">\r\n<div class=\"catal-wrap__head\"><a href=\"/web/img/MS_Vorota_rasp_Prom_Bars.dwg\">Ворота распашные BARS</a></div>\r\n<div class=\"catal-wrap__body\">\r\n<div class=\"catal-wrap__img\"><img src=\"/web/images/content/MS_Vorota_rasp_Prom_Bars.jpg\" alt=\"\" width=\"456\" height=\"263\" /></div>\r\n<div class=\"catal-wrap__side desktop-hidden\">\r\n<div class=\"catal-wrap__name\">MS_Vorota_rasp_Prom_Bars.dwg</div>\r\n<div class=\"catal-wrap__size\">dwg-файл (435 КБ)</div>\r\n</div>\r\n<div class=\"catal-wrap__description mobile-hidden\">В семейство входят блоки распашных ворот BARS (заполнение профильной трубой), шириной от 3000 до 5000, высотой от 1500 до 2500</div>\r\n</div>\r\n<div class=\"catal-wrap__footer\">\r\n<div class=\"catal-wrap__side mobile-hidden\">\r\n<div class=\"catal-wrap__name\">MS_Vorota_rasp_Prom_Bars.dwg</div>\r\n<div class=\"catal-wrap__size\">DWG-файл (435 КБ)</div>\r\n</div>\r\n<div class=\"catal-wrap__description desktop-hidden\">В семейство входят блоки распашных ворот BARS (заполнение профильной трубой), шириной от 3000 до 5000, высотой от 1500 до 2500</div>\r\n<div class=\"catal-wrap__side\"><a href=\"/web/img/MS_Vorota_rasp_Prom_Bars.dwg\">Скачать</a></div>\r\n</div>\r\n</div>\r\n<!-- КОНЕЦ БЛОКА --> <!-- ОДИН БЛОК -->\r\n<div class=\"catal-wrap__item\">\r\n<div class=\"catal-wrap__head\"><a href=\"/web/img/MS_vorota_otkat_Bars.dwg\">Откатные ворота BARS</a></div>\r\n<div class=\"catal-wrap__body\">\r\n<div class=\"catal-wrap__img\"><img src=\"/web/images/content/MS_vorota_otkat_Bars.jpg\" alt=\"\" width=\"456\" height=\"263\" /></div>\r\n<div class=\"catal-wrap__side desktop-hidden\">\r\n<div class=\"catal-wrap__name\">MS_vorota_otkat_Bars.dwg</div>\r\n<div class=\"catal-wrap__size\">dwg-файл (405 КБ)</div>\r\n</div>\r\n<div class=\"catal-wrap__description mobile-hidden\">В семейство входят блоки откатных ворот BARS (заполнение профильной трубой) шириной от 3000 до 10000, высотой от 1500 до 2500.</div>\r\n</div>\r\n<div class=\"catal-wrap__footer\">\r\n<div class=\"catal-wrap__side mobile-hidden\">\r\n<div class=\"catal-wrap__name\">MS_vorota_otkat_Bars.dwg</div>\r\n<div class=\"catal-wrap__size\">DWG-файл (405 КБ)</div>\r\n</div>\r\n<div class=\"catal-wrap__description desktop-hidden\">В семейство входят блоки откатных ворот BARS (заполнение профильной трубой) шириной от 3000 до 10000, высотой от 1500 до 2500.</div>\r\n<div class=\"catal-wrap__side\"><a href=\"/web/img/MS_vorota_otkat_Bars.dwg\">Скачать</a></div>\r\n</div>\r\n</div>\r\n<!-- КОНЕЦ БЛОКА --> <!-- ОДИН БЛОК -->\r\n<div class=\"catal-wrap__item\">\r\n<div class=\"catal-wrap__head\"><a href=\"/web/img/MS_kalitka_Bars.dwg\">Калитка prom BARS</a></div>\r\n<div class=\"catal-wrap__body\">\r\n<div class=\"catal-wrap__img\"><img src=\"/web/images/content/MS_kalitka_Bars.jpg\" alt=\"\" width=\"456\" height=\"263\" /></div>\r\n<div class=\"catal-wrap__side desktop-hidden\">\r\n<div class=\"catal-wrap__name\">MS_kalitka_Bars.dwg</div>\r\n<div class=\"catal-wrap__size\">RFA-файл (375 КБ)</div>\r\n</div>\r\n<div class=\"catal-wrap__description mobile-hidden\">В семейство входят блоки калиток BARS (заполнение профильной трубой), шириной от 1000 до 1200, высотой от 1500 до 2500.</div>\r\n</div>\r\n<div class=\"catal-wrap__footer\">\r\n<div class=\"catal-wrap__side mobile-hidden\">\r\n<div class=\"catal-wrap__name\">MS_kalitka_Bars.dwg</div>\r\n<div class=\"catal-wrap__size\">DWG-файл (375 КБ)</div>\r\n</div>\r\n<div class=\"catal-wrap__description desktop-hidden\">В семейство входят блоки калиток BARS (заполнение профильной трубой), шириной от 1000 до 1200, высотой от 1500 до 2500.</div>\r\n<div class=\"catal-wrap__side\"><a href=\"/web/img/MS_kalitka_Bars.dwg\">Скачать</a></div>\r\n</div>\r\n</div>\r\n<!-- КОНЕЦ БЛОКА --><!-- ОДИН БЛОК -->\r\n<div class=\"catal-wrap__item\">\r\n<div class=\"catal-wrap__head\"><a href=\"/web/img/MS_kalitka_Fence.dwg\">Калитка prom FENCE</a></div>\r\n<div class=\"catal-wrap__body\">\r\n<div class=\"catal-wrap__img\"><img src=\"/web/images/content/MS_kalitka_Fence.jpg\" alt=\"\" width=\"456\" height=\"263\" /></div>\r\n<div class=\"catal-wrap__side desktop-hidden\">\r\n<div class=\"catal-wrap__name\">MS_kalitka_Fence.dwg</div>\r\n<div class=\"catal-wrap__size\">DWG-файл (379 КБ)</div>\r\n</div>\r\n<div class=\"catal-wrap__description mobile-hidden\">В семейство входят блоки калиток FENCE (заполнение сварной сеткой), шириной от 1000 до 1200, высотой от 1500 до 2500.</div>\r\n</div>\r\n<div class=\"catal-wrap__footer\">\r\n<div class=\"catal-wrap__side mobile-hidden\">\r\n<div class=\"catal-wrap__name\">MS_kalitka_Fence.dwg</div>\r\n<div class=\"catal-wrap__size\">DWG-файл (379 КБ)</div>\r\n</div>\r\n<div class=\"catal-wrap__description desktop-hidden\">В семейство входят блоки калиток FENCE (заполнение сварной сеткой), шириной от 1000 до 1200, высотой от 1500 до 2500.</div>\r\n<div class=\"catal-wrap__side\"><a href=\"/web/img/MS_kalitka_Fence.dwg\">Скачать</a></div>\r\n</div>\r\n</div>\r\n<!-- КОНЕЦ БЛОКА --> <!-- ОДИН БЛОК -->\r\n<div class=\"catal-wrap__item\">\r\n<div class=\"catal-wrap__head\"><a href=\"/web/img/MS_PTU_L.dwg\">Противотаранный барьер ПТУ-Л</a></div>\r\n<div class=\"catal-wrap__body\">\r\n<div class=\"catal-wrap__img\"><img src=\"/web/images/content/MS_PTU_L.jpg\" alt=\"\" width=\"456\" height=\"263\" /></div>\r\n<div class=\"catal-wrap__side desktop-hidden\">\r\n<div class=\"catal-wrap__name\">MS_PTU_L.dwg</div>\r\n<div class=\"catal-wrap__size\">DWG-файл (301 КБ)</div>\r\n</div>\r\n<div class=\"catal-wrap__description mobile-hidden\">В семейство входит устройство противотаранного барьера (ПТУ-Л). Ширина проезда до 6 метров.</div>\r\n</div>\r\n<div class=\"catal-wrap__footer\">\r\n<div class=\"catal-wrap__side mobile-hidden\">\r\n<div class=\"catal-wrap__name\">MS_PTU_L.dwg</div>\r\n<div class=\"catal-wrap__size\">DWG-файл (301 КБ)</div>\r\n</div>\r\n<div class=\"catal-wrap__description desktop-hidden\">В семейство входит устройство противотаранного барьера (ПТУ-Л). Ширина проезда до 6 метров.</div>\r\n<div class=\"catal-wrap__side\"><a href=\"/web/img/MS_PTU_L.dwg\">Скачать</a></div>\r\n</div>\r\n</div>\r\n<!-- КОНЕЦ БЛОКА --> <!-- ОДИН БЛОК -->\r\n<div class=\"catal-wrap__item\">\r\n<div class=\"catal-wrap__head\"><a href=\"/web/img/MS_kronshtein_tso_universal.dwg\">Кронштейн ТСО универсальный</a></div>\r\n<div class=\"catal-wrap__body\">\r\n<div class=\"catal-wrap__img\"><img src=\"/web/images/content/MS_kronshtein_tso_universal.jpg\" alt=\"\" width=\"456\" height=\"263\" /></div>\r\n<div class=\"catal-wrap__side desktop-hidden\">\r\n<div class=\"catal-wrap__name\">MS_kronshtein_tso_universal.dwg</div>\r\n<div class=\"catal-wrap__size\">DWG-файл (256 КБ)</div>\r\n</div>\r\n<div class=\"catal-wrap__description mobile-hidden\">В семейство входит кронштейн-держатель для технических средств охраны универсальный.</div>\r\n</div>\r\n<div class=\"catal-wrap__footer\">\r\n<div class=\"catal-wrap__side mobile-hidden\">\r\n<div class=\"catal-wrap__name\">MS_kronshtein_tso_universal.dwg</div>\r\n<div class=\"catal-wrap__size\">DWG-файл (256 КБ)</div>\r\n</div>\r\n<div class=\"catal-wrap__description desktop-hidden\">В семейство входит кронштейн-держатель для технических средств охраны универсальный.</div>\r\n<div class=\"catal-wrap__side\"><a href=\"/web/img/MS_kronshtein_tso_universal.dwg\">Скачать</a></div>\r\n</div>\r\n</div>\r\n<!-- КОНЕЦ БЛОКА --> <!-- ОДИН БЛОК -->\r\n<div class=\"catal-wrap__item\">\r\n<div class=\"catal-wrap__head\"><a href=\"/web/img/MS_Sborniye_nasadki.dwg\">Сборные насадки</a></div>\r\n<div class=\"catal-wrap__body\">\r\n<div class=\"catal-wrap__img\"><img src=\"/web/images/content/MS_Sborniye_nasadki.jpg\" alt=\"\" width=\"456\" height=\"263\" /></div>\r\n<div class=\"catal-wrap__side desktop-hidden\">\r\n<div class=\"catal-wrap__name\">MS_Sborniye_nasadki.dwg</div>\r\n<div class=\"catal-wrap__size\">dwg-файл (305 КБ)</div>\r\n</div>\r\n<div class=\"catal-wrap__description mobile-hidden\">В семейство входят сборные насадки для металлических ограждений.</div>\r\n</div>\r\n<div class=\"catal-wrap__footer\">\r\n<div class=\"catal-wrap__side mobile-hidden\">\r\n<div class=\"catal-wrap__name\">MS_Sborniye_nasadki.dwg</div>\r\n<div class=\"catal-wrap__size\">DWG-файл (305 КБ)</div>\r\n</div>\r\n<div class=\"catal-wrap__description desktop-hidden\">В семейство входят сборные насадки для металлических ограждений.</div>\r\n<div class=\"catal-wrap__side\"><a href=\"/web/img/MS_Sborniye_nasadki.dwg\">Скачать</a></div>\r\n</div>\r\n</div>\r\n<!-- КОНЕЦ БЛОКА --> <!-- КОНЕЦ БЛОКА --></div>\r\n<div class=\"catal-nav\">\r\n<ul class=\"catal-nav__menu\">СТРАНИЦЫ</ul>\r\n</div>\r\n</div>', '', 'Коллекции Model Studio CS - Fensys', 'Готовые инструменты для быстрого и удобного проектирования средств ограждения периметра. Ниже, представлены наиболее современные технические решения для проектирования периметральных ограждений на основе 3D и 2D панелей на базе отечественного ПО. Файлы в ', '', 'model-studio-cs', '/proektirovshhikam/model-studio-cs', 0, 'Model Studio CS', 12, 1);
INSERT INTO `content_pages` (`id`, `image`, `parent_id`, `header`, `content`, `short_description`, `meta_title`, `meta_description`, `meta_keywords`, `url`, `url_full`, `homepage`, `name`, `template_id`, `seo_index`) VALUES
(77, '/web/images/bg-base.jpg', 44, 'Чертежи DWG', '<div class=\"uk-margin-medium-bottom fs-17\">\r\n<p>В данном разделе собраны готовые инструменты для быстрого и удобного проектирования средств ограждения периметра. Ниже, представлены наиболее современные технические решения для проектирования периметральных ограждений на основе 3D и 2D панелей. Файлы в формате DWG.</p>\r\n\r\n<p>&nbsp;</p>\r\n\r\n<h2>Сетчатые ограждения и входные группы</h2>\r\n\r\n<div class=\"catal-wrap\"><!-- ОДИН БЛОК -->\r\n<div class=\"catal-wrap__item\">\r\n<div class=\"catal-wrap__head\"><a href=\"/web/img/1_Paneli_bloki.dwg\">3D панели</a></div>\r\n\r\n<div class=\"catal-wrap__body\">\r\n<div class=\"catal-wrap__img\"><img alt=\"\" height=\"263\" src=\"/web/images/content/panely_bloki.jpg\" width=\"456\" /></div>\r\n\r\n<div class=\"catal-wrap__side desktop-hidden\">\r\n<div class=\"catal-wrap__name\">1_Paneli_bloki.dwg</div>\r\n\r\n<div class=\"catal-wrap__size\">DWG-файл (529 МБ)</div>\r\n</div>\r\n\r\n<div class=\"catal-wrap__description mobile-hidden\">Блоки панелей и противоподкопных заграждений. Представлена высота от 0,53 до 3,43 м.</div>\r\n</div>\r\n\r\n<div class=\"catal-wrap__footer\">\r\n<div class=\"catal-wrap__side mobile-hidden\">\r\n<div class=\"catal-wrap__name\">/web/img/1_Paneli_bloki.dwg</div>\r\n\r\n<div class=\"catal-wrap__size\">DWG-файл (529 МБ)</div>\r\n</div>\r\n\r\n<div class=\"catal-wrap__description desktop-hidden\">Блоки панелей и противоподкопных заграждений. Представлена высота от 0,53 до 3,43 м.</div>\r\n\r\n<div class=\"catal-wrap__side\"><a href=\"/web/img/1_Paneli_bloki.dwg\">Скачать</a></div>\r\n</div>\r\n</div>\r\n<!-- КОНЕЦ БЛОКА --><!-- ОДИН БЛОК -->\r\n\r\n<div class=\"catal-wrap__item\">\r\n<div class=\"catal-wrap__head\"><a href=\"/web/img/2_Stolbi_%D0%B8_profili_bloki.dwg\">Столбы</a></div>\r\n\r\n<div class=\"catal-wrap__body\">\r\n<div class=\"catal-wrap__img\"><img alt=\"\" height=\"263\" src=\"/web/images/content/stolby_i_profili.jpg\" width=\"456\" /></div>\r\n\r\n<div class=\"catal-wrap__side desktop-hidden\">\r\n<div class=\"catal-wrap__name\">2_Stolbi_profili_bloki.dwg</div>\r\n\r\n<div class=\"catal-wrap__size\">DWG-файл (1,4 МБ)</div>\r\n</div>\r\n\r\n<div class=\"catal-wrap__description mobile-hidden\">Блоки столбов и крепежа панелей к столбам. Профиль столбов от 40х40 до 120х120 мм.</div>\r\n</div>\r\n\r\n<div class=\"catal-wrap__footer\">\r\n<div class=\"catal-wrap__side mobile-hidden\">\r\n<div class=\"catal-wrap__name\">2_Stolbi_profili_bloki.dwg</div>\r\n\r\n<div class=\"catal-wrap__size\">DWG-файл (1,4 МБ)</div>\r\n</div>\r\n\r\n<div class=\"catal-wrap__description desktop-hidden\">Блоки столбов и крепежа панелей к столбам. Профиль столбов от 40х40 до 120х120 мм.</div>\r\n\r\n<div class=\"catal-wrap__side\"><a href=\"/web/img/2_Stolbi_%D0%B8_profili_bloki.dwg\">Скачать</a></div>\r\n</div>\r\n</div>\r\n<!-- КОНЕЦ БЛОКА --><!-- ОДИН БЛОК -->\r\n\r\n<div class=\"catal-wrap__item\">\r\n<div class=\"catal-wrap__head\"><a href=\"/web/img/3_krepej_bloki.dwg\">Крепеж</a></div>\r\n\r\n<div class=\"catal-wrap__body\">\r\n<div class=\"catal-wrap__img\"><img alt=\"\" height=\"263\" src=\"/web/images/content/krepej.jpg\" width=\"456\" /></div>\r\n\r\n<div class=\"catal-wrap__side desktop-hidden\">\r\n<div class=\"catal-wrap__name\">3_krepej_bloki.dwg</div>\r\n\r\n<div class=\"catal-wrap__size\">DWG-файл (1,3 МБ)</div>\r\n</div>\r\n\r\n<div class=\"catal-wrap__description mobile-hidden\">Блоки крепления панелей к столбам и используемые в установке метизы.</div>\r\n</div>\r\n\r\n<div class=\"catal-wrap__footer\">\r\n<div class=\"catal-wrap__side mobile-hidden\">\r\n<div class=\"catal-wrap__name\">3_krepej_bloki.dwg</div>\r\n\r\n<div class=\"catal-wrap__size\">DWG-файл (1,3 МБ)</div>\r\n</div>\r\n\r\n<div class=\"catal-wrap__description desktop-hidden\">Блоки крепления панелей к столбам и используемые в установке метизы.</div>\r\n\r\n<div class=\"catal-wrap__side\"><a href=\"/web/img/3_krepej_bloki.dwg\">Скачать</a></div>\r\n</div>\r\n</div>\r\n<!-- КОНЕЦ БЛОКА --><!-- ОДИН БЛОК -->\r\n\r\n<div class=\"catal-wrap__item\">\r\n<div class=\"catal-wrap__head\"><a href=\"/web/img/4_Prochie(dop.)_elementi_ograjdeniya(new).dwg\">Дополнительные элементы ограждения</a></div>\r\n\r\n<div class=\"catal-wrap__body\">\r\n<div class=\"catal-wrap__img\"><img alt=\"\" height=\"263\" src=\"/web/images/content/prochie_elementy.jpg\" width=\"456\" /></div>\r\n\r\n<div class=\"catal-wrap__side desktop-hidden\">\r\n<div class=\"catal-wrap__name\">3_krepej_bloki.dwg</div>\r\n\r\n<div class=\"catal-wrap__size\">DWG-файл (2,07 МБ)</div>\r\n</div>\r\n\r\n<div class=\"catal-wrap__description mobile-hidden\">Блоки насадок для крепления ПББ, СББ из АКЛ, струна, АКЛ, кронштейны ТСО.</div>\r\n</div>\r\n\r\n<div class=\"catal-wrap__footer\">\r\n<div class=\"catal-wrap__side mobile-hidden\">\r\n<div class=\"catal-wrap__name\">Prochie_elementi_ograjdeniya.dwg</div>\r\n\r\n<div class=\"catal-wrap__size\">DWG-файл (2,07 МБ)</div>\r\n</div>\r\n\r\n<div class=\"catal-wrap__description desktop-hidden\">Блоки насадок для крепления ПББ, СББ из АКЛ, струна, АКЛ, кронштейны ТСО.</div>\r\n\r\n<div class=\"catal-wrap__side\"><a href=\"/web/img/4_Prochie(dop.)_elementi_ograjdeniya(new).dwg\">Скачать</a></div>\r\n</div>\r\n</div>\r\n<!-- КОНЕЦ БЛОКА --><!-- ОДИН БЛОК -->\r\n\r\n<div class=\"catal-wrap__item\">\r\n<div class=\"catal-wrap__head\"><a href=\"/web/img/5_ograjdeniya_resheniya.dwg\">Технические решения</a></div>\r\n\r\n<div class=\"catal-wrap__body\">\r\n<div class=\"catal-wrap__img\"><img alt=\"\" height=\"263\" src=\"/web/images/content/panely_bloki.jpg\" width=\"456\" /></div>\r\n\r\n<div class=\"catal-wrap__side desktop-hidden\">\r\n<div class=\"catal-wrap__name\">5_ograjdeniya_resheniya.dwg</div>\r\n\r\n<div class=\"catal-wrap__size\">DWG-файл (1,3 МБ)</div>\r\n</div>\r\n\r\n<div class=\"catal-wrap__description mobile-hidden\">Различные решения на основе 3D панелей</div>\r\n</div>\r\n\r\n<div class=\"catal-wrap__footer\">\r\n<div class=\"catal-wrap__side mobile-hidden\">\r\n<div class=\"catal-wrap__name\">5_ograjdeniya_resheniya.dwg(11,4 МБ)</div>\r\n</div>\r\n\r\n<div class=\"catal-wrap__description desktop-hidden\">Различные технические решения на основе 3D панелей</div>\r\n\r\n<div class=\"catal-wrap__side\"><a href=\"/web/img/5_ograjdeniya_resheniya.dwg\">Скачать</a></div>\r\n</div>\r\n</div>\r\n<!-- КОНЕЦ БЛОКА --><!-- ОДИН БЛОК -->\r\n\r\n<div class=\"catal-wrap__item\">\r\n<div class=\"catal-wrap__head\"><a href=\"/web/img/6_vorota_raspashnie.dwg\">Ворота распашные</a></div>\r\n\r\n<div class=\"catal-wrap__body\">\r\n<div class=\"catal-wrap__img\"><img alt=\"\" height=\"263\" src=\"/web/images/content/vorota_raspashnye.jpg\" width=\"456\" /></div>\r\n\r\n<div class=\"catal-wrap__side desktop-hidden\">\r\n<div class=\"catal-wrap__name\">6_vorota_raspashnie.dwg</div>\r\n\r\n<div class=\"catal-wrap__size\">DWG-файл (1,3 МБ)</div>\r\n</div>\r\n\r\n<div class=\"catal-wrap__description mobile-hidden\">Блоки стандартных распашных ворот с установкой на фланец, под бетонирование, либо на армокаркасс.</div>\r\n</div>\r\n\r\n<div class=\"catal-wrap__footer\">\r\n<div class=\"catal-wrap__side mobile-hidden\">\r\n<div class=\"catal-wrap__name\">6_vorota_raspashnie.dwg(16,9 МБ)</div>\r\n</div>\r\n\r\n<div class=\"catal-wrap__description desktop-hidden\">Блоки стандартных распашных ворот с установкой на фланец, под бетонирование, либо на армокаркасс.</div>\r\n\r\n<div class=\"catal-wrap__side\"><a href=\"/web/img/6_vorota_raspashnie.dwg\">Скачать</a></div>\r\n</div>\r\n</div>\r\n<!-- КОНЕЦ БЛОКА --><!-- ОДИН БЛОК -->\r\n\r\n<div class=\"catal-wrap__item\">\r\n<div class=\"catal-wrap__head\"><a href=\"/web/img/7_vorota_otkatnie (080922).dwg\">Ворота откатные</a></div>\r\n\r\n<div class=\"catal-wrap__body\">\r\n<div class=\"catal-wrap__img\"><img alt=\"\" height=\"263\" src=\"/web/images/content/vorota_otkatnye.jpg\" width=\"456\" /></div>\r\n\r\n<div class=\"catal-wrap__side desktop-hidden\">\r\n<div class=\"catal-wrap__name\">/vorota_otkatnie.dwg</div>\r\n\r\n<div class=\"catal-wrap__size\">DWG-файл (1,3 МБ)</div>\r\n</div>\r\n\r\n<div class=\"catal-wrap__description mobile-hidden\">Динамические блоки откатных ворот с шириной от 3 до 9,5 м.</div>\r\n</div>\r\n\r\n<div class=\"catal-wrap__footer\">\r\n<div class=\"catal-wrap__side mobile-hidden\">\r\n<div class=\"catal-wrap__name\">vorota_otkatnie.dwg(4,1 МБ)</div>\r\n</div>\r\n\r\n<div class=\"catal-wrap__description desktop-hidden\">Динамические блоки откатных ворот с шириной от 3 до 9,5 м.</div>\r\n\r\n<div class=\"catal-wrap__side\"><a href=\"/web/img/7_vorota_otkatnie (080922).dwg\">Скачать</a></div>\r\n</div>\r\n</div>\r\n<!-- КОНЕЦ БЛОКА --><!-- ОДИН БЛОК -->\r\n\r\n<div class=\"catal-wrap__item\">\r\n<div class=\"catal-wrap__head\"><a href=\"/web/img/8_kalitki.dwg\">Калитки</a></div>\r\n\r\n<div class=\"catal-wrap__body\">\r\n<div class=\"catal-wrap__img\"><img alt=\"\" height=\"263\" src=\"/web/images/content/kalitki.jpg\" width=\"456\" /></div>\r\n\r\n<div class=\"catal-wrap__side desktop-hidden\">\r\n<div class=\"catal-wrap__name\">8_kalitki.dwg</div>\r\n\r\n<div class=\"catal-wrap__size\">DWG-файл (1,3 МБ)</div>\r\n</div>\r\n\r\n<div class=\"catal-wrap__description mobile-hidden\">Динамические блоки с калитками, заполнение: труба, плоская панель. Разные варианты установки.</div>\r\n</div>\r\n\r\n<div class=\"catal-wrap__footer\">\r\n<div class=\"catal-wrap__side mobile-hidden\">\r\n<div class=\"catal-wrap__name\">8_kalitki.dwg(12,6 МБ)</div>\r\n</div>\r\n\r\n<div class=\"catal-wrap__description desktop-hidden\">Блоки с калитками, заполнение плоской панелью или профильной трубой.</div>\r\n\r\n<div class=\"catal-wrap__side\"><a href=\"/web/img/8_kalitki.dwg\">Скачать</a></div>\r\n</div>\r\n</div>\r\n<!-- КОНЕЦ БЛОКА --><!-- ОДИН БЛОК -->\r\n\r\n<div class=\"catal-wrap__item\">\r\n<div class=\"catal-wrap__head\"><a href=\"/web/img/pomosh/Techograda_bezopasniy 10.24.dwg\">Техограда серии &laquo;Безопасный&raquo;</a></div>\r\n\r\n<div class=\"catal-wrap__body\">\r\n<div class=\"catal-wrap__img\"><img alt=\"\" height=\"263\" src=\"/web/images/content/panely_bloki.jpg\" width=\"456\" /></div>\r\n\r\n<div class=\"catal-wrap__side desktop-hidden\">\r\n<div class=\"catal-wrap__name\">Techograda_bezopasniy 10.24.dwg</div>\r\n\r\n<div class=\"catal-wrap__size\">DWG-файл (1.28 МБ)</div>\r\n</div>\r\n\r\n<div class=\"catal-wrap__description mobile-hidden\">Блоки панелей и столбов &laquo;техограды&raquo; Представлена высота от 0,5 до 2,5 м.</div>\r\n</div>\r\n\r\n<div class=\"catal-wrap__footer\">\r\n<div class=\"catal-wrap__side mobile-hidden\">\r\n<div class=\"catal-wrap__name\">Techograda_bezopasniy 10.24</div>\r\n\r\n<div class=\"catal-wrap__size\">DWG-файл (1.28 МБ)</div>\r\n</div>\r\n\r\n<div class=\"catal-wrap__description desktop-hidden\">Блоки панелей и столбов &laquo;техограды&raquo; Представлена высота от 0,5 до 2,5 м.</div>\r\n\r\n<div class=\"catal-wrap__side\"><a href=\"/web/img/pomosh/Techograda_bezopasniy 10.24.dwg\">Скачать</a></div>\r\n</div>\r\n</div>\r\n<!-- КОНЕЦ БЛОКА --><!-- ОДИН БЛОК -->\r\n\r\n<div class=\"catal-wrap__item\">\r\n<div class=\"catal-wrap__head\"><a href=\"/web/img/pomosh/Techograda_strogiy 10.24.dwg\">Техограда серии &laquo;Строгий&raquo;</a></div>\r\n\r\n<div class=\"catal-wrap__body\">\r\n<div class=\"catal-wrap__img\"><img alt=\"\" height=\"263\" src=\"/web/images/content/panely_bloki.jpg\" width=\"456\" /></div>\r\n\r\n<div class=\"catal-wrap__side desktop-hidden\">\r\n<div class=\"catal-wrap__name\">Techograda_strogiy 10.24.dwg</div>\r\n\r\n<div class=\"catal-wrap__size\">DWG-файл (1.29 МБ)</div>\r\n</div>\r\n\r\n<div class=\"catal-wrap__description mobile-hidden\">Блоки панелей и столбов &laquo;техограды&raquo; Представлена высота от 0,5 до 2,5 м.</div>\r\n</div>\r\n\r\n<div class=\"catal-wrap__footer\">\r\n<div class=\"catal-wrap__side mobile-hidden\">\r\n<div class=\"catal-wrap__name\">Techograda_strogiy 10.24</div>\r\n\r\n<div class=\"catal-wrap__size\">DWG-файл (1.29 МБ)</div>\r\n</div>\r\n\r\n<div class=\"catal-wrap__description desktop-hidden\">Блоки панелей и столбов &laquo;техограды&raquo; Представлена высота от 0,5 до 2,5 м.</div>\r\n\r\n<div class=\"catal-wrap__side\"><a href=\"/web/img/pomosh/Techograda_strogiy 10.24.dwg\">Скачать</a></div>\r\n</div>\r\n</div>\r\n<!-- КОНЕЦ БЛОКА --><!-- ОДИН БЛОК -->\r\n\r\n<div class=\"catal-wrap__item\">\r\n<div class=\"catal-wrap__head\"><a href=\"/web/img/pomosh/Techograda_bezopasniy_2_10.24.dwg\">Техограда серии &laquo;Безопасный с 3мя направляющими&raquo;</a></div>\r\n\r\n<div class=\"catal-wrap__body\">\r\n<div class=\"catal-wrap__img\"><img alt=\"\" height=\"263\" src=\"/web/images/content/panely_bloki.jpg\" width=\"456\" /></div>\r\n\r\n<div class=\"catal-wrap__side desktop-hidden\">\r\n<div class=\"catal-wrap__name\">Techograda_bezopasniy_2_10.24.dwg</div>\r\n\r\n<div class=\"catal-wrap__size\">DWG-файл (1.30 МБ)</div>\r\n</div>\r\n\r\n<div class=\"catal-wrap__description mobile-hidden\">Блоки панелей и столбов &laquo;техограды&raquo; Представлена высота от 0,5 до 2,5 м.</div>\r\n</div>\r\n\r\n<div class=\"catal-wrap__footer\">\r\n<div class=\"catal-wrap__side mobile-hidden\">\r\n<div class=\"catal-wrap__name\">Techograda_bezopasniy_2_10.24</div>\r\n\r\n<div class=\"catal-wrap__size\">DWG-файл (1.30 МБ)</div>\r\n</div>\r\n\r\n<div class=\"catal-wrap__description desktop-hidden\">Блоки панелей и столбов &laquo;техограды&raquo; Представлена высота от 0,5 до 2,5 м.</div>\r\n\r\n<div class=\"catal-wrap__side\"><a href=\"/web/img/pomosh/Techograda_bezopasniy_2_10.24.dwg\">Скачать</a></div>\r\n</div>\r\n</div>\r\n<!-- КОНЕЦ БЛОКА --></div>\r\n</div>\r\n\r\n<div class=\"catal-nav\">&nbsp;\r\n<ul class=\"catal-nav__menu\">\r\n	<li>СТРАНИЦЫ</li>\r\n</ul>\r\n</div>\r\n', '', 'Чертежи DWG: 3D ограждения, ворота и калитки - Fensys', 'В данном разделе собраны готовые инструменты для быстрого и удобного проектирования средств ограждения периметра. Ниже, представлены наиболее современные технические решения для проектирования периметральных ограждений на основе 3D и 2D панелей. Файлы в ф', '', 'blueprints_dwg', '/proektirovshhikam/blueprints_dwg', 0, 'Чертежи DWG', 12, 1),
(78, '', 0, 'Серии ограждений от компании FENSYS', '<p>За долгие годы работы, компания FENSYS реализовала множество разнонаправленных проектов по защите внешнего периметра.</p>\r\n<p>Различные варианты исполнений сетчатых заборов, представленные в данном разделе сайта - следствие долгой, кропотливой работы профессионалов. Разработка каждой серии ограждений требует большого количества расчётов, исследований, испытаний. </p>\r\n<ul class=\"fw-list fw-list-check-circle\">Каждый проект уникален, выбор ограждения зависит от нескольких факторов:</ul>\r\n<ul class=\"fw-list fw-list-check-circle\">\r\n<li>климатических условий объекта;</li>\r\n<li>типа грунта;</li>\r\n<li>предпочтений заказчика;</li>\r\n<li>требований ТУ и ГОСТам.</li>\r\n</ul>\r\n<div>\r\n<blockquote>\r\n<p>В разделе <strong>Серии ограждений</strong> включены наиболее популярные, а также, наиболее технологически верные варианты исполнения конструкции защитного периметра.</p>\r\n</blockquote>\r\n<h3>Реализованы решения для различных задач заказчика, таких как:</h3>\r\n<p> </p>\r\n<div class=\"uk-child-width-1-3@l\" data-uk-grid=\"\">\r\n<div>\r\n<div class=\"uk-grid-small\" data-uk-grid=\"\">\r\n<div class=\"w-77 uk-text-right\"><img src=\"/uploads/storage/icon01.svg\" alt=\"\" width=\"77\" height=\"77\" /></div>\r\n<div class=\"uk-width-expand\"><strong>Повышенные требования к безопасности объекта</strong>\r\n<div class=\"fs-15 uk-margin-small-top\">Особо охраняемые объекты нуждаются в дополнительной жесткости конструкции, возможности установки дополнительных средств защиты.</div>\r\n</div>\r\n</div>\r\n</div>\r\n<div>\r\n<div class=\"uk-grid-small\" data-uk-grid=\"\">\r\n<div class=\"w-77 uk-text-right\"><img src=\"/uploads/storage/icon04.svg\" alt=\"\" /></div>\r\n<div class=\"uk-width-expand\"><strong>Необходимость обхода перепада высот</strong>\r\n<div class=\"fs-15 uk-margin-small-top\">Решение задачи по установке периметральных ограждений в условиях перепада высот реализовано в специальной серии.</div>\r\n</div>\r\n</div>\r\n</div>\r\n<div>\r\n<div class=\"uk-grid-small\" data-uk-grid=\"\">\r\n<div class=\"w-77 uk-text-right\"><img src=\"/uploads/storage/icon03.svg\" alt=\"\" width=\"75\" height=\"74\" /></div>\r\n<div class=\"uk-width-expand\"><strong>Вертикальные и горизонтальные нагрузки</strong>\r\n<div class=\"fs-15 uk-margin-small-top\">Специальное предложение для объектов, находящихся на территории регионов со сложными климатическими условиями.</div>\r\n</div>\r\n</div>\r\n</div>\r\n<div>\r\n<div class=\"uk-grid-small\" data-uk-grid=\"\">\r\n<div class=\"w-77 uk-text-right\"><img src=\"/uploads/storage/icon01.svg\" alt=\"\" width=\"77\" height=\"77\" /></div>\r\n<div class=\"uk-width-expand\"><strong>Возможное промерзание конструкции</strong>\r\n<div class=\"fs-15 uk-margin-small-top\">Наша команда учла все возможные нюансы, связанные с монтажом и эксплуатацией защитного периметра в условиях крайнего севера.</div>\r\n</div>\r\n</div>\r\n</div>\r\n<div>\r\n<div class=\"uk-grid-small\" data-uk-grid=\"\">\r\n<div class=\"w-77 uk-text-right\"><img src=\"/uploads/storage/icon03.svg\" alt=\"\" width=\"75\" height=\"74\" /></div>\r\n<div class=\"uk-width-expand\"><strong>Защита от коррозии</strong><br />\r\n<div class=\"fs-15 uk-margin-small-top\">В производстве используется только горячеоцинкованное сырье. Металлические ограждения надежно защищены от появления коррозийных образований.</div>\r\n</div>\r\n</div>\r\n</div>\r\n<div>\r\n<div class=\"uk-grid-small\" data-uk-grid=\"\">\r\n<div class=\"w-77 uk-text-right\"><img src=\"/uploads/storage/icon01.svg\" alt=\"\" width=\"77\" height=\"77\" /></div>\r\n<div class=\"uk-width-expand\"><strong>Высокие эстетические требования</strong>\r\n<div class=\"fs-15 uk-margin-small-top\">Отдельная, легкая в монтаже серия ограждений, демонстрирующая строгий, классический дизайн и надежность конструкции.</div>\r\n</div>\r\n</div>\r\n</div>\r\n</div>\r\n<p>Эти, и множество других задач решает проектировщик на начальных этапах планирования периметрового ограждения. Принимаются во внимание все углы и повороты конструкции, перепады по высоте. Для выбора типа установки ограждения, специалист учитывает состояние почвы и климатические условия  объекта. Немаловажным показателем надежности конструкции, является диаметр металлического прутка.</p>\r\n<blockquote>\r\n<p>В этом разделе собраны наилучшие решения для различных областей применения. Учтены все проблемы, с которыми сталкиваются специалисты на всех этапах проектирования сооружений. </p>\r\n</blockquote>\r\n<p>Новые серии выходят ежегодно, пополняя коллекцию успешно выполненных проектов.</p>\r\n<p>Динамически развивающаяся, компания FENSYS представляет новейшие разработки в области производства сетчатых заборов. Ежедневно, специалисты работают над улучшением действующего и созданием нового, инновационного продукта.</p>\r\n</div>', '<p>За долгие годы работы, компания FENSYS реализовала множество разнонаправленных проектов по защите внешнего периметра.</p>\r\n<p>Различные варианты исполнений сетчатых заборов, представленные в данном разделе сайта - следствие долгой, кропотливой работы профессионалов. Разработка каждой серии ограждений требует большого количества расчётов, исследований, испытаний. </p>\r\n<ul class=\"fw-list fw-list-check-circle\">Каждый проект уникален, выбор ограждения зависит от нескольких факторов:</ul>\r\n<ul class=\"fw-list fw-list-check-circle\">\r\n<li>климатических условий объекта;</li>\r\n<li>типа грунта;</li>\r\n<li>предпочтений заказчика;</li>\r\n<li>требований ТУ и ГОСТам.</li>\r\n</ul>\r\n<div>\r\n<blockquote>\r\n<p>В разделе <strong>Серии ограждений</strong> включены наиболее популярные, а также, наиболее технологически верные варианты исполнения конструкции защитного периметра.</p>\r\n</blockquote>\r\n<h3>Реализованы решения для различных задач заказчика, таких как:</h3>\r\n<p> </p>\r\n<div class=\"uk-child-width-1-3@l\" data-uk-grid=\"\">\r\n<div>\r\n<div class=\"uk-grid-small\" data-uk-grid=\"\">\r\n<div class=\"w-77 uk-text-right\"><img src=\"/uploads/storage/icon01.svg\" alt=\"\" width=\"77\" height=\"77\" /></div>\r\n<div class=\"uk-width-expand\"><strong>Повышенные требования к безопасности объекта</strong>\r\n<div class=\"fs-15 uk-margin-small-top\">Особо охраняемые объекты нуждаются в дополнительной жесткости конструкции, возможности установки дополнительных средств защиты.</div>\r\n</div>\r\n</div>\r\n</div>\r\n<div>\r\n<div class=\"uk-grid-small\" data-uk-grid=\"\">\r\n<div class=\"w-77 uk-text-right\"><img src=\"/uploads/storage/icon04.svg\" alt=\"\" /></div>\r\n<div class=\"uk-width-expand\"><strong>Необходимость обхода перепада высот</strong>\r\n<div class=\"fs-15 uk-margin-small-top\">Решение задачи по установке периметральных ограждений в условиях перепада высот реализовано в специальной серии.</div>\r\n</div>\r\n</div>\r\n</div>\r\n<div>\r\n<div class=\"uk-grid-small\" data-uk-grid=\"\">\r\n<div class=\"w-77 uk-text-right\"><img src=\"/uploads/storage/icon03.svg\" alt=\"\" width=\"75\" height=\"74\" /></div>\r\n<div class=\"uk-width-expand\"><strong>Вертикальные и горизонтальные нагрузки</strong>\r\n<div class=\"fs-15 uk-margin-small-top\">Специальное предложение для объектов, находящихся на территории регионов со сложными климатическими условиями.</div>\r\n</div>\r\n</div>\r\n</div>\r\n<div>\r\n<div class=\"uk-grid-small\" data-uk-grid=\"\">\r\n<div class=\"w-77 uk-text-right\"><img src=\"/uploads/storage/icon01.svg\" alt=\"\" width=\"77\" height=\"77\" /></div>\r\n<div class=\"uk-width-expand\"><strong>Возможное промерзание конструкции</strong>\r\n<div class=\"fs-15 uk-margin-small-top\">Наша команда учла все возможные нюансы, связанные с монтажом и эксплуатацией защитного периметра в условиях крайнего севера.</div>\r\n</div>\r\n</div>\r\n</div>\r\n<div>\r\n<div class=\"uk-grid-small\" data-uk-grid=\"\">\r\n<div class=\"w-77 uk-text-right\"><img src=\"/uploads/storage/icon03.svg\" alt=\"\" width=\"75\" height=\"74\" /></div>\r\n<div class=\"uk-width-expand\"><strong>Защита от коррозии</strong><br />\r\n<div class=\"fs-15 uk-margin-small-top\">В производстве используется только горячеоцинкованное сырье. Металлические ограждения надежно защищены от появления коррозийных образований.</div>\r\n</div>\r\n</div>\r\n</div>\r\n<div>\r\n<div class=\"uk-grid-small\" data-uk-grid=\"\">\r\n<div class=\"w-77 uk-text-right\"><img src=\"/uploads/storage/icon01.svg\" alt=\"\" width=\"77\" height=\"77\" /></div>\r\n<div class=\"uk-width-expand\"><strong>Высокие эстетические требования</strong>\r\n<div class=\"fs-15 uk-margin-small-top\">Отдельная, легкая в монтаже серия ограждений, демонстрирующая строгий, классический дизайн и надежность конструкции.</div>\r\n</div>\r\n</div>\r\n</div>\r\n</div>\r\n<p>Эти, и множество других задач решает проектировщик на начальных этапах планирования периметрового ограждения. Принимаются во внимание все углы и повороты конструкции, перепады по высоте. Для выбора типа установки ограждения, специалист учитывает состояние почвы и климатические условия  объекта. Немаловажным показателем надежности конструкции, является диаметр металлического прутка.</p>\r\n<blockquote>\r\n<p>В этом разделе собраны наилучшие решения для различных областей применения. Учтены все проблемы, с которыми сталкиваются специалисты на всех этапах проектирования сооружений. </p>\r\n</blockquote>\r\n<p>Новые серии выходят ежегодно, пополняя коллекцию успешно выполненных проектов.</p>\r\n<p>Динамически развивающаяся, компания FENSYS представляет новейшие разработки в области производства сетчатых заборов. Ежедневно, специалисты работают над улучшением действующего и созданием нового, инновационного продукта.</p>\r\n</div>', 'Серии 2D и 3D ограждений от компании FENSYS', 'За долгие годы работы, компания FENSYS реализовала множество разнонаправленных проектов по защите внешнего периметра.', '', 'serii-ograzhdenij', '/serii-ograzhdenij', 0, 'Серии ограждений', 26, 1),
(79, '', 43, 'Противотаранные устройства (ПТУ)', '<p>Противотаранный шлагбаум от FENSYS представляет собой автоматический барьер, предназначенный для защиты охраняемых объектов путем создания физического препятствия несанкционированному продвижению транспортных средств на охраняемую территорию или их принудительной остановки.</p>\r\n\r\n<p>Установка противотаранного шлагбаума производится на специальное фундаментное основание.</p>\r\n\r\n<h2 class=\"uk-text-primary uk-text-uppercase ff-1 fs-18 fw-600\">ПРОТИВОТАРАННЫЙ ШЛАГБАУМ СЛУЖИТ ДЛЯ РЕШЕНИЯ СЛЕДУЮЩИХ ЗАДАЧ:</h2>\r\n\r\n<div class=\"uk-width-2xlarge\">\r\n<ul class=\"fw-list fw-list-check-circle\">\r\n	<li>Управление транспортным движением;</li>\r\n	<li>Блокирование проезда транспорта;</li>\r\n	<li>Обеспечение принудительной остановки транспортного средства осуществляющего наезд на ПТУ.</li>\r\n</ul>\r\n</div>\r\n\r\n<p>ПТУ-Л предназначен для остановки движения транспорта весом до 3,5 тонн.</p>\r\n\r\n<p>ПТУ-Т осуществляет принудительную остановку транспортных средств весом до 20 тонн.</p>\r\n\r\n<blockquote>\r\n<p>Благодаря особой конструкции стрела противотаранного шлагбаума устойчива к разрыву. Устройство предназначено для использования в районах с умеренным климатом (У1) и умеренно холодным климатом (УХЛ1) по ГОСТ 15150-69. Цветовое исполнение шлагбаума соответствует ГОСТ 12.4.026-2015. Окраска изделия выполняется на автоматической линии порошковой покраски FENSYS.</p>\r\n</blockquote>\r\n\r\n<p>Противотаранное устройство ПТУ применяется для повышения эффективности физической защиты охраняемых объектов силовых структур, промышленных предприятий, топливно-энергетического комплекса, социально значимых объектов, грузовых терминалов.</p>\r\n\r\n<p class=\"ff-1 fs-24 fw-600\">ПРЕИМУЩЕСТВА ПРОТИВОТАРАННОГО ШЛАГБАУМА:</p>\r\n\r\n<div class=\"uk-margin-medium-bottom\" data-uk-grid=\"\">\r\n<div class=\"uk-width-1-2@s\">\r\n<div class=\"uk-grid-small\" data-uk-grid=\"\">\r\n<div class=\"uk-width-auto\"><img alt=\"\" height=\"76\" src=\"/web/images/content/ot%20vnesh.svg\" width=\"77\" /></div>\r\n\r\n<div class=\"uk-width-medium\"><strong>Высокая устойчивость к таранному удару </strong><br />\r\nБарьерная конструкция в виде &laquo;стрелы&raquo;, перемещающейся в вертикальной плоскости.</div>\r\n</div>\r\n</div>\r\n\r\n<div class=\"uk-width-1-2@s\">\r\n<div class=\"uk-grid-small\" data-uk-grid=\"\">\r\n<div class=\"uk-width-auto\"><img alt=\"\" height=\"76\" src=\"/web/images/content/prosma.svg\" width=\"76\" /></div>\r\n\r\n<div class=\"uk-width-medium\"><strong>Противодействие удару с любой стороны </strong><br />\r\nПротивотаранное устройство не имеет функциональных отличий относительно внешней или внутренней стороны.</div>\r\n</div>\r\n</div>\r\n\r\n<div class=\"uk-width-1-2@s\">\r\n<div class=\"uk-grid-small\" data-uk-grid=\"\">\r\n<div class=\"uk-width-auto\"><img alt=\"\" height=\"76\" src=\"/web/images/content/korrozia.svg\" width=\"76\" /></div>\r\n\r\n<div class=\"uk-width-medium\"><strong>Характеристики подтверждены испытаниями в НАМИ </strong><br />\r\nИспытания производятся на специальных площадках, в соответствии с установленными требованиями.</div>\r\n</div>\r\n</div>\r\n\r\n<div class=\"uk-width-1-2@s\">\r\n<div class=\"uk-grid-small\" data-uk-grid=\"\">\r\n<div class=\"uk-width-auto\"><img alt=\"\" height=\"76\" src=\"/web/images/content/zashita.svg\" width=\"76\" /></div>\r\n\r\n<div class=\"uk-width-medium\"><strong>Релейные выходы состояния (Открыто, Закрыто, Авария, Ф/Э) </strong><br />\r\nУдобство при управлении и контроле состояния противотаранного барьера.</div>\r\n</div>\r\n</div>\r\n\r\n<div class=\"instr-row\">\r\n<div class=\"instr-block\">\r\n<div class=\"instr__title\">Принцип работы противотаранного устройства</div>\r\n\r\n<div class=\"instr__video\"><iframe allowfullscreen=\"allowfullscreen\" frameborder=\"0\" height=\"270\" scrolling=\"no\" src=\"https://m.dzen.ru/embed/vXac4yFeKfFo?from_block=partner&amp;from=zen&amp;backoffice=1&amp;mute=1&amp;autoplay=1&amp;tv=0\" width=\"480\"></iframe></div>\r\n</div>\r\n\r\n<div class=\"instr-block\">\r\n<div class=\"instr__title\">Испытания ПТУ</div>\r\n\r\n<div class=\"instr__video\"><iframe allowfullscreen=\"allowfullscreen\" frameborder=\"0\" height=\"270\" scrolling=\"no\" src=\"https://m.dzen.ru/embed/vdgQtQxfw7gY?from_block=partner&amp;from=zen&amp;backoffice=1&amp;mute=1&amp;autoplay=1&amp;tv=0\" width=\"480\"></iframe></div>\r\n</div>\r\n</div>\r\n\r\n<p>{product-table id=10162,10161}</p>\r\n</div>\r\n', '<p>Представляет собой автоматический барьер, предназначенный для защиты охраняемых объектов путем создания физического препятствия продвижению т/c на территорию.</p>\r\n', 'Противотаранные устройства (ПТУ, ПТШ) купить по цене производителя', 'Противотаранные устройства от компании Fensys. ✅ Собственное производство. ✅ Чертежи и схемы. ✅ Готовые решения. ✅ Оставляйте заявку онлайн на сайте и по номеру телефона: ☎️ +7 499 288-72-60.', '', 'ptu', '/produkciya/ptu', 0, 'ПТУ', 25, 1),
(80, '', 43, 'Инженерные ограждения', '<p>Периметральные ограждения от<strong> FENSYS</strong> входят в комплекс инженерно- технических средств &laquo;ПАНОРАМА&raquo;.</p>\r\n\r\n<p>Оборудование для видеофиксации, охранные извещатели, оборудование для контроля управления доступом и сбора информации, охранное освещение и другие элементы защиты, могут быть адаптированы под конкретные задачи и установлены в любой точке защитного периметра в зависимости от потребностей объекта.</p>\r\n\r\n<blockquote>\r\n<p>Нестандартные решения, по запросу исполняются в рамках индивидуальных проектов. Проектирование и производство уникальных систем физической защиты периметра- одно из ключевых направлений деятельности FENSYS.</p>\r\n</blockquote>\r\n\r\n<p>Производственные мощности FENSYS позволяют покрыть потребности в профессиональных ограждениях для любого заказчика</p>\r\n\r\n<div class=\"uk-flex-center@s uk-flex-between@l uk-margin-medium-top uk-grid\" data-uk-grid=\"\">\r\n<div class=\"b-item uk-first-column\"><img alt=\"\" class=\"b-item-image\" src=\"/web/images/content/ik1.svg\" />\r\n<div class=\"fs-18 fw-700\">Продукция сертифицирована</div>\r\n</div>\r\n\r\n<div class=\"b-item\"><img alt=\"\" class=\"b-item-image\" src=\"/web/images/content/ik2.svg\" />\r\n<div class=\"fs-18 fw-700\">Срок службы 20 лет</div>\r\n</div>\r\n\r\n<div class=\"b-item\"><img alt=\"\" class=\"b-item-image\" src=\"/web/images/content/ik3.svg\" />\r\n<div class=\"fs-18 fw-700\">Высокий уровень защиты</div>\r\n</div>\r\n\r\n<div class=\"b-item uk-grid-margin uk-first-column\"><img alt=\"\" class=\"b-item-image\" src=\"/web/images/content/ik4.svg\" />\r\n<div class=\"fs-18 fw-700\">Адаптация к климату</div>\r\n</div>\r\n\r\n<p>&nbsp;</p>\r\n</div>\r\n\r\n<h4>Сферы применения инженерных ограждений:</h4>\r\n\r\n<ul class=\"fw-list fw-list-check-circle\">\r\n	<li>Топливно- энергетический комплекс;</li>\r\n	<li>Промышленность;</li>\r\n	<li>Городские объекты;</li>\r\n	<li>Вокзалы, ЖД станции, автодороги и мосты;</li>\r\n	<li>Аэропорты и аэродромы.</li>\r\n</ul>\r\n\r\n<blockquote><strong>Качество инженерных ограждений, производимых FENSYS, является важнейшим приоритетом для всех сотрудников, начиная со дня основания компании.</strong></blockquote>\r\n\r\n<p>Все элементы металлического периметра изготовлены из качественной горячеоцинкованной стали. В качестве завершающего этапа производства используется технология порошкового окрашивания. Цвет конструкции подбирается исходя из каталога RAL.</p>\r\n\r\n<h4>Инженерные ограждения входящие в состав комплекса &laquo;ПАНОРАМА&raquo;:</h4>\r\n\r\n<ul class=\"fw-list fw-list-check-circle\">\r\n	<li>Ограждения 3D;</li>\r\n	<li>Ограждения 2D панели;</li>\r\n	<li>Техограда;</li>\r\n	<li>Противотаранные устройства;</li>\r\n	<li>Дополнительные средства защиты периметра.</li>\r\n</ul>\r\n\r\n<div class=\"uk-background-primary rounded uk-light uk-padding-small\">\r\n<div class=\"uk-grid-small uk-flex-middle uk-\" data-uk-grid=\"\">\r\n<div class=\"uk-width-expand ff-1 fs-26 fs-xs-18 fw-500\">Элементы инженерных ограждений:</div>\r\n</div>\r\n</div>\r\n\r\n<div class=\"uk-grid-medium\" data-uk-grid=\"\">\r\n<div class=\"uk-width-1-3@m\">\r\n<div class=\"about-item\"><img alt=\"\" height=\"417\" src=\"/web/images/content/large-10023.jpg\" width=\"429\" />\r\n<div class=\"uk-padding uk-position-bottom\">\r\n<p class=\"about-item-title\">&nbsp;</p>\r\n\r\n<p class=\"about-item-text\">Ворота</p>\r\n</div>\r\n</div>\r\n</div>\r\n\r\n<div class=\"uk-width-2-3@m\">\r\n<div class=\"about-item\"><img alt=\"\" height=\"417\" src=\"/web/images/content/large-10018_3b47ea68b198c0564255d2678cd457fe.jpg\" width=\"887\" />\r\n<div class=\"uk-padding uk-position-bottom\">\r\n<p class=\"about-item-title\">&nbsp;</p>\r\n\r\n<p class=\"about-item-text\">3D панели</p>\r\n</div>\r\n</div>\r\n</div>\r\n\r\n<div class=\"uk-width-2-3@m\">\r\n<div class=\"about-item\"><img alt=\"\" height=\"417\" src=\"/web/images/content/large-10019.jpg\" width=\"887\" />\r\n<div class=\"uk-padding uk-position-bottom\">\r\n<p class=\"about-item-title\">&nbsp;</p>\r\n\r\n<p class=\"about-item-text\">2D панели</p>\r\n</div>\r\n</div>\r\n</div>\r\n\r\n<div class=\"uk-width-1-3@m\">\r\n<div class=\"about-item\"><img alt=\"\" height=\"417\" src=\"/web/images/content/large-10102_92cbd4eda3c0acc9d82ee18e3735b09e.jpg\" width=\"429\" />\r\n<div class=\"uk-padding uk-position-bottom\">\r\n<p class=\"about-item-title\">&nbsp;</p>\r\n\r\n<p class=\"about-item-text\">Калитки</p>\r\n</div>\r\n</div>\r\n</div>\r\n\r\n<div class=\"uk-width-1-3@m\">\r\n<div class=\"about-item\"><img alt=\"\" height=\"417\" src=\"/web/images/content/large-10020_2ac3d8a4e7908740bd7ed5df83a97ab2.jpg\" width=\"429\" />\r\n<div class=\"uk-padding uk-position-bottom\">\r\n<p class=\"about-item-title\">&nbsp;</p>\r\n\r\n<p class=\"about-item-text\">Крепеж</p>\r\n</div>\r\n</div>\r\n</div>\r\n\r\n<div class=\"uk-width-2-3@m\">\r\n<div class=\"about-item\"><img alt=\"\" height=\"417\" src=\"/web/images/content/large-10021_e1ae3680a574052fcfcafa5392b902b2.jpg\" width=\"861\" />\r\n<div class=\"uk-padding uk-position-bottom\">\r\n<p class=\"about-item-title\">&nbsp;</p>\r\n\r\n<p class=\"about-item-text\">Столбы</p>\r\n</div>\r\n</div>\r\n</div>\r\n\r\n<div class=\"uk-width-2-3@m\">\r\n<div class=\"about-item\"><img alt=\"\" height=\"417\" src=\"/web/images/content/large-10022.jpg\" width=\"887\" />\r\n<div class=\"uk-padding uk-position-bottom\">\r\n<p class=\"about-item-title\">&nbsp;</p>\r\n\r\n<p class=\"about-item-text\">Забивные и винтовые сваи</p>\r\n</div>\r\n</div>\r\n</div>\r\n\r\n<div class=\"uk-width-1-3@m\">\r\n<div class=\"about-item\"><img alt=\"\" height=\"417\" src=\"/web/images/content/large-10020_f21be8a3a14d087a9880227b7ef19ebc.jpg\" width=\"429\" />\r\n<div class=\"uk-padding uk-position-bottom\">\r\n<p class=\"about-item-title\">&nbsp;</p>\r\n\r\n<p class=\"about-item-text\">Элементы усиления</p>\r\n</div>\r\n</div>\r\n</div>\r\n</div>\r\n', '<div>\r\n<div>В инженерные ограждения входят различные средства физической охраны периметра, такие как: 3Д и 2D ограждения, техограда, входные группы а также, дополнительные элементы защиты.</div>\r\n</div>\r\n', 'Инженерные ограждения от производителя Fensys', 'Инженерные ограждения от компании Fensys. ✅ Собственное производство. ✅ Чертежи и схемы. ✅ Готовые решения. ✅ Оставляйте заявку онлайн на сайте и по номеру телефона: ☎️ +7 499 288-72-60.', '', '//ingenernye-ogragdeniya', '/ingenernye-ogragdeniya', 0, 'Инженерные ограждения', 13, 1),
(81, '', 78, 'Серий ограждений ASF для режимных объектов.', '<p>Панельные заборы в настоящее время особенно востребованы в возведении ограждений для городских, коммерческих и режимных объектов. Системы ограждения обеспечивают надежную защиту территории, становятся отличным дополнением ландшафтного дизайна, не требуют ухода в течении всего срока службы.</p>\r\n<blockquote>\r\n<p>3D панели отличаются от обычной сварной сетки наличием нескольких горизонтальных изгибов, которые выполняют роль ребер жесткости. Панель приобретает объем (отсюда и название 3D) и, следовательно, большую прочность на изгиб. Такие панели всегда имеют форму ровной плоскости и не деформируются.</p>\r\n</blockquote>\r\n<p>Технология горячего цинкования и последующего покрытия полиэфирной порошковой краской позволяет обеспечить надежную защиту конструкции из металла от преждевременного разрушения ввиду появления коррозии.</p>\r\n<p>Защитное 3D ограждение серии &laquo;ASF&raquo; разработано проектировщиками FENSYS специально для особо охраняемых объектов, таких как:</p>\r\n<ul class=\"fw-list fw-list-check-circle\">\r\n<li>Полицейские участки;</li>\r\n<li>Инновационные центры;</li>\r\n<li>Элитные посёлки и др.</li>\r\n</ul>\r\n<p>Дополнительное ребро жесткости придает панели большую устойчивость, способность противостоять обильным снеговым и ветровым нагрузкам.</p>\r\n<p>&nbsp;</p>', '', 'Серия защитных ограждений ASF', 'Серия защитных ограждений ASF от производственной компании Фенсис', '', 'asf.html', '/serii-ograzhdenij/asf.html', 0, 'ASF', 26, 1),
(82, '', 43, 'Комплекс инженерно-технических средств безопасности «ПАНОРАМА»', '<p><strong>КОМПЛЕКС СИСТЕМ БЕЗОПАСНОСТИ</strong> &laquo;ПАНОРАМА&raquo; представляет собой взаимосвязанные инженерные технические системы и средства, внедренные в единый центр сбора и обработки информации на программном уровне.</p>\r\n', '<p>&laquo;Панорама&raquo;- это комплекс инженерно-технических систем и средств безопасности периметра, внедренных в единый центр сбора и обработки информации. Работа комплекса заключается в обнаружении несанкционированного проникновения на охраняемый объект и срочной передаче тревожного сигнала на пульт управления.</p>\r\n\r\n<blockquote>\r\n<p>Все технические средства охраны, входящие в &laquo;ПАНОРАМУ&raquo;, выпущены ведущими отечественными производителями. Все элементы решения сертифицированы и входят в реестры соответствующих ведомств.</p>\r\n</blockquote>\r\n\r\n<p class=\"ff-1 fs-24 fw-600\">СОСТАВ КИТСБ &laquo;ПАНОРАМА&raquo;:</p>\r\n\r\n<div class=\"uk-width-2xlarge\">\r\n<ul class=\"fw-list fw-list-check-circle\">\r\n	<li>Система сбора и обработки информации (ССОИ);</li>\r\n	<li>Технические средства наблюдения;</li>\r\n	<li>Объектовые средства обнаружения;</li>\r\n	<li>Технические системы и средства контроля доступом (СКУД);</li>\r\n	<li>Система инженерных ограждений от FENSYS</li>\r\n	<li>Система охранного освещения;</li>\r\n	<li>Дополнительное оборудование, вспомогательные системы и средства.</li>\r\n</ul>\r\n</div>\r\n\r\n<div class=\"uk-grid-medium\" data-uk-grid=\"\">\r\n<div class=\"uk-width-1-3@m\">\r\n<div class=\"about-item\"><img alt=\"\" height=\"417\" src=\"/web/images/content/ssoi88.jpg\" width=\"429\" />\r\n<div class=\"uk-padding uk-position-bottom\">\r\n<p class=\"about-item-title\">&nbsp;</p>\r\n</div>\r\n</div>\r\n</div>\r\n\r\n<div class=\"uk-width-2-3@m\">\r\n<div class=\"about-item\"><img alt=\"\" height=\"417\" src=\"/web/images/content/z8894.jpg\" width=\"887\" />\r\n<div class=\"uk-padding uk-position-bottom\">\r\n<p class=\"about-item-title\">&nbsp;</p>\r\n</div>\r\n</div>\r\n</div>\r\n\r\n<div class=\"uk-width-2-3@m\">\r\n<div class=\"about-item\"><img alt=\"\" height=\"417\" src=\"/web/images/content/os9952.jpg\" width=\"887\" />\r\n<div class=\"uk-padding uk-position-bottom\">\r\n<p class=\"about-item-title\">&nbsp;</p>\r\n</div>\r\n</div>\r\n</div>\r\n\r\n<div class=\"uk-width-1-3@m\">\r\n<div class=\"about-item\"><img alt=\"\" height=\"417\" src=\"/web/images/content/vi554.jpg\" width=\"429\" />\r\n<div class=\"uk-padding uk-position-bottom\">\r\n<p class=\"about-item-title\">&nbsp;</p>\r\n</div>\r\n</div>\r\n</div>\r\n\r\n<div class=\"uk-width-1-3@m\">\r\n<div class=\"about-item\"><img alt=\"\" height=\"417\" src=\"/web/images/content/skyd6456.jpg\" width=\"429\" />\r\n<div class=\"uk-padding uk-position-bottom\">\r\n<p class=\"about-item-title\">&nbsp;</p>\r\n</div>\r\n</div>\r\n</div>\r\n\r\n<div class=\"uk-width-2-3@m\">\r\n<div class=\"about-item\"><img alt=\"\" height=\"417\" src=\"/web/images/content/ogra8.jpg\" width=\"887\" />\r\n<div class=\"uk-padding uk-position-bottom\">\r\n<p class=\"about-item-title\">&nbsp;</p>\r\n</div>\r\n</div>\r\n</div>\r\n\r\n<div class=\"uk-width-2-3@m\">\r\n<div class=\"about-item\"><img alt=\"\" height=\"417\" src=\"/web/images/content/io5411..jpg\" width=\"887\" />\r\n<div class=\"uk-padding uk-position-bottom\">\r\n<p class=\"about-item-title\">&nbsp;</p>\r\n</div>\r\n</div>\r\n</div>\r\n\r\n<div class=\"uk-width-1-3@m\">\r\n<div class=\"about-item\"><img alt=\"\" height=\"417\" src=\"/web/images/content/service8889.jpg\" width=\"429\" />\r\n<div class=\"uk-padding uk-position-bottom\">\r\n<p class=\"about-item-title\">&nbsp;</p>\r\n</div>\r\n</div>\r\n</div>\r\n</div>\r\n\r\n<p>В систему инженерных ограждений интегрированы решения по обеспечению автоматизации входных групп, осуществлению контроля въезда на охраняемую территорию, освещению периметра, системам видеонаблюдения, а также использованию объектовых средств обнаружения.</p>\r\n\r\n<blockquote>\r\n<p>По запросу заказчика, производится анализ потребностей объекта, разрабатывается проект по внедрению компонентов безопасности в действующий охранный комплекс или создание собственной системы безопасности &laquo;с нуля&raquo; согласно техническому заданию.</p>\r\n\r\n<p>КИТСБ &laquo;Панорама&raquo; функционирует на PSIM системе. Данная система используется для управления информацией о физической безопасности объекта. В качестве PSIM системы используется программное обеспечение R-Platforma - разработанное компанией Рубеж.</p>\r\n</blockquote>\r\n\r\n<p>При помощи R-Platforma осуществляется мониторинг и управление системой охраны периметра, любой конфигурации и протяженности, а также обеспечивается интеграция систем охраны периметра и здания, находящихся на одном объекте.</p>\r\n\r\n<p>При помощи ИС &laquo;ПАНОРАМА&raquo; может осуществляться мониторинг и управление техническими инженерными системами и средствами охранной сигнализации на периметре.</p>\r\n\r\n<p class=\"ff-1 fs-24 fw-600\">Преимущества КИТСБ &laquo;ПАНОРАМА&raquo; от FENSYS:</p>\r\n\r\n<div class=\"uk-width-2xlarge\">\r\n<ul class=\"fw-list fw-list-check-circle\">\r\n	<li>Сотрудничество с надежным партнёром;</li>\r\n	<li>Быстрое решение проблем;</li>\r\n	<li>Все элементы системы произведены в России;</li>\r\n	<li>Сертификация по ППРФ 969;</li>\r\n	<li>Наличие сертификата СТ1.</li>\r\n</ul>\r\n</div>\r\n\r\n<div class=\"instr-row\">\r\n<div class=\"instr-block\">\r\n<div class=\"instr__title\">Видеоролик о &quot;Панораме&quot;</div>\r\n\r\n<div class=\"instr__video\"><iframe allowfullscreen=\"allowfullscreen\" frameborder=\"0\" height=\"270\" scrolling=\"no\" src=\"https://m.dzen.ru/embed/vNvXd_mhiYk8?from_block=partner&amp;from=zen&amp;backoffice=1&amp;mute=1&amp;autoplay=1&amp;tv=0\" width=\"480\"></iframe></div>\r\n</div>\r\n</div>\r\n\r\n<h4>Инженерные ограждения входящие в состав комплекса &laquo;ПАНОРАМА&raquo;:</h4>\r\n\r\n<ul class=\"fw-list fw-list-check-circle\">\r\n	<li>Ограждения 3D;</li>\r\n	<li>Ограждения 2D панели;</li>\r\n	<li>Техограда;</li>\r\n	<li>Противотаранные устройства;</li>\r\n	<li>Дополнительные средства защиты периметра.</li>\r\n</ul>\r\n', '', '', '', 'panorama', '/produkciya/panorama', 0, 'Панорама', 24, 1),
(83, '', 0, '', '', '', '', '', '', 'articles', '/articles', 0, 'Статьи', 21, 1),
(84, '', 0, 'Готовые решения для обеспечения безопасности объектов', '<div class=\"uk-margin-medium-bottom fs-17\">\r\n<p>Компания FENSYS ведет активную деятельность по наращиванию собственной производственной базы, где создаются все компоненты инженерно-технических средств защиты периметра: <a href=\"/ingenernye-ogragdeniya/2d-ogragdeniya.html\">2Д</a> и <a href=\"/ingenernye-ogragdeniya/3d-zabory.html\">3D ограждения</a>, решетчатые панели металлических ограждений, распашные и откатные ворота, калитки, столбы, насадки для крепления колючей проволоки и &laquo;егозы&raquo;, крепежные элементы и аксессуары.</p>\r\n\r\n<p>В зависимости от требований к качеству технических средств охраны (ТСО), применяются различные технологии нанесения антикоррозийной защиты.<br />\r\nАвтоматизированное производство компонентов ограждения обеспечивает высокий уровень качества и позволяет оперативно выполнить любой заказ в срок.</p>\r\n\r\n<blockquote>\r\n<p>Ведутся непрерывные работы по разработке и внедрению новейших средств протекции внешнего периметра. Осуществляется производство ограждений для различных областей использования.</p>\r\n</blockquote>\r\n\r\n<h4>Готовые решения включают в себя варианты исполнения металлических ограждений для таких сфер применения как:</h4>\r\n\r\n<ul class=\"fw-list fw-list-check-circle\">\r\n	<li>Городские и военные объекты;</li>\r\n	<li>Спортплощадки;</li>\r\n	<li>Агрохолдинги, объекты промышленности;</li>\r\n	<li>Частные дома, дачные посёлки;</li>\r\n	<li>Магистрали, Мосты, ЖД станции и порты;</li>\r\n	<li>Крупные заводы, электростанции и др.</li>\r\n</ul>\r\n\r\n<blockquote>\r\n<p>Несмотря на наличие большого количества готовых, разнонаправленных решений, специалисты FENSYS понимают уникальность каждого проекта. В ходе работы с проектом почти неизбежны модификации связанные с условиями эксплуатации, окружающей средой или требованиями вышестоящих инстанций.&nbsp;</p>\r\n</blockquote>\r\n\r\n<p>Многолетний опыт работы позволяет компании FENSYS бесперебойно обеспечивать производство и поставку защитных сооружений для объектов любого уровня сложности.</p>\r\n\r\n<p>Если интересущая Вас область применения не отображена в данном разделе, свяжитесь с нами, используя форму обратной связи. Сотрудники компании предложат варианты по установке защитного периметра для Вашего, уникального проекта.</p>\r\n</div>\r\n', '', 'Готовые решения систем защитных ограждений для различных объектов', 'Варианты систем ограждений для городских, военных и других объектов, нуждающихся в защите периметра.', '', 'resheniya', '/resheniya', 0, 'Готовые решения', 2, 1),
(85, '', 80, '2D ограждения', '<p class=\"ff-1 fs-22 fw-600\">2D панели ограждения используют для особо охраняемых объектов и ударно-прочных конструкций.</p>\r\n\r\n<p>2D забор изготавливается в виде плоской сетчатой сварной конструкции, усиленной дополнительными прутками по горизонтали, что обеспечивает изделию высокую жесткость и ударопрочность. Применяется на объектах, нуждающихся в ограждении <strong>повышенной прочности</strong> (спортивные площадки, стадионы, режимные объекты и пр.).</p>\r\n\r\n<blockquote>\r\n<p>Конструкция, отличающаяся особой жесткостью, достигается путем применения технологии, представляющей собой закрепление вертикального прутка между двумя горизонтальными. Металлические ограждения в 2D варианте успешно проходят испытания высокими горизонтальными нагрузками.</p>\r\n</blockquote>\r\n\r\n<p class=\"uk-text-primary uk-text-uppercase ff-1 fs-21 fw-600\">Конструкции из нескольких 2D панелей</p>\r\n\r\n<p>Ограждение может состоять из нескольких ярусов панелей, что позволяет достигать высоты до 6,0 м. При производстве панелей высотой более 2500 мм ширина не должна превышать 2400 мм.</p>\r\n\r\n<p>Панели окрашены слоем порошково- полиэфирной краски. Доступно окрашивание в любой цвет из каталога RAL, так- же, возможно приобрести панель в стандартном, зеленом цвете.</p>\r\n\r\n<p>Вы можете подобрать 2D ограждение под ваши нужды: самостоятельно выбираете цвет, высоту, диаметр прутков, возможные размеры ячеек, <a href=\"/ingenernye-ogragdeniya/vintovye-opory_1.html\">столбы</a>, способы <a href=\"/ingenernye-ogragdeniya/krepyozh.html\">крепления</a>. У нас имеются <a href=\"/resheniya/\">готовые решения</a> для любой отрасли.</p>\r\n', '<p><span style=\"font-weight: 400;\">2D панели изготавливаются в виде плоской сетчатой сварной конструкции, усиленной дополнительными прутками по горизонтали, что обеспечивает изделию высокую жесткость и ударопрочность.</span></p>\r\n', '2D ограждения: панели для 2д забора от производителя FENSYS', '2D панели для забора от компании Fensys. ✅ Комплексные системы 2Д ограждений с доставкой и установкой. ✅ Собственное производство. ✅ Чертежи и схемы. ✅ Готовые решения. ✅ Оставляйте заявку онлайн на сайте и по номеру телефона: ☎️ +7 499 288-72-60.', '', '2d-ogragdeniy.html', '/ingenernye-ogragdeniya/2d-ogragdeniy.html', 0, '2D ограждения', 13, 1),
(86, '', NULL, 'Политика обработки персональных данных', '', '', '', '', '', 'policy', '/policy', 0, 'Политика обработки персональных данных', NULL, 1);

-- --------------------------------------------------------

--
-- Структура таблицы `gallery`
--

CREATE TABLE `gallery` (
  `id` int(11) NOT NULL,
  `name` varchar(200) DEFAULT NULL,
  `description` text DEFAULT NULL
) ENGINE=InnoDB DEFAULT CHARSET=utf8mb4 COLLATE=utf8mb4_general_ci;

--
-- Дамп данных таблицы `gallery`
--

INSERT INTO `gallery` (`id`, `name`, `description`) VALUES
(3, 'Галерея на главной, слайдер под контентом', ''),
(4, 'Среди наших клиентов', ''),
(5, 'Продукция. Способы применения', ''),
(6, 'ВАРИАНТЫ КРЕПЛЕНИЯ ПАНЕЛИ К СТОЛБУ', ''),
(7, 'Готовые объекты', ''),
(17, 'О компании.Производство', NULL),
(18, 'О компании.Товарный знак', NULL),
(19, 'О компании.Товарный знак', NULL),
(20, 'О компании.Товарный знак', NULL),
(21, 'О компании.Товарный знак', NULL),
(22, 'О компании.Аккредитация', NULL),
(23, 'О компании.Сертификаты', NULL),
(24, 'О компании.Наши награды', NULL),
(25, 'О компании.Сертификаты соответствия', NULL),
(26, 'О компании.Совместимость с ТСО', NULL),
(27, 'О компании.Отзывы', NULL),
(28, 'Наше производство.Цех и склад', NULL),
(29, 'Наше производство.Любой заголовок блока', NULL),
(30, 'Аэропорты и аэродромы.Чертежи', NULL),
(31, 'Аэропорты и аэродромы.Способы монтажа', NULL),
(32, 'Аэропорты и аэродромы.Объекты, реализованные нашей компанией:', NULL),
(33, 'Автомагистрали и мосты.Чертежи', NULL),
(34, 'Автомагистрали и мосты.Способы монтажа', NULL),
(35, 'Автомагистрали и мосты.Объекты, реализованные нашей компанией:', NULL),
(36, 'Городские объекты и инфраструктура.Объекты, реализованные нашей компанией:', NULL),
(37, 'Городские объекты и инфраструктура.Чертежи', NULL),
(38, 'Городские объекты и инфраструктура.Способы монтажа', NULL),
(39, 'Муниципальные учреждения.Способы монтажа', NULL),
(40, 'Муниципальные учреждения.Объекты, реализованные нашей компанией:', NULL),
(41, 'Автостоянки.Способы монтажа', NULL),
(42, 'Автостоянки.Чертежи', NULL),
(43, 'Автостоянки.Объекты, реализованные нашей компанией:', NULL),
(44, 'Коммерческая недвижимость.Чертежи', NULL),
(45, 'Коммерческая недвижимость.Способы монтажа', NULL),
(46, 'Коммерческая недвижимость.Объекты, реализованные нашей компанией:', NULL),
(47, 'Разделение движения.Чертежи', NULL),
(48, 'Разделение движения.Способы монтажа', NULL),
(49, 'Разделение движения.Объекты, реализованные нашей компанией:', NULL),
(50, 'Спортивные сооружения.Способы монтажа', NULL),
(51, 'Спортивные сооружения.Объекты, реализованные нашей компанией:', NULL),
(52, 'Речные и морские порты.Чертежи', NULL),
(53, 'Речные и морские порты.Способы монтажа', NULL),
(54, 'Речные и морские порты.Объекты, реализованные нашей компанией:', NULL),
(55, 'Вокзалы и ЖД станции.Чертежи', NULL),
(56, 'Вокзалы и ЖД станции.Способы монтажа', NULL),
(57, 'Вокзалы и ЖД станции.Объекты, реализованные нашей компанией:', NULL),
(58, 'Промышленные объекты и агрохолдинги.Чертежи', NULL),
(59, 'Промышленные объекты и агрохолдинги.Объекты, реализованные нашей компанией:', NULL),
(60, 'Заводы и фабрики.Чертежи', NULL),
(61, 'Заводы и фабрики.Способы монтажа', NULL),
(62, 'Заводы и фабрики.Объекты, реализованные нашей компанией:', NULL),
(63, 'Промышленные склады и ангары.Чертежи', NULL),
(64, 'Промышленные склады и ангары.Способы монтажа', NULL),
(65, 'Промышленные склады и ангары.Объекты, реализованные нашей компанией:', NULL),
(66, 'Фермерские хозяйства и агрополя.Чертежи', NULL),
(67, 'Фермерские хозяйства и агрополя.Способы монтажа', NULL),
(68, 'Фермерские хозяйства и агрополя.Объекты, реализованные нашей компанией:', NULL),
(69, 'Лесные массивы.Чертежи', NULL),
(70, 'Лесные массивы.Способы монтажа', NULL),
(71, 'Лесные массивы.Объекты, реализованные нашей компанией:', NULL),
(72, 'Пастбищные поля.Чертежи', NULL),
(73, 'Пастбищные поля.Способы монтажа', NULL),
(74, 'Пастбищные поля.Объекты, реализованные нашей компанией:', NULL),
(75, 'Министерство обороны.Чертежи', NULL),
(76, 'Министерство обороны.Способы монтажа', NULL),
(77, 'ТЭК.Объекты, реализованные нашей компанией:', NULL),
(78, 'ТЭК.Чертежи', NULL),
(79, 'ТЭК.Способы монтажа', NULL),
(80, 'Территории НПЗ.Чертежи', NULL),
(81, 'Территории НПЗ.Способы монтажа', NULL),
(82, 'Территории НПЗ.Объекты, реализованные нашей компанией:', NULL),
(83, 'Трубопроводы.Чертежи', NULL),
(84, 'Трубопроводы.Способы монтажа', NULL),
(85, 'Трубопроводы.Объекты, реализованные нашей компанией:', NULL),
(86, 'Электростанции и подстанции.Чертежи', NULL),
(87, 'Электростанции и подстанции.Способы монтажа', NULL),
(88, 'Электростанции и подстанции.Объекты, реализованные нашей компанией:', NULL),
(89, 'Гидротехнические и водозаборные ограждения - водохранилища и резервуары.Чертежи', NULL),
(90, 'Гидротехнические и водозаборные ограждения - водохранилища и резервуары.Объекты, реализованные нашей компанией:', NULL),
(91, 'Гидротехнические и водозаборные ограждения - водохранилища и резервуары.Способы монтажа', NULL),
(92, 'Газпром.Чертежи', NULL),
(93, 'Газпром.Способы монтажа', NULL),
(94, 'Газпром.Объекты, реализованные нашей компанией:', NULL),
(95, 'Транснефть.Чертежи', NULL),
(96, 'Транснефть.Способы монтажа', NULL),
(97, 'Транснефть.Объекты, реализованные нашей компанией:', NULL),
(98, 'Магистрали и нефтепроводы.Чертежи', NULL),
(99, 'Магистрали и нефтепроводы.Способы монтажа', NULL),
(100, 'Магистрали и нефтепроводы.Объекты, реализованные нашей компанией:', NULL),
(101, 'Резервуары и газохранилища.Чертежи', NULL),
(102, 'Резервуары и газохранилища.Способы монтажа', NULL),
(103, 'Резервуары и газохранилища.Объекты, реализованные нашей компанией:', NULL),
(104, 'ООО Производственная компания “ФЕНСИС” приглашает на работу!.', NULL),
(105, 'Что мы предлагаем нашим клиентам', ''),
(106, 'FENSYS работает с проектами от компаний', ''),
(107, 'Наше производство. Производство нашей продукции', ''),
(108, 'Изготовление элементов пространственной жесткости ограждения', ''),
(109, 'Автоматическая линия покраски', ''),
(110, 'Термосверление и изготовление столбов', ''),
(111, 'Галерея видео для проектировщиков', '<h5 class=\"card-designer__title\">BIM семейства - 2 слайд</h5>\r\n                                    <p>BIM - это бесплатное информационное моделирование зданий для Autodesk Revit,\r\n                                      предназначенный для автоматизации рутинных процессов проектирования систем\r\n                                      защитных конструкций из 2D и 3D ограждений на основе панелей, включая входные\r\n                                      группы и дополнительные элементы усиления конструкции.</p>\r\n                                    <p>BIM - это бесплатное информационное моделирование зданий для Autodesk Revit,\r\n                                      предназначенный для автоматизации</p>');

-- --------------------------------------------------------

--
-- Структура таблицы `gallery_items`
--

CREATE TABLE `gallery_items` (
  `id` int(11) NOT NULL,
  `name` varchar(200) DEFAULT NULL,
  `description` text DEFAULT NULL,
  `gallery_id` int(11) DEFAULT NULL,
  `type` int(11) DEFAULT NULL,
  `order` int(11) DEFAULT NULL,
  `url` varchar(255) DEFAULT NULL,
  `image` varchar(255) DEFAULT NULL,
  `file` varchar(255) DEFAULT NULL,
  `video_source` varchar(255) DEFAULT NULL
) ENGINE=InnoDB DEFAULT CHARSET=utf8mb4 COLLATE=utf8mb4_general_ci;

--
-- Дамп данных таблицы `gallery_items`
--

INSERT INTO `gallery_items` (`id`, `name`, `description`, `gallery_id`, `type`, `order`, `url`, `image`, `file`, `video_source`) VALUES
(39, NULL, NULL, 17, 1, 1, NULL, '/web/images/galleries/about/production/403.jpg', NULL, NULL),
(40, NULL, NULL, 17, 1, 2, NULL, '/web/images/galleries/about/production/404.jpg', NULL, NULL),
(41, NULL, NULL, 17, 1, 3, NULL, '/web/images/galleries/about/production/405.jpg', NULL, NULL),
(42, NULL, NULL, 17, 1, 4, NULL, '/web/images/galleries/about/production/406.jpg', NULL, NULL),
(43, NULL, NULL, 17, 1, 5, NULL, '/web/images/galleries/about/production/407.jpg', NULL, NULL),
(44, NULL, NULL, 17, 1, 6, NULL, '/web/images/galleries/about/production/408.jpg', NULL, NULL),
(45, NULL, NULL, 17, 1, 7, NULL, '/web/images/galleries/about/production/409.jpg', NULL, NULL),
(46, NULL, NULL, 21, 1, 1, NULL, '/web/images/galleries/21/307.jpg', NULL, NULL),
(47, NULL, NULL, 21, 1, 2, NULL, '/web/images/galleries/21/308.jpg', NULL, NULL),
(48, NULL, NULL, 21, 1, 3, NULL, '/web/images/galleries/21/315.jpg', NULL, NULL),
(49, NULL, NULL, 21, 1, 4, NULL, '/web/images/galleries/21/701.jpg', NULL, NULL),
(50, NULL, NULL, 21, 1, 5, NULL, '/web/images/galleries/21/720.jpg', NULL, NULL),
(51, NULL, NULL, 22, 1, 1, NULL, '/web/images/galleries/22/305.jpg', NULL, NULL),
(52, NULL, NULL, 22, 1, 2, NULL, '/web/images/galleries/22/306.jpg', NULL, NULL),
(53, NULL, NULL, 22, 1, 3, NULL, '/web/images/galleries/22/735.jpg', NULL, NULL),
(54, NULL, NULL, 23, 1, 1, NULL, '/web/images/galleries/23/170.jpg', NULL, NULL),
(55, NULL, NULL, 23, 1, 2, NULL, '/web/images/galleries/23/171.jpg', NULL, NULL),
(56, NULL, NULL, 23, 1, 3, NULL, '/web/images/galleries/23/172.jpg', NULL, NULL),
(57, NULL, NULL, 23, 1, 4, NULL, '/web/images/galleries/23/173.jpg', NULL, NULL),
(58, NULL, NULL, 23, 1, 5, NULL, '/web/images/galleries/23/174.jpg', NULL, NULL),
(59, NULL, NULL, 23, 1, 6, NULL, '/web/images/galleries/23/175.jpg', NULL, NULL),
(60, NULL, NULL, 23, 1, 7, NULL, '/web/images/galleries/23/176.jpg', NULL, NULL),
(61, NULL, NULL, 23, 1, 8, NULL, '/web/images/galleries/23/177.jpg', NULL, NULL),
(62, NULL, NULL, 23, 1, 9, NULL, '/web/images/galleries/23/178.jpg', NULL, NULL),
(63, NULL, NULL, 23, 1, 10, NULL, '/web/images/galleries/23/179.jpg', NULL, NULL),
(64, NULL, NULL, 24, 1, 1, NULL, '/web/images/galleries/24/164.jpg', NULL, NULL),
(65, NULL, NULL, 24, 1, 2, NULL, '/web/images/galleries/24/165.jpg', NULL, NULL),
(66, NULL, NULL, 24, 1, 3, NULL, '/web/images/galleries/24/166.jpg', NULL, NULL),
(67, NULL, NULL, 24, 1, 4, NULL, '/web/images/galleries/24/167.jpg', NULL, NULL),
(68, NULL, NULL, 24, 1, 5, NULL, '/web/images/galleries/24/168.jpg', NULL, NULL),
(69, NULL, NULL, 24, 1, 6, NULL, '/web/images/galleries/24/169.jpg', NULL, NULL),
(70, NULL, NULL, 25, 1, 1, NULL, '/web/images/galleries/25/170.jpg', NULL, NULL),
(71, NULL, NULL, 25, 1, 2, NULL, '/web/images/galleries/25/171.jpg', NULL, NULL),
(72, NULL, NULL, 25, 1, 3, NULL, '/web/images/galleries/25/172.jpg', NULL, NULL),
(73, NULL, NULL, 25, 1, 4, NULL, '/web/images/galleries/25/173.jpg', NULL, NULL),
(74, NULL, NULL, 25, 1, 5, NULL, '/web/images/galleries/25/174.jpg', NULL, NULL),
(75, NULL, NULL, 25, 1, 6, NULL, '/web/images/galleries/25/175.jpg', NULL, NULL),
(76, NULL, NULL, 25, 1, 7, NULL, '/web/images/galleries/25/176.jpg', NULL, NULL),
(77, NULL, NULL, 25, 1, 8, NULL, '/web/images/galleries/25/177.jpg', NULL, NULL),
(78, NULL, NULL, 25, 1, 9, NULL, '/web/images/galleries/25/178.jpg', NULL, NULL),
(79, NULL, NULL, 25, 1, 10, NULL, '/web/images/galleries/25/179.jpg', NULL, NULL),
(80, NULL, NULL, 26, 1, 1, NULL, '/web/images/galleries/26/170.jpg', NULL, NULL),
(81, NULL, NULL, 26, 1, 2, NULL, '/web/images/galleries/26/171.jpg', NULL, NULL),
(82, NULL, NULL, 26, 1, 3, NULL, '/web/images/galleries/26/172.jpg', NULL, NULL),
(83, NULL, NULL, 26, 1, 4, NULL, '/web/images/galleries/26/173.jpg', NULL, NULL),
(84, NULL, NULL, 26, 1, 5, NULL, '/web/images/galleries/26/174.jpg', NULL, NULL),
(85, NULL, NULL, 26, 1, 6, NULL, '/web/images/galleries/26/175.jpg', NULL, NULL),
(86, NULL, NULL, 26, 1, 7, NULL, '/web/images/galleries/26/176.jpg', NULL, NULL),
(87, NULL, NULL, 26, 1, 8, NULL, '/web/images/galleries/26/177.jpg', NULL, NULL),
(88, NULL, NULL, 26, 1, 9, NULL, '/web/images/galleries/26/178.jpg', NULL, NULL),
(89, NULL, NULL, 26, 1, 10, NULL, '/web/images/galleries/26/179.jpg', NULL, NULL),
(90, NULL, NULL, 27, 1, 1, NULL, '/web/images/galleries/27/309.jpg', NULL, NULL),
(91, NULL, NULL, 27, 1, 2, NULL, '/web/images/galleries/27/310.jpg', NULL, NULL),
(92, NULL, NULL, 27, 1, 3, NULL, '/web/images/galleries/27/311.jpg', NULL, NULL),
(93, NULL, NULL, 27, 1, 4, NULL, '/web/images/galleries/27/312.jpg', NULL, NULL),
(94, NULL, NULL, 27, 1, 5, NULL, '/web/images/galleries/27/313.jpg', NULL, NULL),
(95, NULL, NULL, 27, 1, 6, NULL, '/web/images/galleries/27/314.jpg', NULL, NULL),
(96, NULL, NULL, 27, 1, 7, NULL, '/web/images/galleries/27/688.jpg', NULL, NULL),
(97, NULL, NULL, 28, 1, 1, NULL, '/web/images/galleries/28/351.jpg', NULL, NULL),
(98, NULL, NULL, 28, 1, 2, NULL, '/web/images/galleries/28/352.png', NULL, NULL),
(99, NULL, NULL, 28, 1, 3, NULL, '/web/images/galleries/28/353.png', NULL, NULL),
(100, NULL, NULL, 28, 1, 4, NULL, '/web/images/galleries/28/354.png', NULL, NULL),
(101, NULL, NULL, 28, 1, 5, NULL, '/web/images/galleries/28/355.png', NULL, NULL),
(102, NULL, NULL, 28, 1, 6, NULL, '/web/images/galleries/28/356.png', NULL, NULL),
(103, NULL, NULL, 29, 1, 1, NULL, '/web/images/galleries/29/170.jpg', NULL, NULL),
(104, NULL, NULL, 29, 1, 2, NULL, '/web/images/galleries/29/171.jpg', NULL, NULL),
(105, NULL, NULL, 29, 1, 3, NULL, '/web/images/galleries/29/172.jpg', NULL, NULL),
(106, NULL, NULL, 29, 1, 4, NULL, '/web/images/galleries/29/173.jpg', NULL, NULL),
(107, NULL, NULL, 29, 1, 5, NULL, '/web/images/galleries/29/174.jpg', NULL, NULL),
(108, NULL, NULL, 29, 1, 6, NULL, '/web/images/galleries/29/175.jpg', NULL, NULL),
(109, NULL, NULL, 29, 1, 7, NULL, '/web/images/galleries/29/176.jpg', NULL, NULL),
(110, NULL, NULL, 29, 1, 8, NULL, '/web/images/galleries/29/177.jpg', NULL, NULL),
(111, NULL, NULL, 29, 1, 9, NULL, '/web/images/galleries/29/178.jpg', NULL, NULL),
(112, NULL, NULL, 29, 1, 10, NULL, '/web/images/galleries/29/179.jpg', NULL, NULL),
(113, NULL, NULL, 30, 1, 1, NULL, '/web/images/galleries/30/514.jpg', NULL, NULL),
(114, NULL, NULL, 30, 1, 2, NULL, '/web/images/galleries/30/515.jpg', NULL, NULL),
(115, NULL, NULL, 30, 1, 3, NULL, '/web/images/galleries/30/516.jpg', NULL, NULL),
(116, NULL, NULL, 30, 1, 4, NULL, '/web/images/galleries/30/517.jpg', NULL, NULL),
(117, NULL, NULL, 30, 1, 5, NULL, '/web/images/galleries/30/518.jpg', NULL, NULL),
(118, NULL, NULL, 30, 1, 6, NULL, '/web/images/galleries/30/519.jpg', NULL, NULL),
(119, NULL, NULL, 31, 1, 1, NULL, '/web/images/galleries/31/411.jpg', NULL, NULL),
(120, NULL, NULL, 31, 1, 2, NULL, '/web/images/galleries/31/412.jpg', NULL, NULL),
(121, NULL, NULL, 31, 1, 3, NULL, '/web/images/galleries/31/413.jpg', NULL, NULL),
(122, NULL, NULL, 31, 1, 4, NULL, '/web/images/galleries/31/414.jpg', NULL, NULL),
(123, NULL, NULL, 31, 1, 5, NULL, '/web/images/galleries/31/415.jpg', NULL, NULL),
(124, NULL, NULL, 31, 1, 6, NULL, '/web/images/galleries/31/416.jpg', NULL, NULL),
(125, NULL, NULL, 32, 1, 1, NULL, '/web/images/galleries/32/533.jpg', NULL, NULL),
(126, NULL, NULL, 32, 1, 2, NULL, '/web/images/galleries/32/534.jpg', NULL, NULL),
(127, NULL, NULL, 32, 1, 3, NULL, '/web/images/galleries/32/535.jpg', NULL, NULL),
(128, NULL, NULL, 32, 1, 4, NULL, '/web/images/galleries/32/536.jpg', NULL, NULL),
(129, NULL, NULL, 32, 1, 5, NULL, '/web/images/galleries/32/537.jpg', NULL, NULL),
(130, NULL, NULL, 32, 1, 6, NULL, '/web/images/galleries/32/538.jpg', NULL, NULL),
(131, NULL, NULL, 32, 1, 7, NULL, '/web/images/galleries/32/539.jpg', NULL, NULL),
(132, NULL, NULL, 33, 1, 1, NULL, '/web/images/galleries/33/514.jpg', NULL, NULL),
(133, NULL, NULL, 33, 1, 2, NULL, '/web/images/galleries/33/515.jpg', NULL, NULL),
(134, NULL, NULL, 33, 1, 3, NULL, '/web/images/galleries/33/516.jpg', NULL, NULL),
(135, NULL, NULL, 33, 1, 4, NULL, '/web/images/galleries/33/517.jpg', NULL, NULL),
(136, NULL, NULL, 33, 1, 5, NULL, '/web/images/galleries/33/518.jpg', NULL, NULL),
(137, NULL, NULL, 33, 1, 6, NULL, '/web/images/galleries/33/519.jpg', NULL, NULL),
(138, NULL, NULL, 34, 1, 1, NULL, '/web/images/galleries/34/411.jpg', NULL, NULL),
(139, NULL, NULL, 34, 1, 2, NULL, '/web/images/galleries/34/412.jpg', NULL, NULL),
(140, NULL, NULL, 34, 1, 3, NULL, '/web/images/galleries/34/413.jpg', NULL, NULL),
(141, NULL, NULL, 34, 1, 4, NULL, '/web/images/galleries/34/414.jpg', NULL, NULL),
(142, NULL, NULL, 34, 1, 5, NULL, '/web/images/galleries/34/415.jpg', NULL, NULL),
(143, NULL, NULL, 34, 1, 6, NULL, '/web/images/galleries/34/416.jpg', NULL, NULL),
(144, NULL, NULL, 35, 1, 1, NULL, '/web/images/galleries/35/540.jpg', NULL, NULL),
(145, NULL, NULL, 35, 1, 2, NULL, '/web/images/galleries/35/541.JPG', NULL, NULL),
(146, NULL, NULL, 35, 1, 3, NULL, '/web/images/galleries/35/542.jpg', NULL, NULL),
(147, NULL, NULL, 35, 1, 4, NULL, '/web/images/galleries/35/543.jpg', NULL, NULL),
(148, NULL, NULL, 35, 1, 5, NULL, '/web/images/galleries/35/544.jpg', NULL, NULL),
(149, NULL, NULL, 35, 1, 6, NULL, '/web/images/galleries/35/545.jpg', NULL, NULL),
(150, NULL, NULL, 35, 1, 7, NULL, '/web/images/galleries/35/546.jpg', NULL, NULL),
(151, NULL, NULL, 35, 1, 8, NULL, '/web/images/galleries/35/547.jpg', NULL, NULL),
(152, NULL, NULL, 35, 1, 9, NULL, '/web/images/galleries/35/548.jpg', NULL, NULL),
(153, NULL, NULL, 35, 1, 10, NULL, '/web/images/galleries/35/549.jpg', NULL, NULL),
(154, NULL, NULL, 35, 1, 11, NULL, '/web/images/galleries/35/550.jpg', NULL, NULL),
(155, NULL, NULL, 35, 1, 12, NULL, '/web/images/galleries/35/551.jpg', NULL, NULL),
(156, NULL, NULL, 35, 1, 13, NULL, '/web/images/galleries/35/553.JPG', NULL, NULL),
(157, NULL, NULL, 35, 1, 14, NULL, '/web/images/galleries/35/554.JPG', NULL, NULL),
(158, NULL, NULL, 35, 1, 15, NULL, '/web/images/galleries/35/555.JPG', NULL, NULL),
(159, NULL, NULL, 35, 1, 16, NULL, '/web/images/galleries/35/556.JPG', NULL, NULL),
(160, NULL, NULL, 35, 1, 17, NULL, '/web/images/galleries/35/557.jpg', NULL, NULL),
(161, NULL, NULL, 36, 1, 1, NULL, '/web/images/galleries/36/570.jpg', NULL, NULL),
(162, NULL, NULL, 36, 1, 2, NULL, '/web/images/galleries/36/571.jpg', NULL, NULL),
(163, NULL, NULL, 36, 1, 3, NULL, '/web/images/galleries/36/572.jpg', NULL, NULL),
(164, NULL, NULL, 36, 1, 4, NULL, '/web/images/galleries/36/573.jpg', NULL, NULL),
(165, NULL, NULL, 36, 1, 5, NULL, '/web/images/galleries/36/574.jpg', NULL, NULL),
(166, NULL, NULL, 36, 1, 6, NULL, '/web/images/galleries/36/575.jpg', NULL, NULL),
(167, NULL, NULL, 36, 1, 7, NULL, '/web/images/galleries/36/576.jpg', NULL, NULL),
(168, NULL, NULL, 36, 1, 8, NULL, '/web/images/galleries/36/577.jpg', NULL, NULL),
(169, NULL, NULL, 36, 1, 9, NULL, '/web/images/galleries/36/578.jpg', NULL, NULL),
(170, NULL, NULL, 36, 1, 10, NULL, '/web/images/galleries/36/579.jpg', NULL, NULL),
(171, NULL, NULL, 37, 1, 1, NULL, '/web/images/galleries/37/525.jpg', NULL, NULL),
(172, NULL, NULL, 37, 1, 2, NULL, '/web/images/galleries/37/526.jpg', NULL, NULL),
(173, NULL, NULL, 37, 1, 3, NULL, '/web/images/galleries/37/527.jpg', NULL, NULL),
(174, NULL, NULL, 37, 1, 4, NULL, '/web/images/galleries/37/528.jpg', NULL, NULL),
(175, NULL, NULL, 37, 1, 5, NULL, '/web/images/galleries/37/529.jpg', NULL, NULL),
(176, NULL, NULL, 37, 1, 6, NULL, '/web/images/galleries/37/530.jpg', NULL, NULL),
(177, NULL, NULL, 37, 1, 7, NULL, '/web/images/galleries/37/531.jpg', NULL, NULL),
(178, NULL, NULL, 37, 1, 8, NULL, '/web/images/galleries/37/532.jpg', NULL, NULL),
(179, NULL, NULL, 38, 1, 1, NULL, '/web/images/galleries/38/411.jpg', NULL, NULL),
(180, NULL, NULL, 38, 1, 2, NULL, '/web/images/galleries/38/412.jpg', NULL, NULL),
(181, NULL, NULL, 38, 1, 3, NULL, '/web/images/galleries/38/413.jpg', NULL, NULL),
(182, NULL, NULL, 38, 1, 4, NULL, '/web/images/galleries/38/414.jpg', NULL, NULL),
(183, NULL, NULL, 38, 1, 5, NULL, '/web/images/galleries/38/415.jpg', NULL, NULL),
(184, NULL, NULL, 38, 1, 6, NULL, '/web/images/galleries/38/416.jpg', NULL, NULL),
(185, NULL, NULL, 39, 1, 1, NULL, '/web/images/galleries/39/411.jpg', NULL, NULL),
(186, NULL, NULL, 39, 1, 2, NULL, '/web/images/galleries/39/412.jpg', NULL, NULL),
(187, NULL, NULL, 39, 1, 3, NULL, '/web/images/galleries/39/413.jpg', NULL, NULL),
(188, NULL, NULL, 39, 1, 4, NULL, '/web/images/galleries/39/414.jpg', NULL, NULL),
(189, NULL, NULL, 39, 1, 5, NULL, '/web/images/galleries/39/415.jpg', NULL, NULL),
(190, NULL, NULL, 39, 1, 6, NULL, '/web/images/galleries/39/416.jpg', NULL, NULL),
(191, NULL, NULL, 40, 1, 1, NULL, '/web/images/galleries/40/588.jpg', NULL, NULL),
(192, NULL, NULL, 40, 1, 2, NULL, '/web/images/galleries/40/591.jpg', NULL, NULL),
(193, NULL, NULL, 40, 1, 3, NULL, '/web/images/galleries/40/592.jpg', NULL, NULL),
(194, NULL, NULL, 40, 1, 4, NULL, '/web/images/galleries/40/593.jpg', NULL, NULL),
(195, NULL, NULL, 41, 1, 1, NULL, '/web/images/galleries/41/411.jpg', NULL, NULL),
(196, NULL, NULL, 41, 1, 2, NULL, '/web/images/galleries/41/412.jpg', NULL, NULL),
(197, NULL, NULL, 41, 1, 3, NULL, '/web/images/galleries/41/413.jpg', NULL, NULL),
(198, NULL, NULL, 41, 1, 4, NULL, '/web/images/galleries/41/414.jpg', NULL, NULL),
(199, NULL, NULL, 41, 1, 5, NULL, '/web/images/galleries/41/415.jpg', NULL, NULL),
(200, NULL, NULL, 41, 1, 6, NULL, '/web/images/galleries/41/416.jpg', NULL, NULL),
(201, NULL, NULL, 41, 1, 7, NULL, '/web/images/galleries/41/432.jpg', NULL, NULL),
(202, NULL, NULL, 41, 1, 8, NULL, '/web/images/galleries/41/433.jpg', NULL, NULL),
(203, NULL, NULL, 42, 1, 1, NULL, '/web/images/galleries/42/434.jpg', NULL, NULL),
(204, NULL, NULL, 42, 1, 2, NULL, '/web/images/galleries/42/525.jpg', NULL, NULL),
(205, NULL, NULL, 42, 1, 3, NULL, '/web/images/galleries/42/526.jpg', NULL, NULL),
(206, NULL, NULL, 42, 1, 4, NULL, '/web/images/galleries/42/527.jpg', NULL, NULL),
(207, NULL, NULL, 42, 1, 5, NULL, '/web/images/galleries/42/528.jpg', NULL, NULL),
(208, NULL, NULL, 42, 1, 6, NULL, '/web/images/galleries/42/529.jpg', NULL, NULL),
(209, NULL, NULL, 42, 1, 7, NULL, '/web/images/galleries/42/530.jpg', NULL, NULL),
(210, NULL, NULL, 42, 1, 8, NULL, '/web/images/galleries/42/531.jpg', NULL, NULL),
(211, NULL, NULL, 42, 1, 9, NULL, '/web/images/galleries/42/532.jpg', NULL, NULL),
(212, NULL, NULL, 43, 1, 1, NULL, '/web/images/galleries/43/580.jpg', NULL, NULL),
(213, NULL, NULL, 43, 1, 2, NULL, '/web/images/galleries/43/581.jpg', NULL, NULL),
(214, NULL, NULL, 43, 1, 3, NULL, '/web/images/galleries/43/582.jpg', NULL, NULL),
(215, NULL, NULL, 43, 1, 4, NULL, '/web/images/galleries/43/583.jpg', NULL, NULL),
(216, NULL, NULL, 43, 1, 5, NULL, '/web/images/galleries/43/584.jpg', NULL, NULL),
(217, NULL, NULL, 43, 1, 6, NULL, '/web/images/galleries/43/585.jpg', NULL, NULL),
(218, NULL, NULL, 43, 1, 7, NULL, '/web/images/galleries/43/586.jpg', NULL, NULL),
(219, NULL, NULL, 43, 1, 8, NULL, '/web/images/galleries/43/587.jpg', NULL, NULL),
(220, NULL, NULL, 44, 1, 1, NULL, '/web/images/galleries/44/525.jpg', NULL, NULL),
(221, NULL, NULL, 44, 1, 2, NULL, '/web/images/galleries/44/526.jpg', NULL, NULL),
(222, NULL, NULL, 44, 1, 3, NULL, '/web/images/galleries/44/527.jpg', NULL, NULL),
(223, NULL, NULL, 44, 1, 4, NULL, '/web/images/galleries/44/528.jpg', NULL, NULL),
(224, NULL, NULL, 44, 1, 5, NULL, '/web/images/galleries/44/529.jpg', NULL, NULL),
(225, NULL, NULL, 44, 1, 6, NULL, '/web/images/galleries/44/530.jpg', NULL, NULL),
(226, NULL, NULL, 44, 1, 7, NULL, '/web/images/galleries/44/531.jpg', NULL, NULL),
(227, NULL, NULL, 44, 1, 8, NULL, '/web/images/galleries/44/532.jpg', NULL, NULL),
(228, NULL, NULL, 45, 1, 1, NULL, '/web/images/galleries/45/411.jpg', NULL, NULL),
(229, NULL, NULL, 45, 1, 2, NULL, '/web/images/galleries/45/412.jpg', NULL, NULL),
(230, NULL, NULL, 45, 1, 3, NULL, '/web/images/galleries/45/413.jpg', NULL, NULL),
(231, NULL, NULL, 45, 1, 4, NULL, '/web/images/galleries/45/414.jpg', NULL, NULL),
(232, NULL, NULL, 45, 1, 5, NULL, '/web/images/galleries/45/415.jpg', NULL, NULL),
(233, NULL, NULL, 45, 1, 6, NULL, '/web/images/galleries/45/416.jpg', NULL, NULL),
(234, NULL, NULL, 46, 1, 1, NULL, '/web/images/galleries/46/594.jpg', NULL, NULL),
(235, NULL, NULL, 46, 1, 2, NULL, '/web/images/galleries/46/595.jpg', NULL, NULL),
(236, NULL, NULL, 46, 1, 3, NULL, '/web/images/galleries/46/596.jpg', NULL, NULL),
(237, NULL, NULL, 46, 1, 4, NULL, '/web/images/galleries/46/597.jpg', NULL, NULL),
(238, NULL, NULL, 46, 1, 5, NULL, '/web/images/galleries/46/598.jpg', NULL, NULL),
(239, NULL, NULL, 46, 1, 6, NULL, '/web/images/galleries/46/599.jpg', NULL, NULL),
(240, NULL, NULL, 47, 1, 1, NULL, '/web/images/galleries/47/525.jpg', NULL, NULL),
(241, NULL, NULL, 47, 1, 2, NULL, '/web/images/galleries/47/526.jpg', NULL, NULL),
(242, NULL, NULL, 47, 1, 3, NULL, '/web/images/galleries/47/527.jpg', NULL, NULL),
(243, NULL, NULL, 47, 1, 4, NULL, '/web/images/galleries/47/528.jpg', NULL, NULL),
(244, NULL, NULL, 47, 1, 5, NULL, '/web/images/galleries/47/529.jpg', NULL, NULL),
(245, NULL, NULL, 47, 1, 6, NULL, '/web/images/galleries/47/530.jpg', NULL, NULL),
(246, NULL, NULL, 47, 1, 7, NULL, '/web/images/galleries/47/531.jpg', NULL, NULL),
(247, NULL, NULL, 47, 1, 8, NULL, '/web/images/galleries/47/532.jpg', NULL, NULL),
(248, NULL, NULL, 48, 1, 1, NULL, '/web/images/galleries/48/411.jpg', NULL, NULL),
(249, NULL, NULL, 48, 1, 2, NULL, '/web/images/galleries/48/412.jpg', NULL, NULL),
(250, NULL, NULL, 48, 1, 3, NULL, '/web/images/galleries/48/413.jpg', NULL, NULL),
(251, NULL, NULL, 48, 1, 4, NULL, '/web/images/galleries/48/414.jpg', NULL, NULL),
(252, NULL, NULL, 48, 1, 5, NULL, '/web/images/galleries/48/415.jpg', NULL, NULL),
(253, NULL, NULL, 48, 1, 6, NULL, '/web/images/galleries/48/416.jpg', NULL, NULL),
(254, NULL, NULL, 49, 1, 1, NULL, '/web/images/galleries/49/601.jpg', NULL, NULL),
(255, NULL, NULL, 49, 1, 2, NULL, '/web/images/galleries/49/602.jpg', NULL, NULL),
(256, NULL, NULL, 49, 1, 3, NULL, '/web/images/galleries/49/603.jpg', NULL, NULL),
(257, NULL, NULL, 49, 1, 4, NULL, '/web/images/galleries/49/604.jpg', NULL, NULL),
(258, NULL, NULL, 49, 1, 5, NULL, '/web/images/galleries/49/605.jpg', NULL, NULL),
(259, NULL, NULL, 50, 1, 1, NULL, '/web/images/galleries/50/411.jpg', NULL, NULL),
(260, NULL, NULL, 50, 1, 2, NULL, '/web/images/galleries/50/412.jpg', NULL, NULL),
(261, NULL, NULL, 50, 1, 3, NULL, '/web/images/galleries/50/413.jpg', NULL, NULL),
(262, NULL, NULL, 50, 1, 4, NULL, '/web/images/galleries/50/414.jpg', NULL, NULL),
(263, NULL, NULL, 50, 1, 5, NULL, '/web/images/galleries/50/415.jpg', NULL, NULL),
(264, NULL, NULL, 50, 1, 6, NULL, '/web/images/galleries/50/416.jpg', NULL, NULL),
(265, NULL, NULL, 51, 1, 1, NULL, '/web/images/galleries/51/558.JPG', NULL, NULL),
(266, NULL, NULL, 51, 1, 2, NULL, '/web/images/galleries/51/559.jpg', NULL, NULL),
(267, NULL, NULL, 51, 1, 3, NULL, '/web/images/galleries/51/560.jpg', NULL, NULL),
(268, NULL, NULL, 51, 1, 4, NULL, '/web/images/galleries/51/561.JPG', NULL, NULL),
(269, NULL, NULL, 51, 1, 5, NULL, '/web/images/galleries/51/562.JPG', NULL, NULL),
(270, NULL, NULL, 51, 1, 6, NULL, '/web/images/galleries/51/563.JPG', NULL, NULL),
(271, NULL, NULL, 51, 1, 7, NULL, '/web/images/galleries/51/564.JPG', NULL, NULL),
(272, NULL, NULL, 51, 1, 8, NULL, '/web/images/galleries/51/565.jpg', NULL, NULL),
(273, NULL, NULL, 51, 1, 9, NULL, '/web/images/galleries/51/566.jpg', NULL, NULL),
(274, NULL, NULL, 51, 1, 10, NULL, '/web/images/galleries/51/567.jpg', NULL, NULL),
(275, NULL, NULL, 51, 1, 11, NULL, '/web/images/galleries/51/568.JPG', NULL, NULL),
(276, NULL, NULL, 51, 1, 12, NULL, '/web/images/galleries/51/569.JPG', NULL, NULL),
(277, NULL, NULL, 52, 1, 1, NULL, '/web/images/galleries/52/525.jpg', NULL, NULL),
(278, NULL, NULL, 52, 1, 2, NULL, '/web/images/galleries/52/526.jpg', NULL, NULL),
(279, NULL, NULL, 52, 1, 3, NULL, '/web/images/galleries/52/527.jpg', NULL, NULL),
(280, NULL, NULL, 52, 1, 4, NULL, '/web/images/galleries/52/528.jpg', NULL, NULL),
(281, NULL, NULL, 52, 1, 5, NULL, '/web/images/galleries/52/529.jpg', NULL, NULL),
(282, NULL, NULL, 52, 1, 6, NULL, '/web/images/galleries/52/530.jpg', NULL, NULL),
(283, NULL, NULL, 52, 1, 7, NULL, '/web/images/galleries/52/531.jpg', NULL, NULL),
(284, NULL, NULL, 52, 1, 8, NULL, '/web/images/galleries/52/532.jpg', NULL, NULL),
(285, NULL, NULL, 53, 1, 1, NULL, '/web/images/galleries/53/411.jpg', NULL, NULL),
(286, NULL, NULL, 53, 1, 2, NULL, '/web/images/galleries/53/412.jpg', NULL, NULL),
(287, NULL, NULL, 53, 1, 3, NULL, '/web/images/galleries/53/413.jpg', NULL, NULL),
(288, NULL, NULL, 53, 1, 4, NULL, '/web/images/galleries/53/414.jpg', NULL, NULL),
(289, NULL, NULL, 53, 1, 5, NULL, '/web/images/galleries/53/415.jpg', NULL, NULL),
(290, NULL, NULL, 53, 1, 6, NULL, '/web/images/galleries/53/416.jpg', NULL, NULL),
(291, NULL, NULL, 54, 1, 1, NULL, '/web/images/galleries/54/606.jpg', NULL, NULL),
(292, NULL, NULL, 54, 1, 2, NULL, '/web/images/galleries/54/607.jpg', NULL, NULL),
(293, NULL, NULL, 54, 1, 3, NULL, '/web/images/galleries/54/608.jpg', NULL, NULL),
(294, NULL, NULL, 54, 1, 4, NULL, '/web/images/galleries/54/609.jpg', NULL, NULL),
(295, NULL, NULL, 54, 1, 5, NULL, '/web/images/galleries/54/610.jpg', NULL, NULL),
(296, NULL, NULL, 54, 1, 6, NULL, '/web/images/galleries/54/611.jpg', NULL, NULL),
(297, NULL, NULL, 54, 1, 7, NULL, '/web/images/galleries/54/612.jpg', NULL, NULL),
(298, NULL, NULL, 55, 1, 1, NULL, '/web/images/galleries/55/525.jpg', NULL, NULL),
(299, NULL, NULL, 55, 1, 2, NULL, '/web/images/galleries/55/526.jpg', NULL, NULL),
(300, NULL, NULL, 55, 1, 3, NULL, '/web/images/galleries/55/527.jpg', NULL, NULL),
(301, NULL, NULL, 55, 1, 4, NULL, '/web/images/galleries/55/528.jpg', NULL, NULL),
(302, NULL, NULL, 55, 1, 5, NULL, '/web/images/galleries/55/529.jpg', NULL, NULL),
(303, NULL, NULL, 55, 1, 6, NULL, '/web/images/galleries/55/530.jpg', NULL, NULL),
(304, NULL, NULL, 55, 1, 7, NULL, '/web/images/galleries/55/531.jpg', NULL, NULL),
(305, NULL, NULL, 55, 1, 8, NULL, '/web/images/galleries/55/532.jpg', NULL, NULL),
(306, NULL, NULL, 56, 1, 1, NULL, '/web/images/galleries/56/411.jpg', NULL, NULL),
(307, NULL, NULL, 56, 1, 2, NULL, '/web/images/galleries/56/412.jpg', NULL, NULL),
(308, NULL, NULL, 56, 1, 3, NULL, '/web/images/galleries/56/413.jpg', NULL, NULL),
(309, NULL, NULL, 56, 1, 4, NULL, '/web/images/galleries/56/414.jpg', NULL, NULL),
(310, NULL, NULL, 56, 1, 5, NULL, '/web/images/galleries/56/415.jpg', NULL, NULL),
(311, NULL, NULL, 56, 1, 6, NULL, '/web/images/galleries/56/416.jpg', NULL, NULL),
(312, NULL, NULL, 57, 1, 1, NULL, '/web/images/galleries/57/613.jpg', NULL, NULL),
(313, NULL, NULL, 57, 1, 2, NULL, '/web/images/galleries/57/614.jpg', NULL, NULL),
(314, NULL, NULL, 57, 1, 3, NULL, '/web/images/galleries/57/615.jpg', NULL, NULL),
(315, NULL, NULL, 57, 1, 4, NULL, '/web/images/galleries/57/616.jpg', NULL, NULL),
(316, NULL, NULL, 57, 1, 5, NULL, '/web/images/galleries/57/617.jpg', NULL, NULL),
(317, NULL, NULL, 58, 1, 1, NULL, '/web/images/galleries/58/525.jpg', NULL, NULL),
(318, NULL, NULL, 58, 1, 2, NULL, '/web/images/galleries/58/526.jpg', NULL, NULL),
(319, NULL, NULL, 58, 1, 3, NULL, '/web/images/galleries/58/527.jpg', NULL, NULL),
(320, NULL, NULL, 58, 1, 4, NULL, '/web/images/galleries/58/528.jpg', NULL, NULL),
(321, NULL, NULL, 58, 1, 5, NULL, '/web/images/galleries/58/529.jpg', NULL, NULL),
(322, NULL, NULL, 58, 1, 6, NULL, '/web/images/galleries/58/530.jpg', NULL, NULL),
(323, NULL, NULL, 58, 1, 7, NULL, '/web/images/galleries/58/531.jpg', NULL, NULL),
(324, NULL, NULL, 58, 1, 8, NULL, '/web/images/galleries/58/532.jpg', NULL, NULL),
(325, NULL, NULL, 59, 1, 1, NULL, '/web/images/galleries/59/618.jpg', NULL, NULL),
(326, NULL, NULL, 59, 1, 2, NULL, '/web/images/galleries/59/619.jpg', NULL, NULL),
(327, NULL, NULL, 59, 1, 3, NULL, '/web/images/galleries/59/620.jpg', NULL, NULL),
(328, NULL, NULL, 59, 1, 4, NULL, '/web/images/galleries/59/621.jpg', NULL, NULL),
(329, NULL, NULL, 59, 1, 5, NULL, '/web/images/galleries/59/622.jpg', NULL, NULL),
(330, NULL, NULL, 59, 1, 6, NULL, '/web/images/galleries/59/623.jpg', NULL, NULL),
(331, NULL, NULL, 59, 1, 7, NULL, '/web/images/galleries/59/624.jpg', NULL, NULL),
(332, NULL, NULL, 59, 1, 8, NULL, '/web/images/galleries/59/625.jpg', NULL, NULL),
(333, NULL, NULL, 59, 1, 9, NULL, '/web/images/galleries/59/626.jpg', NULL, NULL),
(334, NULL, NULL, 59, 1, 10, NULL, '/web/images/galleries/59/627.jpg', NULL, NULL),
(335, NULL, NULL, 59, 1, 11, NULL, '/web/images/galleries/59/628.jpg', NULL, NULL),
(336, NULL, NULL, 59, 1, 12, NULL, '/web/images/galleries/59/629.jpg', NULL, NULL),
(337, NULL, NULL, 60, 1, 1, NULL, '/web/images/galleries/60/525.jpg', NULL, NULL),
(338, NULL, NULL, 60, 1, 2, NULL, '/web/images/galleries/60/526.jpg', NULL, NULL),
(339, NULL, NULL, 60, 1, 3, NULL, '/web/images/galleries/60/527.jpg', NULL, NULL),
(340, NULL, NULL, 60, 1, 4, NULL, '/web/images/galleries/60/528.jpg', NULL, NULL),
(341, NULL, NULL, 60, 1, 5, NULL, '/web/images/galleries/60/529.jpg', NULL, NULL),
(342, NULL, NULL, 60, 1, 6, NULL, '/web/images/galleries/60/530.jpg', NULL, NULL),
(343, NULL, NULL, 60, 1, 7, NULL, '/web/images/galleries/60/531.jpg', NULL, NULL),
(344, NULL, NULL, 60, 1, 8, NULL, '/web/images/galleries/60/532.jpg', NULL, NULL),
(345, NULL, NULL, 61, 1, 1, NULL, '/web/images/galleries/61/411.jpg', NULL, NULL),
(346, NULL, NULL, 61, 1, 2, NULL, '/web/images/galleries/61/412.jpg', NULL, NULL),
(347, NULL, NULL, 61, 1, 3, NULL, '/web/images/galleries/61/413.jpg', NULL, NULL),
(348, NULL, NULL, 61, 1, 4, NULL, '/web/images/galleries/61/414.jpg', NULL, NULL),
(349, NULL, NULL, 61, 1, 5, NULL, '/web/images/galleries/61/415.jpg', NULL, NULL),
(350, NULL, NULL, 61, 1, 6, NULL, '/web/images/galleries/61/416.jpg', NULL, NULL),
(351, NULL, NULL, 62, 1, 1, NULL, '/web/images/galleries/62/640.jpg', NULL, NULL),
(352, NULL, NULL, 62, 1, 2, NULL, '/web/images/galleries/62/641.jpg', NULL, NULL),
(353, NULL, NULL, 62, 1, 3, NULL, '/web/images/galleries/62/642.jpg', NULL, NULL),
(354, NULL, NULL, 62, 1, 4, NULL, '/web/images/galleries/62/643.jpg', NULL, NULL),
(355, NULL, NULL, 62, 1, 5, NULL, '/web/images/galleries/62/644.jpg', NULL, NULL),
(356, NULL, NULL, 63, 1, 1, NULL, '/web/images/galleries/63/525.jpg', NULL, NULL),
(357, NULL, NULL, 63, 1, 2, NULL, '/web/images/galleries/63/526.jpg', NULL, NULL),
(358, NULL, NULL, 63, 1, 3, NULL, '/web/images/galleries/63/527.jpg', NULL, NULL),
(359, NULL, NULL, 63, 1, 4, NULL, '/web/images/galleries/63/528.jpg', NULL, NULL),
(360, NULL, NULL, 63, 1, 5, NULL, '/web/images/galleries/63/529.jpg', NULL, NULL),
(361, NULL, NULL, 63, 1, 6, NULL, '/web/images/galleries/63/530.jpg', NULL, NULL),
(362, NULL, NULL, 63, 1, 7, NULL, '/web/images/galleries/63/531.jpg', NULL, NULL),
(363, NULL, NULL, 63, 1, 8, NULL, '/web/images/galleries/63/532.jpg', NULL, NULL),
(364, NULL, NULL, 64, 1, 1, NULL, '/web/images/galleries/64/411.jpg', NULL, NULL),
(365, NULL, NULL, 64, 1, 2, NULL, '/web/images/galleries/64/412.jpg', NULL, NULL),
(366, NULL, NULL, 64, 1, 3, NULL, '/web/images/galleries/64/413.jpg', NULL, NULL),
(367, NULL, NULL, 64, 1, 4, NULL, '/web/images/galleries/64/414.jpg', NULL, NULL),
(368, NULL, NULL, 64, 1, 5, NULL, '/web/images/galleries/64/415.jpg', NULL, NULL),
(369, NULL, NULL, 64, 1, 6, NULL, '/web/images/galleries/64/416.jpg', NULL, NULL),
(370, NULL, NULL, 65, 1, 1, NULL, '/web/images/galleries/65/635.jpg', NULL, NULL),
(371, NULL, NULL, 65, 1, 2, NULL, '/web/images/galleries/65/636.jpg', NULL, NULL),
(372, NULL, NULL, 65, 1, 3, NULL, '/web/images/galleries/65/637.jpg', NULL, NULL),
(373, NULL, NULL, 65, 1, 4, NULL, '/web/images/galleries/65/638.jpg', NULL, NULL),
(374, NULL, NULL, 65, 1, 5, NULL, '/web/images/galleries/65/639.jpg', NULL, NULL),
(375, NULL, NULL, 66, 1, 1, NULL, '/web/images/galleries/66/525.jpg', NULL, NULL),
(376, NULL, NULL, 66, 1, 2, NULL, '/web/images/galleries/66/526.jpg', NULL, NULL),
(377, NULL, NULL, 66, 1, 3, NULL, '/web/images/galleries/66/527.jpg', NULL, NULL),
(378, NULL, NULL, 66, 1, 4, NULL, '/web/images/galleries/66/528.jpg', NULL, NULL),
(379, NULL, NULL, 66, 1, 5, NULL, '/web/images/galleries/66/529.jpg', NULL, NULL),
(380, NULL, NULL, 66, 1, 6, NULL, '/web/images/galleries/66/530.jpg', NULL, NULL),
(381, NULL, NULL, 66, 1, 7, NULL, '/web/images/galleries/66/531.jpg', NULL, NULL),
(382, NULL, NULL, 66, 1, 8, NULL, '/web/images/galleries/66/532.jpg', NULL, NULL),
(383, NULL, NULL, 67, 1, 1, NULL, '/web/images/galleries/67/411.jpg', NULL, NULL),
(384, NULL, NULL, 67, 1, 2, NULL, '/web/images/galleries/67/412.jpg', NULL, NULL),
(385, NULL, NULL, 67, 1, 3, NULL, '/web/images/galleries/67/413.jpg', NULL, NULL),
(386, NULL, NULL, 67, 1, 4, NULL, '/web/images/galleries/67/414.jpg', NULL, NULL),
(387, NULL, NULL, 67, 1, 5, NULL, '/web/images/galleries/67/415.jpg', NULL, NULL),
(388, NULL, NULL, 67, 1, 6, NULL, '/web/images/galleries/67/416.jpg', NULL, NULL),
(389, NULL, NULL, 68, 1, 1, NULL, '/web/images/galleries/68/623.jpg', NULL, NULL),
(390, NULL, NULL, 68, 1, 2, NULL, '/web/images/galleries/68/624.jpg', NULL, NULL),
(391, NULL, NULL, 68, 1, 3, NULL, '/web/images/galleries/68/625.jpg', NULL, NULL),
(392, NULL, NULL, 68, 1, 4, NULL, '/web/images/galleries/68/626.jpg', NULL, NULL),
(393, NULL, NULL, 68, 1, 5, NULL, '/web/images/galleries/68/627.jpg', NULL, NULL),
(394, NULL, NULL, 68, 1, 6, NULL, '/web/images/galleries/68/628.jpg', NULL, NULL),
(395, NULL, NULL, 68, 1, 7, NULL, '/web/images/galleries/68/629.jpg', NULL, NULL),
(396, NULL, NULL, 69, 1, 1, NULL, '/web/images/galleries/69/525.jpg', NULL, NULL),
(397, NULL, NULL, 69, 1, 2, NULL, '/web/images/galleries/69/526.jpg', NULL, NULL),
(398, NULL, NULL, 69, 1, 3, NULL, '/web/images/galleries/69/527.jpg', NULL, NULL),
(399, NULL, NULL, 69, 1, 4, NULL, '/web/images/galleries/69/528.jpg', NULL, NULL),
(400, NULL, NULL, 69, 1, 5, NULL, '/web/images/galleries/69/529.jpg', NULL, NULL),
(401, NULL, NULL, 69, 1, 6, NULL, '/web/images/galleries/69/530.jpg', NULL, NULL),
(402, NULL, NULL, 69, 1, 7, NULL, '/web/images/galleries/69/531.jpg', NULL, NULL),
(403, NULL, NULL, 69, 1, 8, NULL, '/web/images/galleries/69/532.jpg', NULL, NULL),
(404, NULL, NULL, 70, 1, 1, NULL, '/web/images/galleries/70/411.jpg', NULL, NULL),
(405, NULL, NULL, 70, 1, 2, NULL, '/web/images/galleries/70/412.jpg', NULL, NULL),
(406, NULL, NULL, 70, 1, 3, NULL, '/web/images/galleries/70/413.jpg', NULL, NULL),
(407, NULL, NULL, 70, 1, 4, NULL, '/web/images/galleries/70/414.jpg', NULL, NULL),
(408, NULL, NULL, 70, 1, 5, NULL, '/web/images/galleries/70/415.jpg', NULL, NULL),
(409, NULL, NULL, 70, 1, 6, NULL, '/web/images/galleries/70/416.jpg', NULL, NULL),
(410, NULL, NULL, 71, 1, 1, NULL, '/web/images/galleries/71/618.jpg', NULL, NULL),
(411, NULL, NULL, 71, 1, 2, NULL, '/web/images/galleries/71/619.jpg', NULL, NULL),
(412, NULL, NULL, 71, 1, 3, NULL, '/web/images/galleries/71/620.jpg', NULL, NULL),
(413, NULL, NULL, 71, 1, 4, NULL, '/web/images/galleries/71/621.jpg', NULL, NULL),
(414, NULL, NULL, 71, 1, 5, NULL, '/web/images/galleries/71/622.jpg', NULL, NULL),
(415, NULL, NULL, 72, 1, 1, NULL, '/web/images/galleries/72/525.jpg', NULL, NULL),
(416, NULL, NULL, 72, 1, 2, NULL, '/web/images/galleries/72/526.jpg', NULL, NULL),
(417, NULL, NULL, 72, 1, 3, NULL, '/web/images/galleries/72/527.jpg', NULL, NULL),
(418, NULL, NULL, 72, 1, 4, NULL, '/web/images/galleries/72/528.jpg', NULL, NULL),
(419, NULL, NULL, 72, 1, 5, NULL, '/web/images/galleries/72/529.jpg', NULL, NULL),
(420, NULL, NULL, 72, 1, 6, NULL, '/web/images/galleries/72/530.jpg', NULL, NULL),
(421, NULL, NULL, 72, 1, 7, NULL, '/web/images/galleries/72/531.jpg', NULL, NULL),
(422, NULL, NULL, 72, 1, 8, NULL, '/web/images/galleries/72/532.jpg', NULL, NULL),
(423, NULL, NULL, 73, 1, 1, NULL, '/web/images/galleries/73/411.jpg', NULL, NULL),
(424, NULL, NULL, 73, 1, 2, NULL, '/web/images/galleries/73/412.jpg', NULL, NULL),
(425, NULL, NULL, 73, 1, 3, NULL, '/web/images/galleries/73/413.jpg', NULL, NULL),
(426, NULL, NULL, 73, 1, 4, NULL, '/web/images/galleries/73/414.jpg', NULL, NULL),
(427, NULL, NULL, 73, 1, 5, NULL, '/web/images/galleries/73/415.jpg', NULL, NULL),
(428, NULL, NULL, 73, 1, 6, NULL, '/web/images/galleries/73/416.jpg', NULL, NULL),
(429, NULL, NULL, 74, 1, 1, NULL, '/web/images/galleries/74/631.jpg', NULL, NULL),
(430, NULL, NULL, 74, 1, 2, NULL, '/web/images/galleries/74/632.jpg', NULL, NULL),
(431, NULL, NULL, 74, 1, 3, NULL, '/web/images/galleries/74/633.jpg', NULL, NULL),
(432, NULL, NULL, 74, 1, 4, NULL, '/web/images/galleries/74/634.jpg', NULL, NULL),
(433, NULL, NULL, 75, 1, 1, NULL, '/web/images/galleries/75/525.jpg', NULL, NULL),
(434, NULL, NULL, 75, 1, 2, NULL, '/web/images/galleries/75/526.jpg', NULL, NULL),
(435, NULL, NULL, 75, 1, 3, NULL, '/web/images/galleries/75/527.jpg', NULL, NULL),
(436, NULL, NULL, 75, 1, 4, NULL, '/web/images/galleries/75/528.jpg', NULL, NULL),
(437, NULL, NULL, 75, 1, 5, NULL, '/web/images/galleries/75/529.jpg', NULL, NULL),
(438, NULL, NULL, 75, 1, 6, NULL, '/web/images/galleries/75/530.jpg', NULL, NULL),
(439, NULL, NULL, 75, 1, 7, NULL, '/web/images/galleries/75/531.jpg', NULL, NULL),
(440, NULL, NULL, 75, 1, 8, NULL, '/web/images/galleries/75/532.jpg', NULL, NULL),
(441, NULL, NULL, 76, 1, 1, NULL, '/web/images/galleries/76/411.jpg', NULL, NULL),
(442, NULL, NULL, 76, 1, 2, NULL, '/web/images/galleries/76/412.jpg', NULL, NULL),
(443, NULL, NULL, 76, 1, 3, NULL, '/web/images/galleries/76/413.jpg', NULL, NULL),
(444, NULL, NULL, 76, 1, 4, NULL, '/web/images/galleries/76/414.jpg', NULL, NULL),
(445, NULL, NULL, 76, 1, 5, NULL, '/web/images/galleries/76/415.jpg', NULL, NULL),
(446, NULL, NULL, 76, 1, 6, NULL, '/web/images/galleries/76/416.jpg', NULL, NULL),
(447, NULL, NULL, 77, 1, 1, NULL, '/web/images/galleries/77/650.jpg', NULL, NULL),
(448, NULL, NULL, 77, 1, 2, NULL, '/web/images/galleries/77/651.jpg', NULL, NULL),
(449, NULL, NULL, 77, 1, 3, NULL, '/web/images/galleries/77/652.jpg', NULL, NULL),
(450, NULL, NULL, 77, 1, 4, NULL, '/web/images/galleries/77/653.JPG', NULL, NULL),
(451, NULL, NULL, 77, 1, 5, NULL, '/web/images/galleries/77/654.JPG', NULL, NULL),
(452, NULL, NULL, 78, 1, 1, NULL, '/web/images/galleries/78/525.jpg', NULL, NULL),
(453, NULL, NULL, 78, 1, 2, NULL, '/web/images/galleries/78/526.jpg', NULL, NULL),
(454, NULL, NULL, 78, 1, 3, NULL, '/web/images/galleries/78/527.jpg', NULL, NULL),
(455, NULL, NULL, 78, 1, 4, NULL, '/web/images/galleries/78/528.jpg', NULL, NULL),
(456, NULL, NULL, 78, 1, 5, NULL, '/web/images/galleries/78/529.jpg', NULL, NULL),
(457, NULL, NULL, 78, 1, 6, NULL, '/web/images/galleries/78/530.jpg', NULL, NULL),
(458, NULL, NULL, 78, 1, 7, NULL, '/web/images/galleries/78/531.jpg', NULL, NULL),
(459, NULL, NULL, 78, 1, 8, NULL, '/web/images/galleries/78/532.jpg', NULL, NULL),
(460, NULL, NULL, 79, 1, 1, NULL, '/web/images/galleries/79/411.jpg', NULL, NULL),
(461, NULL, NULL, 79, 1, 2, NULL, '/web/images/galleries/79/412.jpg', NULL, NULL),
(462, NULL, NULL, 79, 1, 3, NULL, '/web/images/galleries/79/413.jpg', NULL, NULL),
(463, NULL, NULL, 79, 1, 4, NULL, '/web/images/galleries/79/414.jpg', NULL, NULL),
(464, NULL, NULL, 79, 1, 5, NULL, '/web/images/galleries/79/415.jpg', NULL, NULL),
(465, NULL, NULL, 79, 1, 6, NULL, '/web/images/galleries/79/416.jpg', NULL, NULL),
(466, NULL, NULL, 80, 1, 1, NULL, '/web/images/galleries/80/525.jpg', NULL, NULL),
(467, NULL, NULL, 80, 1, 2, NULL, '/web/images/galleries/80/526.jpg', NULL, NULL),
(468, NULL, NULL, 80, 1, 3, NULL, '/web/images/galleries/80/527.jpg', NULL, NULL),
(469, NULL, NULL, 80, 1, 4, NULL, '/web/images/galleries/80/528.jpg', NULL, NULL),
(470, NULL, NULL, 80, 1, 5, NULL, '/web/images/galleries/80/529.jpg', NULL, NULL),
(471, NULL, NULL, 80, 1, 6, NULL, '/web/images/galleries/80/530.jpg', NULL, NULL),
(472, NULL, NULL, 80, 1, 7, NULL, '/web/images/galleries/80/531.jpg', NULL, NULL),
(473, NULL, NULL, 80, 1, 8, NULL, '/web/images/galleries/80/532.jpg', NULL, NULL),
(474, NULL, NULL, 81, 1, 1, NULL, '/web/images/galleries/81/411.jpg', NULL, NULL),
(475, NULL, NULL, 81, 1, 2, NULL, '/web/images/galleries/81/412.jpg', NULL, NULL),
(476, NULL, NULL, 81, 1, 3, NULL, '/web/images/galleries/81/413.jpg', NULL, NULL),
(477, NULL, NULL, 81, 1, 4, NULL, '/web/images/galleries/81/414.jpg', NULL, NULL),
(478, NULL, NULL, 81, 1, 5, NULL, '/web/images/galleries/81/415.jpg', NULL, NULL),
(479, NULL, NULL, 81, 1, 6, NULL, '/web/images/galleries/81/416.jpg', NULL, NULL),
(480, NULL, NULL, 82, 1, 1, NULL, '/web/images/galleries/82/650.jpg', NULL, NULL),
(481, NULL, NULL, 82, 1, 2, NULL, '/web/images/galleries/82/651.jpg', NULL, NULL),
(482, NULL, NULL, 82, 1, 3, NULL, '/web/images/galleries/82/652.jpg', NULL, NULL),
(483, NULL, NULL, 82, 1, 4, NULL, '/web/images/galleries/82/653.JPG', NULL, NULL),
(484, NULL, NULL, 82, 1, 5, NULL, '/web/images/galleries/82/654.JPG', NULL, NULL),
(485, NULL, NULL, 83, 1, 1, NULL, '/web/images/galleries/83/525.jpg', NULL, NULL),
(486, NULL, NULL, 83, 1, 2, NULL, '/web/images/galleries/83/526.jpg', NULL, NULL),
(487, NULL, NULL, 83, 1, 3, NULL, '/web/images/galleries/83/527.jpg', NULL, NULL),
(488, NULL, NULL, 83, 1, 4, NULL, '/web/images/galleries/83/528.jpg', NULL, NULL),
(489, NULL, NULL, 83, 1, 5, NULL, '/web/images/galleries/83/529.jpg', NULL, NULL),
(490, NULL, NULL, 83, 1, 6, NULL, '/web/images/galleries/83/530.jpg', NULL, NULL),
(491, NULL, NULL, 83, 1, 7, NULL, '/web/images/galleries/83/531.jpg', NULL, NULL),
(492, NULL, NULL, 83, 1, 8, NULL, '/web/images/galleries/83/532.jpg', NULL, NULL),
(493, NULL, NULL, 84, 1, 1, NULL, '/web/images/galleries/84/411.jpg', NULL, NULL),
(494, NULL, NULL, 84, 1, 2, NULL, '/web/images/galleries/84/412.jpg', NULL, NULL),
(495, NULL, NULL, 84, 1, 3, NULL, '/web/images/galleries/84/413.jpg', NULL, NULL),
(496, NULL, NULL, 84, 1, 4, NULL, '/web/images/galleries/84/414.jpg', NULL, NULL),
(497, NULL, NULL, 84, 1, 5, NULL, '/web/images/galleries/84/415.jpg', NULL, NULL),
(498, NULL, NULL, 84, 1, 6, NULL, '/web/images/galleries/84/416.jpg', NULL, NULL),
(499, NULL, NULL, 85, 1, 1, NULL, '/web/images/galleries/85/650.jpg', NULL, NULL),
(500, NULL, NULL, 85, 1, 2, NULL, '/web/images/galleries/85/651.jpg', NULL, NULL),
(501, NULL, NULL, 85, 1, 3, NULL, '/web/images/galleries/85/652.jpg', NULL, NULL),
(502, NULL, NULL, 85, 1, 4, NULL, '/web/images/galleries/85/653.JPG', NULL, NULL),
(503, NULL, NULL, 85, 1, 5, NULL, '/web/images/galleries/85/654.JPG', NULL, NULL),
(504, NULL, NULL, 86, 1, 1, NULL, '/web/images/galleries/86/525.jpg', NULL, NULL),
(505, NULL, NULL, 86, 1, 2, NULL, '/web/images/galleries/86/526.jpg', NULL, NULL),
(506, NULL, NULL, 86, 1, 3, NULL, '/web/images/galleries/86/527.jpg', NULL, NULL),
(507, NULL, NULL, 86, 1, 4, NULL, '/web/images/galleries/86/528.jpg', NULL, NULL),
(508, NULL, NULL, 86, 1, 5, NULL, '/web/images/galleries/86/529.jpg', NULL, NULL),
(509, NULL, NULL, 86, 1, 6, NULL, '/web/images/galleries/86/530.jpg', NULL, NULL),
(510, NULL, NULL, 86, 1, 7, NULL, '/web/images/galleries/86/531.jpg', NULL, NULL),
(511, NULL, NULL, 86, 1, 8, NULL, '/web/images/galleries/86/532.jpg', NULL, NULL),
(512, NULL, NULL, 87, 1, 1, NULL, '/web/images/galleries/87/411.jpg', NULL, NULL),
(513, NULL, NULL, 87, 1, 2, NULL, '/web/images/galleries/87/412.jpg', NULL, NULL),
(514, NULL, NULL, 87, 1, 3, NULL, '/web/images/galleries/87/413.jpg', NULL, NULL),
(515, NULL, NULL, 87, 1, 4, NULL, '/web/images/galleries/87/414.jpg', NULL, NULL),
(516, NULL, NULL, 87, 1, 5, NULL, '/web/images/galleries/87/415.jpg', NULL, NULL),
(517, NULL, NULL, 87, 1, 6, NULL, '/web/images/galleries/87/416.jpg', NULL, NULL),
(518, NULL, NULL, 88, 1, 1, NULL, '/web/images/galleries/88/650.jpg', NULL, NULL),
(519, NULL, NULL, 88, 1, 2, NULL, '/web/images/galleries/88/651.jpg', NULL, NULL),
(520, NULL, NULL, 88, 1, 3, NULL, '/web/images/galleries/88/652.jpg', NULL, NULL),
(521, NULL, NULL, 88, 1, 4, NULL, '/web/images/galleries/88/653.JPG', NULL, NULL),
(522, NULL, NULL, 88, 1, 5, NULL, '/web/images/galleries/88/654.JPG', NULL, NULL),
(523, NULL, NULL, 89, 1, 1, NULL, '/web/images/galleries/89/525.jpg', NULL, NULL),
(524, NULL, NULL, 89, 1, 2, NULL, '/web/images/galleries/89/526.jpg', NULL, NULL),
(525, NULL, NULL, 89, 1, 3, NULL, '/web/images/galleries/89/527.jpg', NULL, NULL),
(526, NULL, NULL, 89, 1, 4, NULL, '/web/images/galleries/89/528.jpg', NULL, NULL),
(527, NULL, NULL, 89, 1, 5, NULL, '/web/images/galleries/89/529.jpg', NULL, NULL),
(528, NULL, NULL, 89, 1, 6, NULL, '/web/images/galleries/89/530.jpg', NULL, NULL),
(529, NULL, NULL, 89, 1, 7, NULL, '/web/images/galleries/89/531.jpg', NULL, NULL),
(530, NULL, NULL, 89, 1, 8, NULL, '/web/images/galleries/89/532.jpg', NULL, NULL),
(531, NULL, NULL, 90, 1, 1, NULL, '/web/images/galleries/90/650.jpg', NULL, NULL),
(532, NULL, NULL, 90, 1, 2, NULL, '/web/images/galleries/90/651.jpg', NULL, NULL),
(533, NULL, NULL, 90, 1, 3, NULL, '/web/images/galleries/90/652.jpg', NULL, NULL),
(534, NULL, NULL, 90, 1, 4, NULL, '/web/images/galleries/90/653.JPG', NULL, NULL),
(535, NULL, NULL, 90, 1, 5, NULL, '/web/images/galleries/90/654.JPG', NULL, NULL),
(536, NULL, NULL, 91, 1, 1, NULL, '/web/images/galleries/91/411.jpg', NULL, NULL),
(537, NULL, NULL, 91, 1, 2, NULL, '/web/images/galleries/91/412.jpg', NULL, NULL),
(538, NULL, NULL, 91, 1, 3, NULL, '/web/images/galleries/91/413.jpg', NULL, NULL),
(539, NULL, NULL, 91, 1, 4, NULL, '/web/images/galleries/91/414.jpg', NULL, NULL),
(540, NULL, NULL, 91, 1, 5, NULL, '/web/images/galleries/91/415.jpg', NULL, NULL),
(541, NULL, NULL, 91, 1, 6, NULL, '/web/images/galleries/91/416.jpg', NULL, NULL),
(542, NULL, NULL, 92, 1, 1, NULL, '/web/images/galleries/92/525.jpg', NULL, NULL),
(543, NULL, NULL, 92, 1, 2, NULL, '/web/images/galleries/92/526.jpg', NULL, NULL),
(544, NULL, NULL, 92, 1, 3, NULL, '/web/images/galleries/92/527.jpg', NULL, NULL),
(545, NULL, NULL, 92, 1, 4, NULL, '/web/images/galleries/92/528.jpg', NULL, NULL),
(546, NULL, NULL, 92, 1, 5, NULL, '/web/images/galleries/92/529.jpg', NULL, NULL),
(547, NULL, NULL, 92, 1, 6, NULL, '/web/images/galleries/92/530.jpg', NULL, NULL),
(548, NULL, NULL, 92, 1, 7, NULL, '/web/images/galleries/92/531.jpg', NULL, NULL),
(549, NULL, NULL, 92, 1, 8, NULL, '/web/images/galleries/92/532.jpg', NULL, NULL),
(550, NULL, NULL, 93, 1, 1, NULL, '/web/images/galleries/93/411.jpg', NULL, NULL),
(551, NULL, NULL, 93, 1, 2, NULL, '/web/images/galleries/93/412.jpg', NULL, NULL),
(552, NULL, NULL, 93, 1, 3, NULL, '/web/images/galleries/93/413.jpg', NULL, NULL),
(553, NULL, NULL, 93, 1, 4, NULL, '/web/images/galleries/93/414.jpg', NULL, NULL),
(554, NULL, NULL, 93, 1, 5, NULL, '/web/images/galleries/93/415.jpg', NULL, NULL),
(555, NULL, NULL, 93, 1, 6, NULL, '/web/images/galleries/93/416.jpg', NULL, NULL),
(556, NULL, NULL, 94, 1, 1, NULL, '/web/images/galleries/94/650.jpg', NULL, NULL),
(557, NULL, NULL, 94, 1, 2, NULL, '/web/images/galleries/94/651.jpg', NULL, NULL),
(558, NULL, NULL, 94, 1, 3, NULL, '/web/images/galleries/94/652.jpg', NULL, NULL),
(559, NULL, NULL, 94, 1, 4, NULL, '/web/images/galleries/94/653.JPG', NULL, NULL),
(560, NULL, NULL, 94, 1, 5, NULL, '/web/images/galleries/94/654.JPG', NULL, NULL),
(561, NULL, NULL, 95, 1, 1, NULL, '/web/images/galleries/95/525.jpg', NULL, NULL),
(562, NULL, NULL, 95, 1, 2, NULL, '/web/images/galleries/95/526.jpg', NULL, NULL),
(563, NULL, NULL, 95, 1, 3, NULL, '/web/images/galleries/95/527.jpg', NULL, NULL),
(564, NULL, NULL, 95, 1, 4, NULL, '/web/images/galleries/95/528.jpg', NULL, NULL),
(565, NULL, NULL, 95, 1, 5, NULL, '/web/images/galleries/95/529.jpg', NULL, NULL),
(566, NULL, NULL, 95, 1, 6, NULL, '/web/images/galleries/95/530.jpg', NULL, NULL),
(567, NULL, NULL, 95, 1, 7, NULL, '/web/images/galleries/95/531.jpg', NULL, NULL),
(568, NULL, NULL, 95, 1, 8, NULL, '/web/images/galleries/95/532.jpg', NULL, NULL),
(569, NULL, NULL, 96, 1, 1, NULL, '/web/images/galleries/96/411.jpg', NULL, NULL),
(570, NULL, NULL, 96, 1, 2, NULL, '/web/images/galleries/96/412.jpg', NULL, NULL),
(571, NULL, NULL, 96, 1, 3, NULL, '/web/images/galleries/96/413.jpg', NULL, NULL),
(572, NULL, NULL, 96, 1, 4, NULL, '/web/images/galleries/96/414.jpg', NULL, NULL),
(573, NULL, NULL, 96, 1, 5, NULL, '/web/images/galleries/96/415.jpg', NULL, NULL),
(574, NULL, NULL, 96, 1, 6, NULL, '/web/images/galleries/96/416.jpg', NULL, NULL),
(575, NULL, NULL, 97, 1, 1, NULL, '/web/images/galleries/97/650.jpg', NULL, NULL),
(576, NULL, NULL, 97, 1, 2, NULL, '/web/images/galleries/97/651.jpg', NULL, NULL),
(577, NULL, NULL, 97, 1, 3, NULL, '/web/images/galleries/97/652.jpg', NULL, NULL),
(578, NULL, NULL, 97, 1, 4, NULL, '/web/images/galleries/97/653.JPG', NULL, NULL),
(579, NULL, NULL, 97, 1, 5, NULL, '/web/images/galleries/97/654.JPG', NULL, NULL),
(580, NULL, NULL, 98, 1, 1, NULL, '/web/images/galleries/98/525.jpg', NULL, NULL),
(581, NULL, NULL, 98, 1, 2, NULL, '/web/images/galleries/98/526.jpg', NULL, NULL),
(582, NULL, NULL, 98, 1, 3, NULL, '/web/images/galleries/98/527.jpg', NULL, NULL),
(583, NULL, NULL, 98, 1, 4, NULL, '/web/images/galleries/98/528.jpg', NULL, NULL),
(584, NULL, NULL, 98, 1, 5, NULL, '/web/images/galleries/98/529.jpg', NULL, NULL),
(585, NULL, NULL, 98, 1, 6, NULL, '/web/images/galleries/98/530.jpg', NULL, NULL),
(586, NULL, NULL, 98, 1, 7, NULL, '/web/images/galleries/98/531.jpg', NULL, NULL),
(587, NULL, NULL, 98, 1, 8, NULL, '/web/images/galleries/98/532.jpg', NULL, NULL),
(588, NULL, NULL, 99, 1, 1, NULL, '/web/images/galleries/99/411.jpg', NULL, NULL),
(589, NULL, NULL, 99, 1, 2, NULL, '/web/images/galleries/99/412.jpg', NULL, NULL),
(590, NULL, NULL, 99, 1, 3, NULL, '/web/images/galleries/99/413.jpg', NULL, NULL),
(591, NULL, NULL, 99, 1, 4, NULL, '/web/images/galleries/99/414.jpg', NULL, NULL),
(592, NULL, NULL, 99, 1, 5, NULL, '/web/images/galleries/99/415.jpg', NULL, NULL),
(593, NULL, NULL, 99, 1, 6, NULL, '/web/images/galleries/99/416.jpg', NULL, NULL),
(594, NULL, NULL, 100, 1, 1, NULL, '/web/images/galleries/100/180.jpg', NULL, NULL),
(595, NULL, NULL, 100, 1, 2, NULL, '/web/images/galleries/100/181.jpg', NULL, NULL),
(596, NULL, NULL, 100, 1, 3, NULL, '/web/images/galleries/100/182.jpg', NULL, NULL),
(597, NULL, NULL, 100, 1, 4, NULL, '/web/images/galleries/100/183.jpg', NULL, NULL),
(598, NULL, NULL, 100, 1, 5, NULL, '/web/images/galleries/100/650.jpg', NULL, NULL),
(599, NULL, NULL, 100, 1, 6, NULL, '/web/images/galleries/100/651.jpg', NULL, NULL),
(600, NULL, NULL, 100, 1, 7, NULL, '/web/images/galleries/100/652.jpg', NULL, NULL),
(601, NULL, NULL, 100, 1, 8, NULL, '/web/images/galleries/100/653.JPG', NULL, NULL),
(602, NULL, NULL, 100, 1, 9, NULL, '/web/images/galleries/100/654.JPG', NULL, NULL),
(603, NULL, NULL, 101, 1, 1, NULL, '/web/images/galleries/101/525.jpg', NULL, NULL),
(604, NULL, NULL, 101, 1, 2, NULL, '/web/images/galleries/101/526.jpg', NULL, NULL),
(605, NULL, NULL, 101, 1, 3, NULL, '/web/images/galleries/101/527.jpg', NULL, NULL),
(606, NULL, NULL, 101, 1, 4, NULL, '/web/images/galleries/101/528.jpg', NULL, NULL),
(607, NULL, NULL, 101, 1, 5, NULL, '/web/images/galleries/101/529.jpg', NULL, NULL),
(608, NULL, NULL, 101, 1, 6, NULL, '/web/images/galleries/101/530.jpg', NULL, NULL),
(609, NULL, NULL, 101, 1, 7, NULL, '/web/images/galleries/101/531.jpg', NULL, NULL),
(610, NULL, NULL, 101, 1, 8, NULL, '/web/images/galleries/101/532.jpg', NULL, NULL),
(611, NULL, NULL, 102, 1, 1, NULL, '/web/images/galleries/102/411.jpg', NULL, NULL),
(612, NULL, NULL, 102, 1, 2, NULL, '/web/images/galleries/102/412.jpg', NULL, NULL),
(613, NULL, NULL, 102, 1, 3, NULL, '/web/images/galleries/102/413.jpg', NULL, NULL),
(614, NULL, NULL, 102, 1, 4, NULL, '/web/images/galleries/102/414.jpg', NULL, NULL),
(615, NULL, NULL, 102, 1, 5, NULL, '/web/images/galleries/102/415.jpg', NULL, NULL),
(616, NULL, NULL, 102, 1, 6, NULL, '/web/images/galleries/102/416.jpg', NULL, NULL),
(617, 'Сварка сетчатой панели', NULL, 103, 1, 1, NULL, '/web/images/galleries/103/650.jpg', NULL, NULL),
(618, NULL, 'Электроконтактная сварка сетки из проволоки с последующим формированием ребра жесткости', 103, 1, 2, NULL, '/web/images/galleries/103/651.jpg', NULL, NULL),
(619, NULL, 'Пруток загружается в автоматическую сварочную линию для производства панелей, где в автоматическом режиме происходит процесс сварки с последующим формированием элементов пространственной жесткости панели', 103, 1, 3, NULL, '/web/images/galleries/103/652.jpg', NULL, NULL),
(620, NULL, NULL, 103, 1, 4, NULL, '/web/images/galleries/103/653.JPG', NULL, NULL),
(621, NULL, NULL, 103, 1, 5, NULL, '/web/images/galleries/103/654.JPG', NULL, NULL),
(622, NULL, NULL, 104, 1, 1, NULL, '/web/images/galleries/104/403.jpg', NULL, NULL),
(623, NULL, NULL, 104, 1, 2, NULL, '/web/images/galleries/104/404.jpg', NULL, NULL),
(624, NULL, NULL, 104, 1, 3, NULL, '/web/images/galleries/104/405.jpg', NULL, NULL),
(625, NULL, NULL, 104, 1, 4, NULL, '/web/images/galleries/104/406.jpg', NULL, NULL),
(626, NULL, NULL, 104, 1, 5, NULL, '/web/images/galleries/104/407.jpg', NULL, NULL),
(627, NULL, NULL, 104, 1, 6, NULL, '/web/images/galleries/104/408.jpg', NULL, NULL),
(628, NULL, NULL, 104, 1, 7, NULL, '/web/images/galleries/104/409.jpg', NULL, NULL),
(629, 'Индивидуальный подход', 'Наши сотрудники могут предложить решение именно для Вашего объекта, принимая во внимание все особенности местности и погодных условий', 105, 1, 1, '', '/web/images/galleries/about/grid/gallery1-01.jpg', NULL, NULL),
(630, 'Комплексные решения', 'Наши проектировщики и технологи помогут Вам подобрать, рассчитать и подготовить проект ограждения на различных этапах его реализации. Специалисты нашей компании имеют колоссальный опыт по расчету и изготовлению нестандартных ограждений в кратчайшие сроки.', 105, 1, 2, '', '/web/images/galleries/about/grid/gallery1-02.jpg', NULL, NULL),
(631, 'Качественный продукт', 'Защитные ограждения FENSYS изготовлены на нашем собственном, высокотехнологичном производстве с использованием современной техники.Готовая система проходит обязательную проверку качества. Ограждение способно выдержать различные агрессивные среды, подходит для установки в любых климатических условиях и сложных рельефах.', 105, 1, 3, '', '/web/images/galleries/about/grid/gallery1-03.jpg', NULL, NULL),
(632, 'Упаковка и поставка', '	<div class=\"fs-medium-l\">Собственный тарный участок производит индивидуальную упаковку для каждого вида изделий под любые потребности перевозки: автомобильные, контейнерные, морской транспорт. Отгрузка и отправка произведенной продукции осуществляется строго по графику в любые регионы Российской Федерации и страны СНГ.</div>', 105, 1, 4, '', '/web/images/galleries/about/grid/gallery1-04.jpg', NULL, ''),
(633, 'РОСНЕФТЬ', '', 106, 1, 1, '', '/web/images/galleries/client-companies/clients01.png', NULL, NULL);
INSERT INTO `gallery_items` (`id`, `name`, `description`, `gallery_id`, `type`, `order`, `url`, `image`, `file`, `video_source`) VALUES
(634, 'HALLIBURTON', '', 106, 1, 2, '', '/web/images/galleries/client-companies/clients02.png', NULL, NULL),
(635, 'Двуглавый орел', '', 106, 1, 3, '', '/web/images/galleries/client-companies/clients03.png', NULL, NULL),
(636, 'Транснефть', '', 106, 1, 4, '', '/web/images/galleries/client-companies/clients04.png', NULL, NULL),
(637, 'ГАЗПРОМ', '', 106, 1, 5, '', '/web/images/galleries/client-companies/clients05.png', NULL, NULL),
(638, 'Сварка сетчатой панели', '<div class=\"overlay overlay-top overlay-gradient-secondary rounded\">\r\n                <div class=\"text-white\">\r\n                  <div class=\"h2 fw-600\">Сварка сетчатой панели</div>\r\n                  <div>Пруток загружается в автоматическую сврочную линию для производства панелей, где в автоматическом\r\n                    режиме происходит процесс сварки с последующим формированием элементов пространственной жесткости\r\n                    панели.</div>\r\n                </div>\r\n              </div>', 107, 1, 1, '', '/web/images/galleries/nashe-proizvodstvo/gallary-grid1/gallery1-01.jpg', NULL, NULL),
(639, 'Изготовление столбов.', '<div class=\"overlay overlay-bottom-l overlay-gradient-primary rounded\">\r\n                <div class=\"text-white\">\r\n                  <div class=\"h2 fw-600\">Изготовление столбов</div>\r\n                  <div>Профиль столба изготавливается из холоднокатанного горячеоцинкованного металла на прокатных\r\n                    станах с лазерной сваркой продольного шва.</div>\r\n                </div>\r\n              </div>', 107, 1, 2, '', '/web/images/galleries/nashe-proizvodstvo/gallary-grid1/gallery1-02.jpg', NULL, NULL),
(640, 'Термосверление', '<div class=\"overlay overlay-top overlay-gradient-secondary rounded\">\r\n                <div class=\"text-white\">\r\n                  <div class=\"h2 fw-600\">Термосверление</div>\r\n                  <div>Резьбовые отверстия для последующего крепления панелей к основаниям производятся в зависимости от\r\n                    исполнения в готовом столбе методом термосверления по технологии Centerdrill</div>\r\n                </div>\r\n              </div>', 107, 1, 3, '', '/web/images/galleries/nashe-proizvodstvo/gallary-grid1/gallery1-03.jpg', NULL, NULL),
(641, 'Автоматическая линия покраски', '<div class=\"overlay overlay-top overlay-gradient-secondary rounded\">\r\n                <div class=\"text-white\">\r\n                  <div class=\"h2 fw-600\">Автоматическая линия покраски</div>\r\n                  <div>Сваренная панель поступает на автоматическую линию полимерной окраски</div>\r\n                </div>\r\n              </div>', 107, 1, 4, '', '/web/images/galleries/nashe-proizvodstvo/gallary-grid1/gallery1-04.jpg', NULL, NULL),
(642, 'Тара и упаковка', '<div class=\"overlay overlay-top overlay-gradient-secondary rounded\">\r\n                <div class=\"text-white\">\r\n                  <div class=\"h2 fw-600\">Тара и упаковка</div>\r\n                  <div>Собственный тарный участок производит индивидуальную упаковку для каждого вида изделий под любые\r\n                    потребности перевозки: автомобильные, контейнерные, морской транспорт.</div>\r\n                </div>\r\n              </div>', 107, 1, 5, '', '/web/images/galleries/nashe-proizvodstvo/gallary-grid1/gallery1-05.jpg', NULL, NULL),
(643, 'Доставка до заказчика', '<div class=\"overlay overlay-bottom-l overlay-gradient-primary rounded\">\r\n                <div class=\"text-white\">\r\n                  <div class=\"h2 fw-600\">Доставка до заказчика</div>\r\n                  <div>Организовываем надежную и быструю доставку в любые регионы России в соответствии с оговоренными\r\n                    сроками заказа, требованиями к сезонности и географическим особенностям.</div>\r\n                </div>\r\n              </div>', 107, 1, 6, '', '/web/images/galleries/nashe-proizvodstvo/gallary-grid1/gallery1-06.jpg', NULL, NULL),
(644, 'Сварка сетчатой панели', '', 108, 1, 1, '', '/web/images/galleries/nashe-proizvodstvo/gallary-grid2/svarka-seth1.jpg', NULL, NULL),
(645, '', 'Электроконтактная сварка сетки из проволоки с последующим формированием ребра жесткости', 108, 1, 2, '', '/web/images/galleries/nashe-proizvodstvo/gallary-grid2/svarka-seth2.jpg', NULL, NULL),
(646, '', 'Пруток загружается в автоматическую сварочную линию для производства панелей, где в автоматическом режиме происходит процесс сварки с последующим формированием элементов пространственной жесткости панели', 108, 1, 3, '', '/web/images/galleries/nashe-proizvodstvo/gallary-grid2/svarka-seth3.jpg', NULL, NULL),
(647, '', '', 108, 1, 4, '', '/web/images/galleries/nashe-proizvodstvo/gallary-grid2/svarka-seth4.jpg', NULL, NULL),
(648, '', '', 109, 1, 1, '', '/web/images/galleries/nashe-proizvodstvo/gallary-grid3/pokraska01.jpg', NULL, NULL),
(649, 'Процесс покраски изделий на автоматической линии', 'В автоматическом непрерывном цикле производится обезжиривание, пассивация, сушка, нанесение порошкового покрытия с последующей его полимеризацией.', 109, 1, 2, '', '/web/images/galleries/nashe-proizvodstvo/gallary-grid3/pokraska02.jpg', NULL, NULL),
(650, 'Полиэфирное покрытие', 'Все изделия покрываются полиэфирной атмосферостойкой порошковой краской любого цвета по каталогу RAL. Этому предшествует обязательная пассивация изделий', 109, 1, 3, '', '/web/images/galleries/nashe-proizvodstvo/gallary-grid3/pokraska03.jpg', NULL, NULL),
(651, '', '', 109, 1, 4, '', '/web/images/galleries/nashe-proizvodstvo/gallary-grid3/pokraska04.jpg', NULL, NULL),
(652, '', '', 110, 1, 1, '', '/web/images/galleries/nashe-proizvodstvo/gallery-grid4/prod01.jpg', NULL, NULL),
(653, 'Производство столбов', 'Профиль для изготовления столба выполняется из горячеоцинкованного металла на прокатных станах с лазерной сваркой продольного шва. В процессе прокатки происходит нарезка заготовки под требуемый размер.', 110, 1, 2, '', '/web/images/galleries/nashe-proizvodstvo/gallery-grid4/prod02.jpg', NULL, NULL),
(654, '', 'Формирование резьбовых отверстий в металлоконструкциях производят в зависимости от исполнения в готовом столбе. Термосверление осуществляется по методу Centerdrill. Сначала формируется отверстие термовысадкой, затем - накатка резьбы для последующего крепления панелей к столбам.', 110, 1, 3, '', '/web/images/galleries/nashe-proizvodstvo/gallery-grid4/prod03.jpg', NULL, NULL),
(655, '', '', 110, 1, 4, '', '/web/images/galleries/nashe-proizvodstvo/gallery-grid4/prod04.jpg', NULL, NULL),
(656, 'изображение', '', 3, 1, 1, '', '/web/images/galleries/homepage/1/slide01.jpg', NULL, NULL),
(657, 'изображение', '', 3, 1, 2, '', '/web/images/galleries/homepage/1/slide02.jpg', NULL, NULL),
(658, 'изображение', '', 3, 1, 3, '', '/web/images/galleries/homepage/1/slide03.jpg', NULL, NULL),
(659, 'изображение', '', 3, 1, 4, '', '/web/images/galleries/homepage/1/slide04.jpg', NULL, NULL),
(660, 'изображение', '', 4, 1, 1, '', '/web/images/galleries/client-companies/clients01.png', NULL, NULL),
(661, 'изображение', '', 4, 1, 2, '', '/web/images/galleries/client-companies/clients02.png', NULL, NULL),
(662, 'изображение', '', 4, 1, 3, '', '/web/images/galleries/client-companies/clients03.png', NULL, NULL),
(663, 'изображение', '', 4, 1, 4, '', '/web/images/galleries/client-companies/clients04.png', NULL, NULL),
(664, 'изображение', '', 4, 1, 5, '', '/web/images/galleries/client-companies/clients05.png', NULL, NULL),
(665, 'изображение', '', 7, 1, 1, '', '/web/images/slideshow/slideshow-slide01.jpg', NULL, NULL),
(666, 'изображение', '', 7, 1, 2, '', '/web/images/slideshow/slideshow-slide02.jpg', NULL, NULL),
(667, 'изображение', '', 7, 1, 3, '', '/web/images/slideshow/slideshow-slide03.jpg', NULL, NULL),
(668, 'изображение', '', 7, 1, 4, '', '/web/images/slideshow/slideshow-slide04.jpg', NULL, NULL),
(669, 'изображение', '', 7, 1, 5, '', '/web/images/slideshow/slideshow-slide05.jpg', NULL, NULL),
(670, 'изображение', '', 7, 1, 6, '', '/web/images/slideshow/slideshow-slide06.jpg', NULL, NULL),
(671, 'изображение', '', 7, 1, 7, '', '/web/images/slideshow/slideshow-slide07.jpg', NULL, NULL),
(672, 'изображение', '', 7, 1, 8, '', '/web/images/slideshow/slideshow-slide08.jpg', NULL, NULL),
(673, 'изображение', '', 7, 1, 9, '', '/web/images/slideshow/slideshow-slide09.jpg', NULL, NULL),
(674, 'asdasdas', '<h5 class=\"card-designer__title\">BIM семейства - 2 слайд</h5>\r\n\r\n<p>BIM - это бесплатное информационное моделирование зданий для Autodesk Revit, предназначенный для автоматизации рутинных процессов проектирования систем защитных конструкций из 2D и&nbsp;3D ограждений&nbsp;на основе панелей, включая входные группы и дополнительные элементы усиления конструкции.</p>\r\n\r\n<p>BIM - это бесплатное информационное моделирование зданий для Autodesk Revit, предназначенный для автоматизации</p>\r\n', 111, 2, 1, '', '', NULL, '/web/images/video/sample-5s.mp4'),
(675, 'ssss', '<h5 class=\"card-designer__title\">BIM семейства - 2 слайд</h5>\r\n\r\n<p>BIM - это бесплатное информационное моделирование зданий для Autodesk Revit, предназначенный для автоматизации рутинных процессов проектирования систем защитных конструкций из 2D и&nbsp;3D ограждений&nbsp;на основе панелей, включая входные группы и дополнительные элементы усиления конструкции.</p>\r\n\r\n<p>BIM - это бесплатное информационное моделирование зданий для Autodesk Revit, предназначенный для автоматизации</p>\r\n', 111, 2, 1, '', '', NULL, '/web/images/video/sample-5s.mp4'),
(676, 'dddddddd', '<h5 class=\"card-designer__title\">BIM семейства - 2 слайд</h5>\r\n\r\n<p>BIM - это бесплатное информационное моделирование зданий для Autodesk Revit, предназначенный для автоматизации рутинных процессов проектирования систем защитных конструкций из 2D и&nbsp;3D ограждений&nbsp;на основе панелей, включая входные группы и дополнительные элементы усиления конструкции.</p>\r\n\r\n<p>BIM - это бесплатное информационное моделирование зданий для Autodesk Revit, предназначенный для автоматизации</p>\r\n', 111, 2, 1, '', '', NULL, '/web/images/video/sample-5s.mp4');

-- --------------------------------------------------------

--
-- Структура таблицы `mails`
--

CREATE TABLE `mails` (
  `id` int(11) NOT NULL,
  `name` varchar(255) DEFAULT NULL,
  `template_id` int(11) DEFAULT NULL,
  `notification_id` int(11) DEFAULT NULL,
  `targets` varchar(255) DEFAULT NULL,
  `params` text DEFAULT NULL
) ENGINE=InnoDB DEFAULT CHARSET=utf8mb4 COLLATE=utf8mb4_general_ci;

--
-- Дамп данных таблицы `mails`
--

INSERT INTO `mails` (`id`, `name`, `template_id`, `notification_id`, `targets`, `params`) VALUES
(1, 'asdasdasda', 27, 1, '{\"roles\":[\"admin\"],\"emails\":\"asdas@asdad.ru\",\"users\":[]}', '{\"header\":\"dgddfgsdfsfsdfsfd\"}'),
(3, 'Письмо пользователю после регистрации', 29, 2, '{\"roles\":[],\"emails\":\"{user.email}\",\"users\":[]}', '{\"subject\":\"Тема письма\",\"header\":\"Заголовок \",\"email\":\"{user.email}\",\"password\":\"{user.password}\",\"content\":\"Содержание\",\"footer\":\"Надпись под содержанием\",\"button-text\":\"Подтвердить регистрацию\"}');

-- --------------------------------------------------------

--
-- Структура таблицы `materials`
--

CREATE TABLE `materials` (
  `id` int(11) NOT NULL,
  `category_id` int(11) DEFAULT NULL,
  `gallery_id` int(11) DEFAULT NULL,
  `name` varchar(255) DEFAULT NULL,
  `image` varchar(255) DEFAULT NULL,
  `description` text DEFAULT NULL,
  `short_description` text DEFAULT NULL,
  `video_url` varchar(255) DEFAULT NULL,
  `program_id` int(11) DEFAULT NULL
) ENGINE=InnoDB DEFAULT CHARSET=utf8mb4 COLLATE=utf8mb4_general_ci;

--
-- Дамп данных таблицы `materials`
--

INSERT INTO `materials` (`id`, `category_id`, `gallery_id`, `name`, `image`, `description`, `short_description`, `video_url`, `program_id`) VALUES
(100, 1, 28, 'Противотаранное устройство свайный фундамент.', '/web/images/materials/bim/ptu_svainiy_fundament/ptu_fensys_revit sv.jpg', '<p>Данный файл будет полезным проктировщикам любых объектов, кто хочет показать как сроиходит стыковка панелей с калиткой.</p>\r\n', '', 'https://m.dzen.ru/embed/vb0PZfQ8wBEQ', 2),
(101, 1, NULL, 'Противотаранное устройство отдельный фундамент.', '/web/images/materials/bim/ptu_otdelniy_fundament/ptu_fensys_revit ot.jpg', '', '', 'https://m.dzen.ru/embed/vb0PZfQ8wBEQ', NULL),
(102, 1, NULL, 'Противотаранное устройство общий фундамент.', '/web/images/materials/bim/ptu_obshiy_fundament/ptu_fensys_revit ob.jpg', '', '', 'https://m.dzen.ru/embed/vb0PZfQ8wBEQ', NULL),
(103, 1, NULL, 'Кронштейн под столб 60х80', '/web/images/materials/bim/kronshtein 60х80/kronshtein.jpg', '', '', 'https://m.dzen.ru/embed/v0FAMKrO8B1I', NULL),
(104, 1, NULL, 'Панель в рамке, ширина 2000', '/web/images/materials/bim/Panel_v_ramke_2000/panel_v_ramke_1.jpg', NULL, NULL, 'https://m.dzen.ru/embed/vKGtzJjAw6U0', NULL),
(105, 1, NULL, 'Панель в рамке, ширина 3000', '/web/images/materials/bim/Panel_v_ramke_3000/panel_v_ramke_1.jpg', NULL, NULL, 'https://m.dzen.ru/embed/vKGtzJjAw6U0', NULL),
(106, 1, NULL, 'Панель в рамке, ширина 2500 мм', '/web/images/materials/bim/panel_v_ramke_2500/panel_v_ramke_1.jpg', NULL, NULL, 'https://m.dzen.ru/embed/vKGtzJjAw6U0', NULL),
(107, 1, NULL, 'Техограда универсальная, ширина 2000 мм', '/web/images/materials/bim/Tehograda_2000_uni/texograda_uni.jpg', NULL, NULL, 'https://m.dzen.ru/embed/vG91Yh6RPXmc', NULL),
(108, 1, NULL, 'Техограда безопасная, ширина 2000 мм', '/web/images/materials/bim/Tehograda_2000_bezo/texograda_uni.jpg', NULL, NULL, 'https://m.dzen.ru/embed/vG91Yh6RPXmc', NULL),
(109, 1, NULL, 'Техограда универсальная, ширина 2500 мм', '/web/images/materials/bim/Tehograda_2500_uni/texograda_uni.jpg', NULL, NULL, 'https://m.dzen.ru/embed/vG91Yh6RPXmc', NULL),
(110, 1, NULL, 'Техограда безопасная, ширина 2500 мм', '/web/images/materials/bim/Tehograda_2000_bezo/texograda_uni.jpg', NULL, NULL, 'https://m.dzen.ru/embed/vG91Yh6RPXmc', NULL),
(111, 1, NULL, 'Техограда универсальная, ширина 3000 мм', '/web/images/materials/bim/Tehograda_3000_uni/texograda_uni.jpg', NULL, NULL, 'https://m.dzen.ru/embed/vG91Yh6RPXmc', NULL),
(112, 1, NULL, 'Техограда безопасная, ширина 3000 мм', '/web/images/materials/bim/Tehograda_3000_bezo/texograda_uni.jpg', NULL, NULL, 'https://m.dzen.ru/embed/vG91Yh6RPXmc', NULL),
(113, 1, NULL, 'Ограждение составное 3D, до 6000 мм, ширина 3100 мм', '/web/images/materials/bim/ograzhdenie_sostavnoe_panel_3D_3100/sostavnaya3D.jpg', NULL, NULL, 'https://m.dzen.ru/embed/v_mJgxrbjlGU', NULL),
(114, 1, NULL, 'Ограждение составное 3D, до 6000 мм, ширина 3000', '/web/images/materials/bim/ograzhdenie_sostavnoe_panel_3D_3000/sostavnaya3D.jpg', NULL, NULL, 'https://m.dzen.ru/embed/v_mJgxrbjlGU', NULL),
(115, 1, NULL, 'Ограждение составное 3D, до 6000 мм, ширина 2500', '/web/images/materials/bim/ograzhdenie_sostavnoe_panel_3D_2500/sostavnaya3D.jpg', NULL, NULL, 'https://m.dzen.ru/embed/v_mJgxrbjlGU', NULL),
(116, 1, NULL, 'Ограждение составное 3D, до 6000 мм, ширина 2400', '/web/images/materials/bim/ograzhdenie_sostavnoe_panel_3D_2400/sostavnaya3D.jpg', NULL, NULL, 'https://m.dzen.ru/embed/v_mJgxrbjlGU', NULL),
(117, 1, NULL, 'Ограждение составное 2D, до 6000 мм, ширина 3000', '/web/images/materials/bim/ograzhdenie_sostavnoe_panel_2D_3000/sostavnaya2D_1.jpg', NULL, NULL, 'https://m.dzen.ru/embed/vlVXy-m8wAWE', NULL),
(118, 1, NULL, 'Ограждение составное 2D, до 6000 мм, ширина 2500', '/web/images/materials/bim/ograzhdenie_sostavnoe_panel_2D_2500/sostavnaya2D_1.jpg', NULL, NULL, 'https://m.dzen.ru/embed/vlVXy-m8wAWE', NULL),
(119, 1, NULL, 'Ограждения 2D шириной 3100', '/web/images/materials/bim/ograzhdenie_panel_2D_3100/2d46464.jpg', NULL, NULL, 'https://m.dzen.ru/embed/vlVXy-m8wAWE', NULL),
(120, 1, NULL, 'Ограждения 2D шириной 3000', '/web/images/materials/bim/ograzhdenie_panel_2D_3000/2d46464.jpg', NULL, NULL, 'https://m.dzen.ru/embed/vEXzGPRWRuUA', NULL),
(121, 1, NULL, 'Ограждения 2D шириной 2500', '/web/images/materials/bim/ograzhdenie_panel_2D_2500/2d46464.jpg', NULL, NULL, 'https://m.dzen.ru/embed/vEXzGPRWRuUA', NULL),
(122, 1, NULL, 'Ограждения 3D шириной 2400', '/web/images/materials/bim/ograzhdenie_panel_2400_1/ograzhdenie_panel.jpg', NULL, NULL, 'https://m.dzen.ru/embed/voaCZucrQ-Dk', NULL),
(123, 1, NULL, 'Ограждения 3D шириной 2500', '/web/images/materials/bim/ograzhdenie_panel_2500_1/ograzhdenie_panel.jpg', NULL, NULL, 'https://m.dzen.ru/embed/voaCZucrQ-Dk', NULL),
(124, 1, NULL, 'Ограждения 3D шириной 3000', '/web/images/materials/bim/ograzhdenie_panel_3000_1/ograzhdenie_panel.jpg', NULL, NULL, 'https://m.dzen.ru/embed/voaCZucrQ-Dk', NULL),
(125, 1, NULL, 'Ограждения 3D шириной 3100', '/web/images/materials/bim/ograzhdenie_panel_3100_1/ograzhdenie_panel.jpg', NULL, NULL, 'https://m.dzen.ru/embed/voaCZucrQ-Dk', NULL),
(126, 1, NULL, 'Насадки с барьерами', '/web/images/materials/bim/nasadki/nasadki-s-barerami.jpg', NULL, NULL, 'https://m.dzen.ru/embed/vOjdSmN9U1G8', NULL),
(127, 1, NULL, 'Насадки с панелями', '/web/images/materials/bim/nasadki_s_panelyami/nasadki-s-panelyami.jpg', NULL, NULL, 'https://m.dzen.ru/embed/vOjdSmN9U1G8', NULL),
(128, 1, NULL, 'Сборка насадок угол 60', '/web/images/materials/bim/sborka_nasadok_ugol_60/sborka-nasadok.jpg', NULL, NULL, 'https://m.dzen.ru/embed/vUWxvB1zkQks', NULL),
(129, 1, NULL, 'Сборка насадок угол 75', '/web/images/materials/bim/sborka_nasadok_ugol_75/sborka-nasadok.jpg', NULL, NULL, 'https://m.dzen.ru/embed/vUWxvB1zkQks', NULL),
(130, 1, NULL, 'Сборка насадок угол 90', '/web/images/materials/bim/sborka_nasadok_ugol_90/sborka-nasadok.jpg', NULL, NULL, 'https://m.dzen.ru/embed/vUWxvB1zkQks', NULL),
(131, 1, NULL, 'Сборка насадок угол 105', '/web/images/materials/bim/sborka_nasadok_ugol_105/sborka-nasadok.jpg', NULL, NULL, 'https://m.dzen.ru/embed/vUWxvB1zkQks', NULL),
(132, 1, NULL, 'Сборка насадок угол 120', '/web/images/materials/bim/sborka_nasadok_ugol_120/sborka-nasadok.jpg', NULL, NULL, 'https://m.dzen.ru/embed/vUWxvB1zkQks', NULL),
(133, 1, NULL, 'Сборка насадок угол 135', '/web/images/materials/bim/sborka_nasadok_ugol_135/sborka-nasadok.jpg', NULL, NULL, 'https://m.dzen.ru/embed/vUWxvB1zkQks', NULL),
(134, 1, NULL, 'Противоподкоп', '/web/images/materials/bim/protivopodkopnoe_ograzhdeie/protivopodkopnoe-ograzhdenie.jpg', NULL, NULL, 'https://m.dzen.ru/embed/v-4_yJO4MbRM', NULL),
(135, 1, NULL, 'Распашные ворота PROM UL BARS', '/web/images/materials/bim/vorota-raspashnye_PROM_UL_BARS/vorota-raspashnye_prom_bars.jpg', NULL, NULL, 'https://m.dzen.ru/embed/vLw7tCFlvMCM', NULL),
(136, 1, NULL, 'Распашные ворота PROM UL FENCE', '/web/images/materials/bim/vorota-raspashnye_PROM_UL_FENCE/vorota-raspashnye_prom_fence.jpg', NULL, NULL, 'https://m.dzen.ru/embed/vLw7tCFlvMCM', NULL),
(137, 1, NULL, 'Распашные ворота PROM UM BARS', '/web/images/materials/bim/vorota-raspashnye_PROM_UM_BARS/vorota-raspashnye_prom_bars.jpg', NULL, NULL, 'https://m.dzen.ru/embed/vLw7tCFlvMCM', NULL),
(138, 1, NULL, 'Распашные ворота PROM UM FENCE', '/web/images/materials/bim/vorota-raspashnye_PROM_UM_FENCE/vorota-raspashnye_prom_fence.jpg', NULL, NULL, 'https://m.dzen.ru/embed/vLw7tCFlvMCM', NULL),
(139, 1, NULL, 'Распашные ворота PROM US BARS', '/web/images/materials/bim/vorota-raspashnye_PROM_US_BARS/vorota-raspashnye_prom_bars.jpg', NULL, NULL, 'https://m.dzen.ru/embed/vLw7tCFlvMCM', NULL),
(140, 1, NULL, 'Распашные ворота PROM US FENCE', '/web/images/materials/bim/vorota-raspashnye_PROM_US_FENCE/vorota-raspashnye_prom_fence.jpg', NULL, NULL, 'https://m.dzen.ru/embed/vLw7tCFlvMCM', NULL),
(141, 1, NULL, 'Распашные ворота PROM UXL BARS', '/web/images/materials/bim/vorota-raspashnye_PROM_UXL_BARS/vorota-raspashnye_prom_bars.jpg', NULL, NULL, 'https://m.dzen.ru/embed/vLw7tCFlvMCM', NULL),
(142, 1, NULL, 'Распашные ворота PROM UXL FENCE', '/web/images/materials/bim/vorota-raspashnye_PROM_UXL_FENCE/vorota-raspashnye_prom_fence.jpg', NULL, NULL, 'https://m.dzen.ru/embed/vLw7tCFlvMCM', NULL),
(143, 1, NULL, 'Распашные ворота PROM UXXL BARS', '/web/images/materials/bim/vorota-raspashnye_PROM_UXXL_BARS/vorota-raspashnye_prom_bars.jpg', NULL, NULL, 'https://m.dzen.ru/embed/vLw7tCFlvMCM', NULL),
(144, 1, NULL, 'Распашные ворота PROM UXXL FENCE', '/web/images/materials/bim/vorota-raspashnye_PROM_UXXL_FENCE/vorota-raspashnye_prom_fence.jpg', NULL, NULL, 'https://m.dzen.ru/embed/vLw7tCFlvMCM', NULL),
(145, 1, NULL, 'Откатные ворота- открывание влево', '/web/images/materials/bim/vorota-otkatnye_otkryvanie-vlevo/vorota-otkatnye_otkryvanie-vlevo.jpg', NULL, NULL, 'https://m.dzen.ru/embed/v4GMKcBw_UDE', NULL),
(146, 1, NULL, 'Откатные ворота- открывание вправо', '/web/images/materials/bim/vorota-otkatnye_otkryvanie-vpravo/vorota-otkatnye_otkryvanie-vpravo.jpg', NULL, NULL, 'https://m.dzen.ru/embed/v4GMKcBw_UDE', NULL),
(147, 1, NULL, 'Калитки PROM BARS', '/web/images/materials/bim/vorota-otkatnye_otkryvanie-vpravo/kalitki_bim2.jpg', NULL, NULL, 'https://m.dzen.ru/embed/vVFcZ_PIjHjM', NULL),
(148, 1, NULL, 'Калитки PROM FENCE (заполнение сварной сеткой)', '/web/images/materials/bim/kalitka_PROM_H1300-2500/kalitki_bim1.jpg', NULL, NULL, 'https://m.dzen.ru/embed/vVFcZ_PIjHjM', NULL),
(149, 2, NULL, '3D панели', '/web/images/materials/dwg/3d_panels/3d_panels.jpg', '<p>Блоки панелей и противоподкопных заграждений. Представлена высота от 0,53 до 3,43 м.</p>\r\n', '', '', NULL),
(150, 2, NULL, 'Столбы', '/web/images/materials/dwg/2_Stolbi_profili_bloki/stolby_i_profili.jpg', '<p>Блоки столбов и крепежа панелей к столбам. Профиль столбов от 40х40 до 120х120 мм.</p>\r\n', '', '', NULL),
(151, 2, NULL, 'Крепеж', '/web/images/materials/dwg/3_krepej_bloki/krepej.jpg', '<p>Блоки крепления панелей к столбам и используемые в установке метизы.</p>\r\n', '', '', NULL),
(152, 2, NULL, 'Дополнительные элементы ограждения', '/web/images/materials/dwg/prochie_elementi_ograjdeniya/prochie_elementy.jpg', '<p>Блоки насадок для крепления ПББ, СББ из АКЛ, струна, АКЛ, кронштейны ТСО.</p>\r\n', '', '', NULL),
(153, 2, NULL, 'Технические решения', '/web/images/materials/dwg/ograjdeniya_resheniya/panely_bloki.jpg', '<p>Различные решения на основе 3D панелей</p>\r\n', '', '', NULL),
(154, 2, NULL, 'Ворота распашные', '/web/images/materials/dwg/vorota_raspashnie/vorota_raspashnye.jpg', '<p>Блоки стандартных распашных ворот с установкой на фланец, под бетонирование, либо на армокаркасс.</p>\r\n', '', '', NULL),
(155, 2, NULL, 'Ворота откатные', '/web/images/materials/dwg/vorota_otkatnie/vorota_otkatnye.jpg', '<p>Динамические блоки откатных ворот с шириной от 3 до 9,5 м.</p>\r\n', '', '', NULL),
(156, 2, NULL, 'Калитки', '/web/images/materials/dwg/kalitki/kalitki.jpg', '<p>Динамические блоки с калитками, заполнение: труба, плоская панель. Разные варианты установки.</p>\r\n', '', '', NULL),
(157, 2, NULL, 'Техограда серии «Безопасный»', '/web/images/materials/dwg/techograda_bezopasniy/panely_bloki.jpg', '<p>Блоки панелей и столбов &laquo;техограды&raquo; Представлена высота от 0,5 до 2,5 м.</p>\r\n', '', '', NULL),
(158, 2, NULL, 'Техограда серии «Строгий»', '/web/images/materials/dwg/techograda_strogiy/panely_bloki.jpg', '<p>Блоки панелей и столбов &laquo;техограды&raquo; Представлена высота от 0,5 до 2,5 м.</p>\r\n', '', '', NULL),
(159, 2, NULL, 'Техограда серии «Безопасный с 3мя направляющими»', '/web/images/materials/dwg/techograda_bezopasniy_2/panely_bloki.jpg', '<p>Блоки панелей и столбов &laquo;техограды&raquo; Представлена высота от 0,5 до 2,5 м.</p>\r\n', '', '', NULL),
(160, NULL, NULL, 'Тестовый материал - Проект \"ТЕСТ\" созданный в Model Studio CS', '/web/images/materials/categories/revit.png', '<p>adadadadasd</p>\r\n', '<p>adadasdasdadasd</p>\r\n', '', 1);

-- --------------------------------------------------------

--
-- Структура таблицы `materials_category`
--

CREATE TABLE `materials_category` (
  `id` int(11) NOT NULL,
  `name` varchar(255) DEFAULT NULL,
  `image` varchar(255) DEFAULT NULL,
  `description` text DEFAULT NULL,
  `parent_id` int(11) DEFAULT NULL
) ENGINE=InnoDB DEFAULT CHARSET=utf8mb4 COLLATE=utf8mb4_general_ci;

--
-- Дамп данных таблицы `materials_category`
--

INSERT INTO `materials_category` (`id`, `name`, `image`, `description`, `parent_id`) VALUES
(1, 'Сетчатые ограждения и входные группы', '', '', NULL),
(2, 'Чертежи DWG', '', '', 1),
(3, 'Model Studio CS', '/web/images/materials/categories/model_studio.jpg', '<p>Model Studio CS обладает всеми необходимыми инструментами для проектирования конструкций любой сложности. В этой программе представлена обширная библиотека элементов, где можно найти сборные бетонные конструкции, разработанные по сериям и ГОСТам.</p>\r\n', NULL),
(4, 'Revit-семейства', '/web/images/materials/categories/revit.png', '<p>Revit &mdash;&nbsp;программный комплекс компании Autodesk для автоматизированного проектирования, реализующий принцип информационного моделирования зданий (BIM).</p>\r\n', NULL),
(5, 'Плагины AutoCAD', '/web/images/materials/categories/plugin.jpeg', '<p>Плагин FENSYS Lite является инновационным программным обеспечением, которое помогает проектировщикам экономить ценное время при создании проектов.</p>\r\n', NULL);

-- --------------------------------------------------------

--
-- Структура таблицы `materials_files`
--

CREATE TABLE `materials_files` (
  `id` int(11) NOT NULL,
  `name` varchar(255) DEFAULT NULL,
  `type` int(11) DEFAULT NULL,
  `file` varchar(255) DEFAULT NULL
) ENGINE=InnoDB DEFAULT CHARSET=utf8mb4 COLLATE=utf8mb4_general_ci;

--
-- Дамп данных таблицы `materials_files`
--

INSERT INTO `materials_files` (`id`, `name`, `type`, `file`) VALUES
(198, 'Противотаранное устройство свайный фундамент.', 3, '/materials/bim/ptu_svainiy_fundament/ptu_svainiy_fundament.rfa'),
(199, 'Противотаранное устройство свайный фундамент..Инструкция', 2, '/materials/bim/ptu_svainiy_fundament/instryksii_ograjdeniya.pdf'),
(200, 'Противотаранное устройство отдельный фундамент.', 3, '/materials/bim/ptu_otdelniy_fundament/ptu_otdelniy_fundament.rfa'),
(201, 'Противотаранное устройство отдельный фундамент..Инструкция', 2, '/materials/bim/ptu_otdelniy_fundament/instryksii_ograjdeniya.pdf'),
(202, 'Противотаранное устройство общий фундамент.', 3, '/materials/bim/ptu_obshiy_fundament/ptu_obshiy_fundament.rfa'),
(203, 'Противотаранное устройство общий фундамент..Инструкция', 2, '/materials/bim/ptu_obshiy_fundament/instryksii_ograjdeniya.pdf'),
(204, 'Кронштейн под столб 60х80', 3, '/materials/bim/kronshtein 60х80/kronshtein 60х80.rfa'),
(205, 'Кронштейн под столб 60х80.Инструкция', 2, '/materials/bim/kronshtein 60х80/instryksii_ograjdeniya.pdf'),
(206, 'Панель в рамке, ширина 2000', 3, '/materials/bim/Panel_v_ramke_2000/Panel_v_ramke_2000.rar'),
(207, 'Панель в рамке, ширина 2000.Инструкция', 2, '/materials/bim/Panel_v_ramke_2000/instryksii_ograjdeniya.pdf'),
(208, 'Панель в рамке, ширина 3000', 3, '/materials/bim/Panel_v_ramke_3000/Panel_v_ramke_3000.rar'),
(209, 'Панель в рамке, ширина 3000.Инструкция', 2, '/materials/bim/Panel_v_ramke_3000/instryksii_ograjdeniya.pdf'),
(210, 'Панель в рамке, ширина 2500 мм', 3, '/materials/bim/panel_v_ramke_2500/panel_v_ramke_2500.rfa'),
(211, 'Панель в рамке, ширина 2500 мм.Инструкция', 2, '/materials/bim/panel_v_ramke_2500/instryksii_ograjdeniya.pdf'),
(212, 'Техограда универсальная, ширина 2000 мм', 3, '/materials/bim/Tehograda_2000_uni/Tehograda_2000_uni.rar'),
(213, 'Техограда универсальная, ширина 2000 мм.Инструкция', 2, '/materials/bim/Tehograda_2000_uni/instryksii_ograjdeniya.pdf'),
(214, 'Техограда безопасная, ширина 2000 мм', 3, '/materials/bim/Tehograda_2000_bezo/Tehograda_2000_bezo.rar'),
(215, 'Техограда безопасная, ширина 2000 мм.Инструкция', 2, '/materials/bim/Tehograda_2000_bezo/instryksii_ograjdeniya.pdf'),
(216, 'Техограда универсальная, ширина 2500 мм', 3, '/materials/bim/Tehograda_2500_uni/Tehograda_2500_uni.rar'),
(217, 'Техограда универсальная, ширина 2500 мм.Инструкция', 2, '/materials/bim/Tehograda_2500_uni/instryksii_ograjdeniya.pdf'),
(218, 'Техограда безопасная, ширина 2500 мм', 3, '/materials/bim/Tehograda_2000_bezo/Tehograda_2000_bezo.rar'),
(219, 'Техограда безопасная, ширина 2500 мм.Инструкция', 2, '/materials/bim/Tehograda_2000_bezo/instryksii_ograjdeniya.pdf'),
(220, 'Техограда универсальная, ширина 3000 мм', 3, '/materials/bim/Tehograda_3000_uni/Tehograda_3000_uni.rar'),
(221, 'Техограда универсальная, ширина 3000 мм.Инструкция', 2, '/materials/bim/Tehograda_3000_uni/instryksii_ograjdeniya.pdf'),
(222, 'Техограда безопасная, ширина 3000 мм', 3, '/materials/bim/Tehograda_3000_bezo/Tehograda_3000_bezo.rar'),
(223, 'Техограда безопасная, ширина 3000 мм.Инструкция', 2, '/materials/bim/Tehograda_3000_bezo/instryksii_ograjdeniya.pdf'),
(224, 'Ограждение составное 3D, до 6000 мм, ширина 3100 мм', 3, '/materials/bim/ograzhdenie_sostavnoe_panel_3D_3100/ograzhdenie_sostavnoe_panel_3D_3100.rfa'),
(225, 'Ограждение составное 3D, до 6000 мм, ширина 3100 мм.Инструкция', 2, '/materials/bim/ograzhdenie_sostavnoe_panel_3D_3100/instryksii_ograjdeniya.pdf'),
(226, 'Ограждение составное 3D, до 6000 мм, ширина 3000', 3, '/materials/bim/ograzhdenie_sostavnoe_panel_3D_3000/ograzhdenie_sostavnoe_panel_3D_3000.rfa'),
(227, 'Ограждение составное 3D, до 6000 мм, ширина 3000.Инструкция', 2, '/materials/bim/ograzhdenie_sostavnoe_panel_3D_3000/instryksii_ograjdeniya.pdf'),
(228, 'Ограждение составное 3D, до 6000 мм, ширина 2500', 3, '/materials/bim/ograzhdenie_sostavnoe_panel_3D_2500/ograzhdenie_sostavnoe_panel_3D_2500.rfa'),
(229, 'Ограждение составное 3D, до 6000 мм, ширина 2500.Инструкция', 2, '/materials/bim/ograzhdenie_sostavnoe_panel_3D_2500/instryksii_ograjdeniya.pdf'),
(230, 'Ограждение составное 3D, до 6000 мм, ширина 2400', 3, '/materials/bim/ograzhdenie_sostavnoe_panel_3D_2400/ograzhdenie_sostavnoe_panel_3D_2400.rfa'),
(231, 'Ограждение составное 3D, до 6000 мм, ширина 2400.Инструкция', 2, '/materials/bim/ograzhdenie_sostavnoe_panel_3D_2400/instryksii_ograjdeniya.pdf'),
(232, 'Ограждение составное 2D, до 6000 мм, ширина 3000', 3, '/materials/bim/ograzhdenie_sostavnoe_panel_2D_3000/ograzhdenie_sostavnoe_panel_2D_3000.rfa'),
(233, 'Ограждение составное 2D, до 6000 мм, ширина 3000.Инструкция', 2, '/materials/bim/ograzhdenie_sostavnoe_panel_2D_3000/instryksii_ograjdeniya.pdf'),
(234, 'Ограждение составное 2D, до 6000 мм, ширина 2500', 3, '/materials/bim/ograzhdenie_sostavnoe_panel_2D_2500/ograzhdenie_sostavnoe_panel_2D_2500.rfa'),
(235, 'Ограждение составное 2D, до 6000 мм, ширина 2500.Инструкция', 2, '/materials/bim/ograzhdenie_sostavnoe_panel_2D_2500/instryksii_ograjdeniya.pdf'),
(236, 'Ограждения 2D шириной 3100', 3, '/materials/bim/ograzhdenie_panel_2D_3100/ograzhdenie_panel_2D_3100.rfa'),
(237, 'Ограждения 2D шириной 3100.Инструкция', 2, '/materials/bim/ograzhdenie_panel_2D_3100/instryksii_ograjdeniya.pdf'),
(238, 'Ограждения 2D шириной 3000', 3, '/materials/bim/ograzhdenie_panel_2D_3000/ograzhdenie_panel_2D_3000.rfa'),
(239, 'Ограждения 2D шириной 3000.Инструкция', 2, '/materials/bim/ograzhdenie_panel_2D_3000/instryksii_ograjdeniya.pdf'),
(240, 'Ограждения 2D шириной 2500', 3, '/materials/bim/ograzhdenie_panel_2D_2500/ograzhdenie_panel_2D_2500.rfa'),
(241, 'Ограждения 2D шириной 2500.Инструкция', 2, '/materials/bim/ograzhdenie_panel_2D_2500/instryksii_ograjdeniya.pdf'),
(242, 'Ограждения 3D шириной 2400', 3, '/materials/bim/ograzhdenie_panel_2400_1/ograzhdenie_panel_2400_1.rfa'),
(243, 'Ограждения 3D шириной 2400.Инструкция', 2, '/materials/bim/ograzhdenie_panel_2400_1/instryksii_ograjdeniya.pdf'),
(244, 'Ограждения 3D шириной 2500', 3, '/materials/bim/ograzhdenie_panel_2500_1/ograzhdenie_panel_2500_1.rfa'),
(245, 'Ограждения 3D шириной 2500.Инструкция', 2, '/materials/bim/ograzhdenie_panel_2500_1/instryksii_ograjdeniya.pdf'),
(246, 'Ограждения 3D шириной 3000', 3, '/materials/bim/ograzhdenie_panel_3000_1/ograzhdenie_panel_3000_1.rfa'),
(247, 'Ограждения 3D шириной 3000.Инструкция', 2, '/materials/bim/ograzhdenie_panel_3000_1/instryksii_ograjdeniya.pdf'),
(248, 'Ограждения 3D шириной 3100', 3, '/materials/bim/ograzhdenie_panel_3100_1/ograzhdenie_panel_3100_1.rfa'),
(249, 'Ограждения 3D шириной 3100.Инструкция', 2, '/materials/bim/ograzhdenie_panel_3100_1/instryksii_ograjdeniya.pdf'),
(250, 'Насадки с барьерами', 3, '/materials/bim/nasadki/nasadki.rfa'),
(251, 'Насадки с барьерами.Инструкция', 2, '/materials/bim/nasadki/instryksii_ograjdeniya.pdf'),
(252, 'Насадки с панелями', 3, '/materials/bim/nasadki_s_panelyami/nasadki_s_panelyami.rfa'),
(253, 'Насадки с панелями.Инструкция', 2, '/materials/bim/nasadki_s_panelyami/instryksii_ograjdeniya.pdf'),
(254, 'Сборка насадок угол 60', 3, '/materials/bim/sborka_nasadok_ugol_60/sborka_nasadok_ugol_60.rfa'),
(255, 'Сборка насадок угол 60.Инструкция', 2, '/materials/bim/sborka_nasadok_ugol_60/instryksii_ograjdeniya.pdf'),
(256, 'Сборка насадок угол 75', 3, '/materials/bim/sborka_nasadok_ugol_75/sborka_nasadok_ugol_75.rfa'),
(257, 'Сборка насадок угол 75.Инструкция', 2, '/materials/bim/sborka_nasadok_ugol_75/instryksii_ograjdeniya.pdf'),
(258, 'Сборка насадок угол 90', 3, '/materials/bim/sborka_nasadok_ugol_90/sborka_nasadok_ugol_90.rfa'),
(259, 'Сборка насадок угол 90.Инструкция', 2, '/materials/bim/sborka_nasadok_ugol_90/instryksii_ograjdeniya.pdf'),
(260, 'Сборка насадок угол 105', 3, '/materials/bim/sborka_nasadok_ugol_105/sborka_nasadok_ugol_105.rfa'),
(261, 'Сборка насадок угол 105.Инструкция', 2, '/materials/bim/sborka_nasadok_ugol_105/instryksii_ograjdeniya.pdf'),
(262, 'Сборка насадок угол 120', 3, '/materials/bim/sborka_nasadok_ugol_120/sborka_nasadok_ugol_120.rfa'),
(263, 'Сборка насадок угол 120.Инструкция', 2, '/materials/bim/sborka_nasadok_ugol_120/instryksii_ograjdeniya.pdf'),
(264, 'Сборка насадок угол 135', 3, '/materials/bim/sborka_nasadok_ugol_135/sborka_nasadok_ugol_135.rfa'),
(265, 'Сборка насадок угол 135.Инструкция', 2, '/materials/bim/sborka_nasadok_ugol_135/instryksii_ograjdeniya.pdf'),
(266, 'Противоподкоп', 3, '/materials/bim/protivopodkopnoe_ograzhdeie/protivopodkopnoe_ograzhdeie.rfa'),
(267, 'Противоподкоп.Инструкция', 2, '/materials/bim/protivopodkopnoe_ograzhdeie/instryksii_ograjdeniya.pdf'),
(268, 'Распашные ворота PROM UL BARS', 3, '/materials/bim/vorota-raspashnye_PROM_UL_BARS/vorota-raspashnye_PROM_UL_BARS.rfa'),
(269, 'Распашные ворота PROM UL BARS.Инструкция', 2, '/materials/bim/vorota-raspashnye_PROM_UL_BARS/instryksii_ograjdeniya.pdf'),
(270, 'Распашные ворота PROM UL FENCE', 3, '/materials/bim/vorota-raspashnye_PROM_UL_FENCE/vorota-raspashnye_PROM_UL_FENCE.rfa'),
(271, 'Распашные ворота PROM UL FENCE.Инструкция', 2, '/materials/bim/vorota-raspashnye_PROM_UL_FENCE/instryksii_ograjdeniya.pdf'),
(272, 'Распашные ворота PROM UM BARS', 3, '/materials/bim/vorota-raspashnye_PROM_UM_BARS/vorota-raspashnye_PROM_UM_BARS.rfa'),
(273, 'Распашные ворота PROM UM BARS.Инструкция', 2, '/materials/bim/vorota-raspashnye_PROM_UM_BARS/instryksii_ograjdeniya.pdf'),
(274, 'Распашные ворота PROM UM FENCE', 3, '/materials/bim/vorota-raspashnye_PROM_UM_FENCE/vorota-raspashnye_PROM_UM_FENCE.rfa'),
(275, 'Распашные ворота PROM UM FENCE.Инструкция', 2, '/materials/bim/vorota-raspashnye_PROM_UM_FENCE/instryksii_ograjdeniya.pdf'),
(276, 'Распашные ворота PROM US BARS', 3, '/materials/bim/vorota-raspashnye_PROM_US_BARS/vorota-raspashnye_PROM_US_BARS.rfa'),
(277, 'Распашные ворота PROM US BARS.Инструкция', 2, '/materials/bim/vorota-raspashnye_PROM_US_BARS/instryksii_ograjdeniya.pdf'),
(278, 'Распашные ворота PROM US FENCE', 3, '/materials/bim/vorota-raspashnye_PROM_US_FENCE/vorota-raspashnye_PROM_US_FENCE.rfa'),
(279, 'Распашные ворота PROM US FENCE.Инструкция', 2, '/materials/bim/vorota-raspashnye_PROM_US_FENCE/instryksii_ograjdeniya.pdf'),
(280, 'Распашные ворота PROM UXL BARS', 3, '/materials/bim/vorota-raspashnye_PROM_UXL_BARS/vorota-raspashnye_PROM_UXL_BARS.rfa'),
(281, 'Распашные ворота PROM UXL BARS.Инструкция', 2, '/materials/bim/vorota-raspashnye_PROM_UXL_BARS/instryksii_ograjdeniya.pdf'),
(282, 'Распашные ворота PROM UXL FENCE', 3, '/materials/bim/vorota-raspashnye_PROM_UXL_FENCE/vorota-raspashnye_PROM_UXL_FENCE.rfa'),
(283, 'Распашные ворота PROM UXL FENCE.Инструкция', 2, '/materials/bim/vorota-raspashnye_PROM_UXL_FENCE/instryksii_ograjdeniya.pdf'),
(284, 'Распашные ворота PROM UXXL BARS', 3, '/materials/bim/vorota-raspashnye_PROM_UXXL_BARS/vorota-raspashnye_PROM_UXXL_BARS.rfa'),
(285, 'Распашные ворота PROM UXXL BARS.Инструкция', 2, '/materials/bim/vorota-raspashnye_PROM_UXXL_BARS/instryksii_ograjdeniya.pdf'),
(286, 'Распашные ворота PROM UXXL FENCE', 3, '/materials/bim/vorota-raspashnye_PROM_UXXL_FENCE/vorota-raspashnye_PROM_UXXL_FENCE.rfa'),
(287, 'Распашные ворота PROM UXXL FENCE.Инструкция', 2, '/materials/bim/vorota-raspashnye_PROM_UXXL_FENCE/instryksii_ograjdeniya.pdf'),
(288, 'Откатные ворота- открывание влево', 3, '/materials/bim/vorota-otkatnye_otkryvanie-vlevo/vorota-otkatnye_otkryvanie-vlevo.rfa'),
(289, 'Откатные ворота- открывание влево.Инструкция', 2, '/materials/bim/vorota-otkatnye_otkryvanie-vlevo/instryksii_ograjdeniya.pdf'),
(290, 'Откатные ворота- открывание вправо', 3, '/materials/bim/vorota-otkatnye_otkryvanie-vpravo/vorota-otkatnye_otkryvanie-vpravo.rfa'),
(291, 'Откатные ворота- открывание вправо.Инструкция', 2, '/materials/bim/vorota-otkatnye_otkryvanie-vpravo/instryksii_ograjdeniya.pdf'),
(292, 'Калитки PROM BARS', 3, '/materials/bim/vorota-otkatnye_otkryvanie-vpravo/vorota-otkatnye_otkryvanie-vpravo.rfa'),
(293, 'Калитки PROM BARS.Инструкция', 2, '/materials/bim/vorota-otkatnye_otkryvanie-vpravo/instryksii_ograjdeniya.pdf'),
(294, 'Калитки PROM FENCE (заполнение сварной сеткой)', 3, '/materials/bim/kalitka_PROM_H1300-2500/kalitka_PROM_H1300-2500.rfa'),
(295, 'Калитки PROM FENCE (заполнение сварной сеткой).Инструкция', 2, '/materials/bim/kalitka_PROM_H1300-2500/instryksii_ograjdeniya.pdf'),
(296, '3D панели', 1, '/materials/dwg/3d_panels/3d_panels.dwg'),
(297, 'Блоки столбов и крепежа панелей к столбам. Профиль столбов от 40х40 до 120х120 мм.', 1, '/materials/dwg/2_Stolbi_profili_bloki/2_Stolbi_%D0%B8_profili_bloki.dwg'),
(298, '3_krepej_bloki', 1, '/materials/dwg/3_krepej_bloki/3_krepej_bloki.dwg'),
(299, 'Дополнительные элементы ограждения', 1, '/materials/dwg/prochie_elementi_ograjdeniya/prochie_elementi_ograjdeniya.dwg'),
(300, 'Технические решения', 1, '/materials/dwg/ograjdeniya_resheniya/ograjdeniya_resheniya.dwg'),
(301, 'Ворота распашные', 1, '/materials/dwg/vorota_raspashnie/6_vorota_raspashnie.dwg'),
(302, 'Ворота откатные', 1, '/materials/dwg/vorota_otkatnie/vorota_otkatnie.dwg'),
(303, 'Калитки', 1, '/materials/dwg/kalitki/8_kalitki.dwg'),
(304, 'Техограда серии «Безопасный»', 1, '/materials/dwg/techograda_bezopasniy/techograda_bezopasniy.dwg'),
(305, 'Техограда серии «Строгий»', 1, '/materials/dwg/techograda_strogiy/techograda_strogiy.dwg'),
(306, 'Техограда серии «Безопасный с 3мя направляющими»', 1, '/materials/dwg/techograda_bezopasniy_2/techograda_bezopasniy_2.dwg');

-- --------------------------------------------------------

--
-- Структура таблицы `materials_file_links`
--

CREATE TABLE `materials_file_links` (
  `id` int(11) NOT NULL,
  `material_id` int(11) DEFAULT NULL,
  `file_id` int(11) DEFAULT NULL
) ENGINE=InnoDB DEFAULT CHARSET=utf8mb4 COLLATE=utf8mb4_general_ci;

--
-- Дамп данных таблицы `materials_file_links`
--

INSERT INTO `materials_file_links` (`id`, `material_id`, `file_id`) VALUES
(197, 100, 198),
(198, 100, 199),
(199, 101, 200),
(200, 101, 201),
(201, 102, 202),
(202, 102, 203),
(203, 103, 204),
(204, 103, 205),
(205, 104, 206),
(206, 104, 207),
(207, 105, 208),
(208, 105, 209),
(209, 106, 210),
(210, 106, 211),
(211, 107, 212),
(212, 107, 213),
(213, 108, 214),
(214, 108, 215),
(215, 109, 216),
(216, 109, 217),
(217, 110, 218),
(218, 110, 219),
(219, 111, 220),
(220, 111, 221),
(221, 112, 222),
(222, 112, 223),
(223, 113, 224),
(224, 113, 225),
(225, 114, 226),
(226, 114, 227),
(227, 115, 228),
(228, 115, 229),
(229, 116, 230),
(230, 116, 231),
(231, 117, 232),
(232, 117, 233),
(233, 118, 234),
(234, 118, 235),
(235, 119, 236),
(236, 119, 237),
(237, 120, 238),
(238, 120, 239),
(239, 121, 240),
(240, 121, 241),
(241, 122, 242),
(242, 122, 243),
(243, 123, 244),
(244, 123, 245),
(245, 124, 246),
(246, 124, 247),
(247, 125, 248),
(248, 125, 249),
(249, 126, 250),
(250, 126, 251),
(251, 127, 252),
(252, 127, 253),
(253, 128, 254),
(254, 128, 255),
(255, 129, 256),
(256, 129, 257),
(257, 130, 258),
(258, 130, 259),
(259, 131, 260),
(260, 131, 261),
(261, 132, 262),
(262, 132, 263),
(263, 133, 264),
(264, 133, 265),
(265, 134, 266),
(266, 134, 267),
(267, 135, 268),
(268, 135, 269),
(269, 136, 270),
(270, 136, 271),
(271, 137, 272),
(272, 137, 273),
(273, 138, 274),
(274, 138, 275),
(275, 139, 276),
(276, 139, 277),
(277, 140, 278),
(278, 140, 279),
(279, 141, 280),
(280, 141, 281),
(281, 142, 282),
(282, 142, 283),
(283, 143, 284),
(284, 143, 285),
(285, 144, 286),
(286, 144, 287),
(287, 145, 288),
(288, 145, 289),
(289, 146, 290),
(290, 146, 291),
(291, 147, 292),
(292, 147, 293),
(293, 148, 294),
(294, 148, 295),
(301, 149, 296),
(302, 150, 297),
(303, 151, 298),
(304, 152, 299),
(305, 153, 300),
(306, 154, 301),
(307, 155, 302),
(308, 156, 303),
(309, 157, 304),
(310, 158, 305),
(311, 159, 306),
(312, 160, 207);

-- --------------------------------------------------------

--
-- Структура таблицы `materials_file_type`
--

CREATE TABLE `materials_file_type` (
  `id` int(11) NOT NULL,
  `name` varchar(255) DEFAULT NULL,
  `image` varchar(255) DEFAULT NULL
) ENGINE=InnoDB DEFAULT CHARSET=utf8mb4 COLLATE=utf8mb4_general_ci;

--
-- Дамп данных таблицы `materials_file_type`
--

INSERT INTO `materials_file_type` (`id`, `name`, `image`) VALUES
(1, 'Чертеж DWG', '/web/images/dwg.svg'),
(2, 'Инструкция PDF', '/web/images/file-pdf-fill.svg'),
(3, 'BIM-семейство RFA', '/web/images/ui_download.svg');

-- --------------------------------------------------------

--
-- Структура таблицы `materials_programs`
--

CREATE TABLE `materials_programs` (
  `id` int(11) NOT NULL,
  `name` varchar(255) DEFAULT NULL,
  `image` varchar(255) DEFAULT NULL,
  `description` text DEFAULT NULL
) ENGINE=InnoDB DEFAULT CHARSET=utf8mb4 COLLATE=utf8mb4_general_ci;

--
-- Дамп данных таблицы `materials_programs`
--

INSERT INTO `materials_programs` (`id`, `name`, `image`, `description`) VALUES
(1, 'Model Studio CS', '', 'sdasdasd'),
(2, 'Autodesk Revit', '', '');

-- --------------------------------------------------------

--
-- Структура таблицы `menu`
--

CREATE TABLE `menu` (
  `id` int(11) NOT NULL,
  `name` varchar(100) NOT NULL,
  `alias` varchar(100) NOT NULL
) ENGINE=InnoDB DEFAULT CHARSET=utf8mb4 COLLATE=utf8mb4_general_ci;

--
-- Дамп данных таблицы `menu`
--

INSERT INTO `menu` (`id`, `name`, `alias`) VALUES
(2, 'Главное меню в шапке', 'header.main-menu-1'),
(3, 'Cетчатые ограждения', 'mesh-fencing'),
(4, 'Панорама', 'panorama'),
(5, 'Серии ограждений', 'series-of-fences'),
(6, 'Проектировщикам', 'for-designers'),
(7, 'ПТУ', 'ptu'),
(8, 'Fensys', 'fensys'),
(9, 'Навигационное меню в шапке', 'header.nav-menu');

-- --------------------------------------------------------

--
-- Структура таблицы `menu_item`
--

CREATE TABLE `menu_item` (
  `id` int(11) NOT NULL,
  `name` varchar(100) NOT NULL,
  `parent_id` int(11) DEFAULT NULL,
  `type` int(11) NOT NULL,
  `menu_id` int(11) NOT NULL,
  `page_id` int(11) DEFAULT NULL,
  `order` int(11) DEFAULT NULL,
  `direct_url` varchar(250) DEFAULT NULL,
  `image` varchar(250) DEFAULT NULL,
  `icon` varchar(250) DEFAULT NULL,
  `header` varchar(250) DEFAULT NULL
) ENGINE=InnoDB DEFAULT CHARSET=utf8mb4 COLLATE=utf8mb4_general_ci;

--
-- Дамп данных таблицы `menu_item`
--

INSERT INTO `menu_item` (`id`, `name`, `parent_id`, `type`, `menu_id`, `page_id`, `order`, `direct_url`, `image`, `icon`, `header`) VALUES
(1, 'О компании', NULL, 0, 2, 3, 1, '', '', '', ''),
(2, 'Производство', NULL, 0, 2, 4, 2, '', '', '', ''),
(3, 'Маркетинг', NULL, 0, 2, 5, 3, NULL, NULL, NULL, NULL),
(4, 'Публикации', NULL, 0, 2, 6, 4, '', '', '', ''),
(5, 'Частые вопросы', NULL, 0, 2, 7, 5, NULL, NULL, NULL, NULL),
(6, 'Контакты', NULL, 0, 2, 8, 6, NULL, NULL, NULL, NULL),
(7, '3D Ограждения', NULL, 0, 3, 9, 0, '', '', '/web/images/icons/menu01.png', 'Диаметр прутка от 3 до 8 мм'),
(8, 'Техограда', NULL, 0, 3, 10, 2, NULL, NULL, '/web/images/icons/menu02.png', 'Ограждение из профильной трубы'),
(9, 'Ворота', NULL, 0, 3, 11, 3, NULL, NULL, '/web/images/icons/menu03.png', 'Распашные и откатные'),
(10, 'Калитки', NULL, 0, 3, 12, 4, NULL, NULL, '/web/images/icons/menu01.png', 'Различные варианты оформления'),
(11, 'Элементы усиления', NULL, 0, 3, 13, 5, NULL, NULL, '/web/images/icons/menu02.png', 'L, Y, I образные насадки,противоподкоп'),
(12, 'Столбы', NULL, 0, 3, 14, 6, NULL, NULL, '/web/images/icons/menu03.png', 'Сечение 60х40 60х60 80х80 100х100'),
(13, 'Крепежи и метизы', NULL, 0, 3, 16, 8, NULL, NULL, '/web/images/icons/menu01.png', 'Скобы, саморезы, болты'),
(14, 'АКЛ', NULL, 0, 3, 17, 9, '', '', '/web/images/icons/menu02.png', 'Длина в бухте 10 Пм'),
(15, 'Забивные и винтовые сваи', NULL, 0, 3, 15, 7, '', '', '/web/images/icons/menu03.png', ''),
(16, 'Защитные укрытия от беспилотных летательных аппаратов', NULL, 0, 4, 18, 1, NULL, NULL, NULL, 'Укрытия защитные от БПЛА'),
(17, 'Система сбора и обработки информации', NULL, 0, 4, 19, 2, NULL, NULL, NULL, 'ССОИ'),
(18, 'Объектовые средства обнаружения ОС', NULL, 0, 4, 20, 3, NULL, NULL, NULL, 'Зона обнаружения до 50 м'),
(19, 'Видеонаблюдение', NULL, 0, 4, 21, 4, NULL, NULL, NULL, 'Частота кадров 25 Кс'),
(20, 'Системы управления контроля доступом', NULL, 0, 4, 22, 5, NULL, NULL, NULL, 'На улице и внутри помещений'),
(21, 'Охранное освещение', NULL, 0, 4, 23, 6, NULL, NULL, NULL, 'Угол освещения от 7° до 160°'),
(22, 'Сервис-проектирование, пуско-наладочные работы', NULL, 0, 4, 24, 7, NULL, NULL, NULL, 'Комплексный подход'),
(25, 'ПТУ-Т', NULL, 0, 7, 25, 1, NULL, NULL, NULL, 'Остановка т/c массой 20 тонн'),
(26, 'ПТУ-Л', NULL, 0, 7, 26, 2, NULL, NULL, NULL, 'Остановка т/c массой 3,5 тонны'),
(27, 'GUARD', NULL, 0, 5, 29, 3, NULL, NULL, NULL, 'Охраняемые объекты. Панели под насадку'),
(28, 'МСТА', NULL, 0, 5, 65, 4, '', '', '', 'Министерство обороны.'),
(29, 'ЦНА', NULL, 0, 5, 66, 5, '', '', '', 'Министерство обороны.'),
(30, 'ПИРОС', NULL, 0, 5, 32, 6, NULL, NULL, NULL, 'Министерство обороны.'),
(31, 'ПОЛЮС', NULL, 0, 5, 33, 7, NULL, NULL, NULL, 'Сложный климат. Профиль с усиленным креплением'),
(32, 'ЯМАЛ', NULL, 0, 5, 34, 8, NULL, NULL, NULL, 'Северные районы. Сварная сетка 8 м'),
(33, 'STRAT', NULL, 0, 5, 35, 9, NULL, NULL, NULL, 'Автодороги. Решение перепада высот'),
(34, 'AERO', NULL, 0, 5, 36, 10, NULL, NULL, NULL, 'Аэропорты. 3 модификации серии 2D, 2DU, 3'),
(35, 'SPORTLINE', NULL, 0, 5, 37, 11, NULL, NULL, NULL, 'Спортивные объекты. Ударопрочная 2Д панел'),
(36, 'ПРЕГРАДА', NULL, 0, 5, 38, 12, NULL, NULL, NULL, 'Город. Ограждение из профильной труб'),
(37, 'ОКТАВА', NULL, 0, 5, 27, 1, NULL, NULL, NULL, 'Сетчатое ограждение из проволоки 8м'),
(38, 'CITY', NULL, 0, 5, 28, 2, NULL, NULL, NULL, 'Городские объекты. 3Д сетки'),
(39, 'BIM семейства', NULL, 0, 6, 39, 1, '', '', '/web/images/icons/menu04.svg', 'Ревит, Нанокад, Ренга, Модуль-студия'),
(40, 'AutoCAD плагин', NULL, 0, 6, 40, 2, NULL, NULL, '/web/images/icons/menu05.svg', 'Автоматическое построение периметра'),
(41, 'Технические решения', NULL, 0, 6, 41, 3, NULL, NULL, '/web/images/icons/menu06.svg', 'Чертежи элементов и вариантов применения'),
(42, 'Типовые проекты', NULL, 0, 6, 42, 4, NULL, NULL, '/web/images/icons/menu07.svg', 'Чертежи готовых проектов'),
(43, 'О компании', NULL, 0, 8, 3, 1, NULL, NULL, NULL, NULL),
(44, 'Наше производство', NULL, 0, 8, 4, 2, NULL, NULL, NULL, NULL),
(45, 'Публикации', NULL, 0, 8, 6, 3, NULL, NULL, NULL, NULL),
(46, 'Контакты', NULL, 0, 8, 8, 4, NULL, NULL, NULL, NULL),
(47, 'Сетчатые ограждения', NULL, 0, 9, 80, 2, '', '', '', ''),
(48, 'Панорама', NULL, 0, 9, 82, 3, '', '', '', ''),
(49, 'ПТУ', NULL, 0, 9, 79, 0, '', '', '', ''),
(50, 'Серии ограждений', NULL, 0, 9, 78, 1, '', '', '', ''),
(51, 'Автомагистрали и мосты', 42, 0, 6, 45, 1, NULL, NULL, '/web/images/icons/menu08.svg', ''),
(52, 'Городские объекты и инфраструктура', 42, 0, 6, 46, 2, NULL, NULL, '/web/images/icons/menu09.svg', ''),
(53, 'Речные и морские порты', 42, 0, 6, 47, 3, NULL, NULL, '/web/images/icons/menu10.svg', ''),
(54, 'Аэропортыи аэродромы', 42, 0, 6, 48, 4, '', '', '/web/images/icons/menu11.svg', ''),
(55, 'Вокзалы и ЖД станции', 42, 0, 6, 49, 5, NULL, NULL, '/web/images/icons/menu12.svg', ''),
(56, 'Промышленные объекты и агрохолдинги', 42, 0, 6, 50, 6, NULL, NULL, '/web/images/icons/menu13.svg', ''),
(57, 'Стадионы', 42, 0, 6, 51, 7, NULL, NULL, '/web/images/icons/menu14.svg', ''),
(58, 'ТЭК', 42, 0, 6, 67, NULL, '', '', '/web/images/icons/menu08.svg', 'ТЭК'),
(59, 'Министерство обороны', 42, 0, 6, 64, 79, '', '', '/web/images/icons/menu04.svg', 'Министерство обороны'),
(60, ' Муниципальные учреждения', 52, 0, 6, 54, 1, '', '', '', 'Муниципальные учреждения'),
(61, 'Автостоянки', 52, 0, 6, 55, 2, '', '', '', 'Автостоянки'),
(62, 'Коммерческая недвижимость', 52, 0, 6, 56, 3, '', '', '', 'Коммерческая недвижимость'),
(63, 'Разделение движения', 52, 0, 6, 57, 4, '', '', '', 'Разделение движения'),
(64, 'Спортивные сооружения', 52, 0, 6, 58, 5, '', '', '', 'Спортивные сооружения'),
(65, '2D ограждения', NULL, 0, 3, 85, 1, '', '', '/web/images/icons/menu03.png', '2D ограждения');

-- --------------------------------------------------------

--
-- Структура таблицы `migration`
--

CREATE TABLE `migration` (
  `version` varchar(180) NOT NULL,
  `apply_time` int(11) DEFAULT NULL
) ENGINE=InnoDB DEFAULT CHARSET=utf8mb4 COLLATE=utf8mb4_general_ci;

--
-- Дамп данных таблицы `migration`
--

INSERT INTO `migration` (`version`, `apply_time`) VALUES
('m000000_000000_base', 1734562414),
('m130524_201442_init', 1734562415),
('m140506_102106_rbac_init', 1734562414),
('m170907_052038_rbac_add_index_on_auth_assignment_user_id', 1734562414),
('m180523_151638_rbac_updates_indexes_without_prefix', 1734562414),
('m200409_110543_rbac_update_mssql_trigger', 1734562414),
('m241017_020734_content_pages_table', 1734562415),
('m241018_222529_blocks', 1734562415),
('m241018_222620_blocks_links', 1734562415),
('m241103_171702_menu_tables', 1734562415),
('m241104_012210_gallery_tables', 1734562415),
('m241105_182749_blocks_table_fix', 1734562415),
('m241107_222412_block_links_id', 1734562415),
('m241112_200952_contacts_table', 1734562415),
('m241112_233648_materials_tables', 1734562415),
('m241113_011206_notifications_tables', 1734562415),
('m241113_011550_user_requests', 1734562415),
('m241116_091713_articles', 1734562415),
('m241117_170004_vacancies', 1734562415),
('m241117_170837_projects', 1734562415),
('m241125_131717_column_fixes', 1734562415),
('m241125_201140_column_fuxes_2', 1734562415),
('m241127_151538_fix_pages', 1734562415),
('m241128_043944_templates', 1734562416),
('m241202_171255_fixes', 1734562416),
('m241206_140704_video', 1734562416),
('m241209_005740_mailes', 1734562416),
('m241210_202721_keys', 1734562418),
('m241216_003715_tags', 1734562418),
('m241216_032618_material_programs', 1734562418),
('m241218_063039_contacts_map_fix', 1734562418),
('m250106_200553_sitemap', 1736194161),
('yii\\queue\\db\\migrations\\M161119140200Queue', 1734562414),
('yii\\queue\\db\\migrations\\M170307170300Later', 1734562414),
('yii\\queue\\db\\migrations\\M170509001400Retry', 1734562414),
('yii\\queue\\db\\migrations\\M170601155600Priority', 1734562414),
('yii\\queue\\db\\migrations\\M211218163000JobQueueSize', 1734562414);

-- --------------------------------------------------------

--
-- Структура таблицы `notifications`
--

CREATE TABLE `notifications` (
  `id` int(11) NOT NULL,
  `alias` varchar(255) DEFAULT NULL,
  `create_message` tinyint(1) DEFAULT NULL,
  `template` varchar(255) DEFAULT NULL,
  `send_email` tinyint(1) DEFAULT NULL,
  `email_template` varchar(255) DEFAULT NULL,
  `params` text DEFAULT NULL,
  `name` varchar(255) DEFAULT NULL
) ENGINE=InnoDB DEFAULT CHARSET=utf8mb4 COLLATE=utf8mb4_general_ci;

--
-- Дамп данных таблицы `notifications`
--

INSERT INTO `notifications` (`id`, `alias`, `create_message`, `template`, `send_email`, `email_template`, `params`, `name`) VALUES
(1, 'request-received', 1, 'Запрос от пользователя {user.email}', 0, '', '{\"{user.email}\": \"Email пользователя\",\"{user.name}\":\"Имя пользователя\",\"{user.comment}\":\"Комментарий пользователя\"}', 'Получен запрос'),
(2, 'client-account-created', 1, 'Создан аккаунт для пользователя {user.email}', 1, NULL, '{\"{user.email}\": \"Email пользователя\", \"{user.name}\": \"Имя пользователя\", \"{user.password}\": \"Пароль пользователя\"}', 'Клиент зарегистрирован'),
(3, 'call-request-received', 1, 'Запрос звонка от пользователя {user.email}', 0, '', '{\"{user.email}\": \"Email пользователя\",\"{user.name}\":\"Имя пользователя\",\"{user.comment}\":\"Комментарий пользователя\"}', 'Получен запрос на звонок'),
(4, 'question-received', 1, 'Вопрос от пользователя {user.name}', 0, '', '{\"{user.phone}\": \"Телефон пользователя\",\"{user.name}\":\"Имя пользователя\",\"{question}\":\"Вопрос пользователя\"}', 'Получен запрос на звонок');

-- --------------------------------------------------------

--
-- Структура таблицы `notification_messages`
--

CREATE TABLE `notification_messages` (
  `id` int(11) NOT NULL,
  `user_id` int(11) DEFAULT NULL,
  `message` varchar(255) DEFAULT NULL,
  `created_at` timestamp NOT NULL DEFAULT current_timestamp() ON UPDATE current_timestamp(),
  `viewed` tinyint(1) DEFAULT NULL,
  `notification_id` int(11) DEFAULT NULL
) ENGINE=InnoDB DEFAULT CHARSET=utf8mb4 COLLATE=utf8mb4_general_ci;

--
-- Дамп данных таблицы `notification_messages`
--

INSERT INTO `notification_messages` (`id`, `user_id`, `message`, `created_at`, `viewed`, `notification_id`) VALUES
(1, 1, 'Запрос от пользователя test@test.ru', '2024-12-19 00:29:54', 1, 1),
(2, 1, 'Запрос от пользователя sss@ddd.ru', '2024-12-18 20:36:56', 0, 1),
(3, 1, 'Запрос от пользователя test1@test.ru', '2024-12-18 20:45:51', 0, 1),
(4, 1, 'Запрос от пользователя asda@asdasd.ru', '2024-12-21 19:25:41', 0, 1);

-- --------------------------------------------------------

--
-- Структура таблицы `notification_users`
--

CREATE TABLE `notification_users` (
  `user_id` int(11) DEFAULT NULL,
  `notification_id` int(11) DEFAULT NULL
) ENGINE=InnoDB DEFAULT CHARSET=utf8mb4 COLLATE=utf8mb4_general_ci;

--
-- Дамп данных таблицы `notification_users`
--

INSERT INTO `notification_users` (`user_id`, `notification_id`) VALUES
(1, 1);

-- --------------------------------------------------------

--
-- Структура таблицы `projects`
--

CREATE TABLE `projects` (
  `id` int(11) NOT NULL,
  `category_id` int(11) DEFAULT NULL,
  `gallery_id` int(11) DEFAULT NULL,
  `name` varchar(255) DEFAULT NULL,
  `description` text DEFAULT NULL,
  `image` varchar(255) DEFAULT NULL,
  `created_at` timestamp NOT NULL DEFAULT current_timestamp() ON UPDATE current_timestamp()
) ENGINE=InnoDB DEFAULT CHARSET=utf8mb4 COLLATE=utf8mb4_general_ci;

-- --------------------------------------------------------

--
-- Структура таблицы `projects_categories`
--

CREATE TABLE `projects_categories` (
  `id` int(11) NOT NULL,
  `name` varchar(255) DEFAULT NULL,
  `parent_id` int(11) DEFAULT NULL
) ENGINE=InnoDB DEFAULT CHARSET=utf8mb4 COLLATE=utf8mb4_general_ci;

--
-- Дамп данных таблицы `projects_categories`
--

INSERT INTO `projects_categories` (`id`, `name`, `parent_id`) VALUES
(1, 'Тестовая категория', NULL);

-- --------------------------------------------------------

--
-- Структура таблицы `projects_materials`
--

CREATE TABLE `projects_materials` (
  `id` int(11) NOT NULL,
  `material_id` int(11) DEFAULT NULL,
  `project_id` int(11) DEFAULT NULL,
  `sort_order` int(11) DEFAULT NULL
) ENGINE=InnoDB DEFAULT CHARSET=utf8mb4 COLLATE=utf8mb4_general_ci;

-- --------------------------------------------------------

--
-- Структура таблицы `queue`
--

CREATE TABLE `queue` (
  `id` int(11) NOT NULL,
  `channel` varchar(255) NOT NULL,
  `job` longblob NOT NULL,
  `pushed_at` int(11) NOT NULL,
  `ttr` int(11) NOT NULL,
  `delay` int(11) NOT NULL DEFAULT 0,
  `priority` int(11) UNSIGNED NOT NULL DEFAULT 1024,
  `reserved_at` int(11) DEFAULT NULL,
  `attempt` int(11) DEFAULT NULL,
  `done_at` int(11) DEFAULT NULL
) ENGINE=InnoDB DEFAULT CHARSET=utf8mb4 COLLATE=utf8mb4_general_ci;

-- --------------------------------------------------------

--
-- Структура таблицы `tags`
--

CREATE TABLE `tags` (
  `id` int(11) NOT NULL,
  `name` varchar(255) DEFAULT NULL
) ENGINE=InnoDB DEFAULT CHARSET=utf8mb4 COLLATE=utf8mb4_general_ci;

--
-- Дамп данных таблицы `tags`
--

INSERT INTO `tags` (`id`, `name`) VALUES
(1, 'bim');

-- --------------------------------------------------------

--
-- Структура таблицы `tags_links`
--

CREATE TABLE `tags_links` (
  `tag_id` int(11) DEFAULT NULL,
  `entity_id` int(11) DEFAULT NULL,
  `entity_class` varchar(255) DEFAULT NULL
) ENGINE=InnoDB DEFAULT CHARSET=utf8mb4 COLLATE=utf8mb4_general_ci;

--
-- Дамп данных таблицы `tags_links`
--

INSERT INTO `tags_links` (`tag_id`, `entity_id`, `entity_class`) VALUES
(1, 100, 'common.modules.materials.models.Material'),
(1, 101, 'common.modules.materials.models.Material'),
(1, 102, 'common.modules.materials.models.Material'),
(1, 103, 'common.modules.materials.models.Material');

-- --------------------------------------------------------

--
-- Структура таблицы `templates`
--

CREATE TABLE `templates` (
  `id` int(11) NOT NULL,
  `name` varchar(255) DEFAULT NULL,
  `image` varchar(255) DEFAULT NULL,
  `type` varchar(255) DEFAULT NULL,
  `view` varchar(255) DEFAULT NULL,
  `params` text DEFAULT NULL
) ENGINE=InnoDB DEFAULT CHARSET=utf8mb4 COLLATE=utf8mb4_general_ci;

--
-- Дамп данных таблицы `templates`
--

INSERT INTO `templates` (`id`, `name`, `image`, `type`, `view`, `params`) VALUES
(1, 'Главная страница', '/web/images/templates/mainpage.jpg', 'page', '@app/views/pages/mainpage', NULL),
(2, 'Стандартная страница', '/web/images/templates/mainpage.jpg', 'page', '@app/views/pages/default', NULL),
(3, 'Слайдер с вертикальной прокруткой справа', '/web/images/templates/slider-1.jpg', 'gallery', '@app/views/blocks/galleries/gallery-right-vertical-sidebar', NULL),
(4, 'О компании', '/web/images/templates/mainpage.jpg', 'page', '@app/views/pages/about', NULL),
(5, 'Плитки', '/web/images/templates/gallery-grid.jpg', 'gallery', '@app/views/blocks/galleries/gallery-grid', NULL),
(6, 'Html-код', '/web/images/templates/html-code.png', 'html', '@app/views/blocks/html-content', NULL),
(7, 'Видео', '/web/images/templates/video.jpg', 'video', '@app/views/blocks/video', NULL),
(8, 'Слайдер', '/web/images/templates/slider-2.jpg', 'gallery', '@app/views/blocks/galleries/slider1', NULL),
(9, 'Слайдер c увеличением', '/web/images/templates/slider-zoom.jpg', 'gallery', '@app/views/blocks/galleries/slider-zoom', NULL),
(10, 'Плитки (6)', '/web/images/templates/gallery-grid-6.jpg', 'gallery', '@app/views/blocks/galleries/gallery-grid-6', NULL),
(11, 'Плитки синие 4', '/web/images/templates/gallery-grid-second.jpg', 'gallery', '@app/views/blocks/galleries/gallery-grid-secondary', NULL),
(12, '\"Проектировщикам\"', '/web/images/templates/designers.jpg', 'page', '@app/views/pages/designers', NULL),
(13, 'Продукция - Инженерные ограждения', '/web/images/templates/mainpage.jpg', 'page', '@app/views/pages/product', NULL),
(14, 'Список материалов', '/web/images/templates/materials-tabs.jpg', 'blocks', '@app/views/blocks/materials/material-list.php', NULL),
(15, 'Слайдер под контентом на главной', '/web/images/templates/mainpage-1.jpg', 'gallery', '@app/views/blocks/galleries/mainpage-1', NULL),
(16, 'Новости', '/web/images/templates/news-page.jpg', 'page', '@app/views/pages/news', NULL),
(17, 'Статья', '/web/images/templates/news-single.jpg', 'page', '@app/views/pages/news-single', NULL),
(18, 'Статьи последние', '/web/images/templates/news-latest.jpg', 'news', '@app/views/blocks/news-latest', NULL),
(19, 'Вкладки', '/web/images/templates/block.tabs.jpg', 'blocks', '@app/views/blocks/tabs/tools-for-designers.php', NULL),
(20, 'Видео-галерея', '/web/images/templates/video-gallery.jpg', 'gallery', '@app/views/blocks/galleries/video-gallery', NULL),
(21, 'публикации', '/web/images/templates/news-page.jpg', 'page', '@app/views/pages/articles', NULL),
(22, 'Контакты', '/web/images/templates/mainpage.jpg', 'page', '@app/views/pages/contacts', NULL),
(23, 'FAQ', '/web/images/templates/faq.jpg', 'page', '@app/views/pages/faq', NULL),
(24, 'Продукция - Панорама', '/web/images/templates/designers.jpg', 'page', '@app/views/pages/product-panorama', NULL),
(25, 'Продукция - ПТУ', '/web/images/templates/designers.jpg', 'page', '@app/views/pages/product-ptu', NULL),
(26, 'Продукция - Серии ограждений', '/web/images/templates/designers.jpg', 'page', '@app/views/pages/product-series', NULL),
(27, 'Письмо пользователю с паролем после регистрации', '/web/images/templates/designers.jpg', 'mails', '@app/views/mails/user-credentials', '{\"header\": \"Заголовок письма\"}'),
(28, 'Характеристики', '/web/images/templates/properties.jpg', 'properties', '@app/views/blocks/properties', ''),
(29, 'Письмо после регистрации', '/web/images/templates/mail-credentials.jpg', 'mails', '@template/mails/user-credentials', '{\"subject\":\"Тема письма\",\"header\":\"Заголовок письма\",\"email\":\"Email пользователя\",\"password\":\"Пароль пользователя\",\"content\":\"Содержание\",\"footer\":\"Надпись под содержанием\",\"button-text\":\"Подтвердить регистрацию\"}'),
(30, 'Проект', '/web/images/templates/project.jpg', 'blocks', '@template/blocks/projects/project', ''),
(31, 'Проект 2', '/web/images/templates/project-light.jpg', 'blocks', '@template/blocks/projects/project-light', ''),
(32, 'Список материалов с тегами', '/web/images/templates/material-list-tags.jpg', 'blocks', '@template/blocks/materials/material-list-filtered', ''),
(33, 'Список вакансий', '/web/images/templates/vacancy-list.jpg', 'vacancies', '@template/blocks/vacancy-list', ''),
(34, 'Вакансии', '/web/images/templates/mainpage.jpg', 'page', '@app/views/pages/vacancies', NULL),
(35, 'Слайдер', '/web/images/templates/slider-4.jpg', 'gallery', '@app/views/blocks/gallery-carousel-1', NULL),
(36, 'Маленькие вкладки', '/web/images/templates/materials-tabs-2.jpg', 'blocks', '@app/views/blocks/section-tabs', NULL),
(37, 'Список материалов для маленьких вкладок', '/web/images/templates/materials-list-small.jpg', 'blocks', '@app/views/blocks/materials/material-list-small', NULL),
(38, 'Список материалов - галерея', '/web/images/templates/materials-gallery.jpg', 'blocks', '@app/views/blocks/materials/gallery', NULL),
(39, 'Продукция', '/web/images/templates/production.jpg', 'production', '@app/views/blocks/production-list-new', NULL),
(40, 'Галерея продукции', '/web/images/templates/production.jpg', 'gallery', '@app/views/blocks/galleries/gallery-production', NULL);

-- --------------------------------------------------------

--
-- Структура таблицы `user`
--

CREATE TABLE `user` (
  `id` int(11) NOT NULL,
  `name` varchar(255) NOT NULL,
  `auth_key` varchar(32) NOT NULL,
  `password_hash` varchar(255) NOT NULL,
  `image` varchar(250) DEFAULT NULL,
  `password_reset_token` varchar(255) DEFAULT NULL,
  `verification_token` varchar(255) DEFAULT NULL,
  `email` varchar(255) NOT NULL,
  `status` smallint(6) NOT NULL DEFAULT 10,
  `created_at` int(11) NOT NULL,
  `updated_at` int(11) NOT NULL
) ENGINE=InnoDB DEFAULT CHARSET=utf8 COLLATE=utf8_unicode_ci;

--
-- Дамп данных таблицы `user`
--

INSERT INTO `user` (`id`, `name`, `auth_key`, `password_hash`, `image`, `password_reset_token`, `verification_token`, `email`, `status`, `created_at`, `updated_at`) VALUES
(1, 'admin', '', '$2y$13$eVg6URhu27AiXIPWAYkZzuwY1kR6FW8m9CfrkbovmZSlhjDAEKwWC', NULL, NULL, NULL, 'admin@email.com', 10, 1734562418, 1734562418),
(2, 'test', '', '$2y$13$gLTz6N/yi5jtYpH482CwgOWEFlPuEvgUiFxHS/PMgz/bpLS93jhIy', NULL, NULL, NULL, 'test@test.ru', 9, 1734567028, 1734567028),
(3, 'adadas@asdasd.ru', '', '$2y$13$SyltqF9Ii9TB0PgUBN7HyeRXm3vz1IEtpy/ba.n3tnOlDC5w/ggsu', NULL, NULL, NULL, 'sss@ddd.ru', 9, 1734568628, 1734568628),
(4, 'asdasda', '', '$2y$13$39vmM5fDtTtLahfh3DntiO5uA7Gp2fM/pGnsa6XTSY8wL9RJz3SY2', NULL, NULL, NULL, 'test1@test.ru', 10, 1734569185, 1734569185);

-- --------------------------------------------------------

--
-- Структура таблицы `user_requests`
--

CREATE TABLE `user_requests` (
  `id` int(11) NOT NULL,
  `user_id` int(11) DEFAULT NULL,
  `data` text DEFAULT NULL,
  `created_at` timestamp NOT NULL DEFAULT current_timestamp() ON UPDATE current_timestamp(),
  `type` int(11) DEFAULT NULL,
  `status` int(11) DEFAULT NULL
) ENGINE=InnoDB DEFAULT CHARSET=utf8mb4 COLLATE=utf8mb4_general_ci;

--
-- Дамп данных таблицы `user_requests`
--

INSERT INTO `user_requests` (`id`, `user_id`, `data`, `created_at`, `type`, `status`) VALUES
(15, NULL, '{\"questionnaire\":{\"general\":{\"objectType\":{\"label\":\"Тип объекта\",\"type\":\"string\",\"value\":\"\"},\"perimeterLength\":{\"label\":\"Длина периметра, м\",\"type\":\"string\",\"value\":\"\"},\"cornersCount\":{\"label\":\"Количество углов\",\"type\":\"string\",\"value\":\"4\"},\"objectFeatures\":{\"label\":\"Особенности объекта\",\"type\":\"checkboxes\",\"options\":{\"heightDifference\":{\"label\":\"Перепад высот\",\"value\":0},\"complexPerimeter\":{\"label\":\"Сложный периметр\",\"value\":0},\"aggressiveEnvironment\":{\"label\":\"Агрессивная среда\",\"value\":0},\"speciallyProtected\":{\"label\":\"Особо охраняемый\",\"value\":0},\"compatibility\":{\"label\":\"Совместимость с ТСО\",\"value\":0}},\"custom\":\"\"},\"soilFeatures\":{\"label\":\"Особенности грунта\",\"type\":\"checkboxes\",\"options\":{\"sand\":{\"label\":\"Песок\",\"value\":0},\"clay\":{\"label\":\"Глина\",\"value\":0},\"rocky\":{\"label\":\"Скальный\",\"value\":0},\"floodable\":{\"label\":\"Подтопляемый\",\"value\":0},\"permafrost\":{\"label\":\"Вечная мерзлота\",\"value\":0}},\"custom\":\"\"},\"helpDesigners\":{\"label\":\"Помощь в проектировании\",\"type\":\"boolean\",\"value\":0}},\"fence\":{\"panelType\":{\"label\":\"Тип панели\",\"type\":\"string\",\"value\":\"3D\"},\"antirust\":{\"label\":\"Антикоррозионное покрытие\",\"type\":\"string\",\"value\":\"Покрытие порошковой краской\"},\"panelHeight\":{\"label\":\"Высота панели, мм\",\"type\":\"string\",\"value\":\"\",\"custom\":\"\"},\"panelWidth\":{\"label\":\"Ширина панели, мм\",\"type\":\"string\",\"value\":\"2500\",\"custom\":\"\"},\"panelColor\":{\"label\":\"Цвет ограждения\",\"type\":\"string\",\"value\":\"\",\"custom\":\"\"},\"barThickness\":{\"label\":\"Толщина прутка, мм\",\"type\":\"string\",\"value\":\"\",\"custom\":\"\"},\"cellSize\":{\"label\":\"Размер ячейки, мм\",\"type\":\"string\",\"value\":\"\",\"custom\":\"\"},\"panelCount\":{\"label\":\"Количество штук\",\"type\":\"string\",\"value\":\"\"},\"typeOfMounting\":{\"label\":\"Тип крепления столба\",\"type\":\"string\",\"value\":\"\",\"custom\":\"\"},\"sizeProfile\":{\"label\":\"Размер профиля столба (мм)\",\"type\":\"string\",\"value\":\"\",\"custom\":\"\"},\"wallThickness\":{\"label\":\"Толщина стенки\",\"type\":\"string\",\"value\":\"2\",\"custom\":\"\"},\"postsCount\":{\"label\":\"Количество штук\",\"type\":\"string\",\"value\":\"\"},\"fixing\":{\"label\":\"Крепление панели к столбу\",\"type\":\"string\",\"value\":\"\",\"custom\":\"\"},\"fixingConnector\":{\"label\":\"Соединение\",\"type\":\"string\",\"value\":\"\",\"custom\":\"\"},\"fixingCount\":{\"label\":\"Количество штук\",\"type\":\"string\",\"value\":\"\"}},\"piles\":{\"status\":{\"label\":\"Сваи\",\"type\":\"boolean\",\"value\":0},\"typeOfPile\":{\"label\":\"Тип сваи\",\"type\":\"string\",\"value\":\"\"},\"length\":{\"label\":\"Длина сваи\",\"type\":\"string\",\"value\":\"\",\"custom\":\"\"},\"diameter\":{\"label\":\"Диаметр сваи ⌀ (мм)\",\"type\":\"string\",\"value\":\"\",\"custom\":\"\"},\"count\":{\"label\":\"Количество штук\",\"type\":\"string\",\"value\":\"\"}},\"entry\":{\"wicket\":{\"status\":{\"label\":\"Калитки\",\"type\":\"boolean\",\"value\":0},\"count\":{\"label\":\"Количество изделий, шт\",\"type\":\"string\",\"value\":\"1\"},\"height\":{\"label\":\"Высота калитки, мм\",\"type\":\"string\",\"value\":\"2000\",\"custom\":\"\"},\"width\":{\"label\":\"Ширина прохода, мм\",\"type\":\"string\",\"value\":\"1000\",\"custom\":\"\"},\"lockingType\":{\"label\":\"Тип запирания\",\"type\":\"string\",\"value\":\"Врезной замок\"},\"fill\":{\"label\":\"Заполнение створки калитки\",\"type\":\"string\",\"value\":\"Сетчатая панель\"},\"control\":{\"label\":\"Совместимость со СКУД\",\"type\":\"boolean\",\"value\":0},\"strengthening\":{\"label\":\"Требуется ли верхнее дополнительное укрепление над калиткой?\",\"type\":\"boolean\",\"value\":0}},\"swingGates\":{\"status\":{\"label\":\"Калитки\",\"type\":\"boolean\",\"value\":0},\"count\":{\"label\":\"Калитки\",\"type\":\"string\",\"value\":\"1\"},\"installation\":{\"label\":\"Тип монтажа ворот\",\"type\":\"string\",\"value\":\"Бетонирование\"},\"height\":{\"label\":\"Высота ворот, мм\",\"type\":\"string\",\"value\":\"2000\",\"custom\":\"\"},\"width\":{\"label\":\"Ширина проема, мм\",\"type\":\"string\",\"value\":\"4000\",\"custom\":\"\"},\"drive\":{\"label\":\"Наличие привода\",\"type\":\"boolean\",\"value\":1},\"lockingType\":{\"label\":\"Запирание\",\"type\":\"boolean\",\"value\":1},\"fill\":{\"label\":\"Заполнение створки калитки\",\"type\":\"string\",\"value\":\"Сетчатая панель\"},\"control\":{\"label\":\"Совместимость со СКУД\",\"type\":\"boolean\",\"value\":0}},\"slidingGates\":{\"status\":{\"label\":\"Откатные ворота\",\"type\":\"boolean\",\"value\":0},\"count\":{\"label\":\"Количество изделий, шт\",\"type\":\"string\",\"value\":\"1\"},\"drive\":{\"label\":\"Наличие электропривода\",\"type\":\"boolean\",\"value\":1},\"height\":{\"label\":\"Высота ворот, мм\",\"type\":\"string\",\"value\":\"1700\",\"custom\":\"\"},\"width\":{\"label\":\"Ширина проема, мм\",\"type\":\"string\",\"value\":\"4000\",\"custom\":\"\"},\"fill\":{\"label\":\"Заполнение створки калитки\",\"type\":\"string\",\"value\":\"Сетчатая панель\"},\"control\":{\"label\":\"Совместимость со СКУД\",\"type\":\"boolean\",\"value\":0}}},\"additionally\":{\"upperBarrier\":{\"status\":{\"label\":\"Верхнее дополнительное заграждение\",\"type\":\"boolean\",\"value\":0},\"barrier\":{\"label\":\"Тип\",\"type\":\"string\",\"value\":\"СББ\"},\"spiralSafetyBarrier\":{\"label\":\"Спиральный барьер безопасности\",\"type\":\"string\",\"value\":\"\",\"custom\":\"\"},\"flatSafetyBarrier\":{\"label\":\"Плоский барьер безопасности\",\"type\":\"string\",\"value\":\"\",\"custom\":\"\"},\"canopyBarrier\":{\"label\":\"Козырьковое заграграждение из 3D панели\",\"type\":\"string\",\"value\":\"\",\"custom\":\"\"},\"length\":{\"label\":\"Длина (м)\",\"type\":\"string\",\"value\":\"\"}},\"underfootBarrier\":{\"status\":{\"label\":\"Противоподкопное заграждение\",\"type\":\"boolean\",\"value\":0},\"barrier\":{\"label\":\"Тип\",\"type\":\"string\",\"value\":\"ЗD панель\"},\"depth\":{\"label\":\"Глубина залегания\",\"type\":\"string\",\"value\":\"\",\"custom\":\"\"},\"height\":{\"label\":\"Высота панели, мм\",\"type\":\"string\",\"value\":\"\",\"custom\":\"\"},\"diameter\":{\"label\":\"Диаметр, мм\",\"type\":\"string\",\"value\":\"\",\"custom\":\"\"},\"length\":{\"label\":\"Длина (м)\",\"type\":\"string\",\"value\":\"\"}},\"equipment\":{\"status\":{\"label\":\"Дополнительное оборудование\",\"type\":\"boolean\",\"value\":0},\"brackets\":{\"label\":\"Кронштейны ТСО\",\"type\":\"boolean\",\"value\":0},\"countsBrackets\":{\"label\":\"Количество кронштейнов\",\"type\":\"string\",\"value\":\"\"},\"cableHolder\":{\"label\":\"Держатель кабельканала\",\"type\":\"boolean\",\"value\":0},\"countsCableHolder\":{\"label\":\"Количество держателей\",\"type\":\"string\",\"value\":\"\"},\"barrier\":{\"label\":\"Шлагбаум\",\"type\":\"boolean\",\"value\":0},\"lengthBarrier\":{\"label\":\"Количество шлагбаумов\",\"type\":\"string\",\"value\":\"\"}}},\"climatic\":{\"status\":{\"label\":\"Климатические особенности\",\"type\":\"boolean\",\"value\":0},\"conditions\":{\"label\":\"Климатическое исполнение\",\"type\":\"string\",\"value\":\"ХЛ1\"},\"minTemperature\":{\"label\":\"Диапазон рабочих температур, мин.\",\"type\":\"string\",\"value\":\"\"},\"maxTemperature\":{\"label\":\"Диапазон рабочих температур, мин.\",\"type\":\"string\",\"value\":\"\"},\"relativeHumidity\":{\"label\":\"Относительная влажность воздуха при +25С\",\"type\":\"string\",\"value\":\"\"},\"rainIntensity\":{\"label\":\"Интенсивность дождя (мм/ч)\",\"type\":\"string\",\"value\":\"\"},\"icingThickness\":{\"label\":\"Толщина обледенения при скорости ветра от 10м/с, мм. Не более \",\"type\":\"string\",\"value\":\"\"},\"resistanceToWind\":{\"label\":\"Устойчивость к порывам ветра, м/с. До\",\"type\":\"string\",\"value\":\"\"}}},\"user\":{\"name\":\"test\",\"phone\":\"test\",\"email\":\"test@adasd.ru\",\"comment\":\"  asdasdas\"},\"files\":[\"673fd75962a25.pdf\"]}', '2024-11-22 00:59:29', 1, 1),
(16, NULL, '{\"name\":\"dasd\",\"email\":\"adasdasda@asdasd.ru\",\"phone\":\"adasd\",\"comment\":\"asda\",\"company\":\"asdad\",\"call_time\":\"В любое время\",\"perimeter\":\"asdadasd\",\"files\":[\"673fe996496f2.pdf\"],\"tabs\":{\"common\":{\"supply_panels\":\"on\",\"supply_fence_posts\":\"on\",\"supply_gates_and_wickets\":\"on\"}}}', '2024-11-22 02:16:54', 3, 1),
(17, NULL, '{\"name\":\"adasasda\",\"email\":\"asda@asdasd.ru\",\"phone\":\"asda\",\"comment\":\"adas\",\"company\":\"adadadd\",\"call_time\":\"с 9:00 до 14:00\",\"perimeter\":\"asdasdad\",\"files\":[\"673fefbc792df.pdf\"],\"tabs\":null}', '2024-11-22 02:43:32', 3, 2),
(18, NULL, '{\"questionnaire\":{\"general\":{\"objectType\":{\"label\":\"Тип объекта\",\"type\":\"string\",\"value\":\"\"},\"perimeterLength\":{\"label\":\"Длина периметра, м\",\"type\":\"string\",\"value\":\"\"},\"cornersCount\":{\"label\":\"Количество углов\",\"type\":\"string\",\"value\":\"4\"},\"objectFeatures\":{\"label\":\"Особенности объекта\",\"type\":\"checkboxes\",\"options\":{\"heightDifference\":{\"label\":\"Перепад высот\",\"value\":0},\"complexPerimeter\":{\"label\":\"Сложный периметр\",\"value\":0},\"aggressiveEnvironment\":{\"label\":\"Агрессивная среда\",\"value\":0},\"speciallyProtected\":{\"label\":\"Особо охраняемый\",\"value\":0},\"compatibility\":{\"label\":\"Совместимость с ТСО\",\"value\":0}},\"custom\":\"\"},\"soilFeatures\":{\"label\":\"Особенности грунта\",\"type\":\"checkboxes\",\"options\":{\"sand\":{\"label\":\"Песок\",\"value\":0},\"clay\":{\"label\":\"Глина\",\"value\":0},\"rocky\":{\"label\":\"Скальный\",\"value\":0},\"floodable\":{\"label\":\"Подтопляемый\",\"value\":0},\"permafrost\":{\"label\":\"Вечная мерзлота\",\"value\":0}},\"custom\":\"\"},\"helpDesigners\":{\"label\":\"Помощь в проектировании\",\"type\":\"boolean\",\"value\":0}},\"fence\":{\"panelType\":{\"label\":\"Тип панели\",\"type\":\"string\",\"value\":\"3D\"},\"antirust\":{\"label\":\"Антикоррозионное покрытие\",\"type\":\"string\",\"value\":\"Покрытие порошковой краской\"},\"panelHeight\":{\"label\":\"Высота панели, мм\",\"type\":\"string\",\"value\":\"\",\"custom\":\"\"},\"panelWidth\":{\"label\":\"Ширина панели, мм\",\"type\":\"string\",\"value\":\"2500\",\"custom\":\"\"},\"panelColor\":{\"label\":\"Цвет ограждения\",\"type\":\"string\",\"value\":\"\",\"custom\":\"\"},\"barThickness\":{\"label\":\"Толщина прутка, мм\",\"type\":\"string\",\"value\":\"\",\"custom\":\"\"},\"cellSize\":{\"label\":\"Размер ячейки, мм\",\"type\":\"string\",\"value\":\"\",\"custom\":\"\"},\"panelCount\":{\"label\":\"Количество штук\",\"type\":\"string\",\"value\":\"\"},\"typeOfMounting\":{\"label\":\"Тип крепления столба\",\"type\":\"string\",\"value\":\"\",\"custom\":\"\"},\"sizeProfile\":{\"label\":\"Размер профиля столба (мм)\",\"type\":\"string\",\"value\":\"\",\"custom\":\"\"},\"wallThickness\":{\"label\":\"Толщина стенки\",\"type\":\"string\",\"value\":\"2\",\"custom\":\"\"},\"postsCount\":{\"label\":\"Количество штук\",\"type\":\"string\",\"value\":\"\"},\"fixing\":{\"label\":\"Крепление панели к столбу\",\"type\":\"string\",\"value\":\"\",\"custom\":\"\"},\"fixingConnector\":{\"label\":\"Соединение\",\"type\":\"string\",\"value\":\"\",\"custom\":\"\"},\"fixingCount\":{\"label\":\"Количество штук\",\"type\":\"string\",\"value\":\"\"}},\"piles\":{\"status\":{\"label\":\"Сваи\",\"type\":\"boolean\",\"value\":0},\"typeOfPile\":{\"label\":\"Тип сваи\",\"type\":\"string\",\"value\":\"\"},\"length\":{\"label\":\"Длина сваи\",\"type\":\"string\",\"value\":\"\",\"custom\":\"\"},\"diameter\":{\"label\":\"Диаметр сваи ⌀ (мм)\",\"type\":\"string\",\"value\":\"\",\"custom\":\"\"},\"count\":{\"label\":\"Количество штук\",\"type\":\"string\",\"value\":\"\"}},\"entry\":{\"wicket\":{\"status\":{\"label\":\"Калитки\",\"type\":\"boolean\",\"value\":0},\"count\":{\"label\":\"Количество изделий, шт\",\"type\":\"string\",\"value\":\"1\"},\"height\":{\"label\":\"Высота калитки, мм\",\"type\":\"string\",\"value\":\"2000\",\"custom\":\"\"},\"width\":{\"label\":\"Ширина прохода, мм\",\"type\":\"string\",\"value\":\"1000\",\"custom\":\"\"},\"lockingType\":{\"label\":\"Тип запирания\",\"type\":\"string\",\"value\":\"Врезной замок\"},\"fill\":{\"label\":\"Заполнение створки калитки\",\"type\":\"string\",\"value\":\"Сетчатая панель\"},\"control\":{\"label\":\"Совместимость со СКУД\",\"type\":\"boolean\",\"value\":0},\"strengthening\":{\"label\":\"Требуется ли верхнее дополнительное укрепление над калиткой?\",\"type\":\"boolean\",\"value\":0}},\"swingGates\":{\"status\":{\"label\":\"Калитки\",\"type\":\"boolean\",\"value\":0},\"count\":{\"label\":\"Калитки\",\"type\":\"string\",\"value\":\"1\"},\"installation\":{\"label\":\"Тип монтажа ворот\",\"type\":\"string\",\"value\":\"Бетонирование\"},\"height\":{\"label\":\"Высота ворот, мм\",\"type\":\"string\",\"value\":\"2000\",\"custom\":\"\"},\"width\":{\"label\":\"Ширина проема, мм\",\"type\":\"string\",\"value\":\"4000\",\"custom\":\"\"},\"drive\":{\"label\":\"Наличие привода\",\"type\":\"boolean\",\"value\":1},\"lockingType\":{\"label\":\"Запирание\",\"type\":\"boolean\",\"value\":1},\"fill\":{\"label\":\"Заполнение створки калитки\",\"type\":\"string\",\"value\":\"Сетчатая панель\"},\"control\":{\"label\":\"Совместимость со СКУД\",\"type\":\"boolean\",\"value\":0}},\"slidingGates\":{\"status\":{\"label\":\"Откатные ворота\",\"type\":\"boolean\",\"value\":0},\"count\":{\"label\":\"Количество изделий, шт\",\"type\":\"string\",\"value\":\"1\"},\"drive\":{\"label\":\"Наличие электропривода\",\"type\":\"boolean\",\"value\":1},\"height\":{\"label\":\"Высота ворот, мм\",\"type\":\"string\",\"value\":\"1700\",\"custom\":\"\"},\"width\":{\"label\":\"Ширина проема, мм\",\"type\":\"string\",\"value\":\"4000\",\"custom\":\"\"},\"fill\":{\"label\":\"Заполнение створки калитки\",\"type\":\"string\",\"value\":\"Сетчатая панель\"},\"control\":{\"label\":\"Совместимость со СКУД\",\"type\":\"boolean\",\"value\":0}}},\"additionally\":{\"upperBarrier\":{\"status\":{\"label\":\"Верхнее дополнительное заграждение\",\"type\":\"boolean\",\"value\":0},\"barrier\":{\"label\":\"Тип\",\"type\":\"string\",\"value\":\"СББ\"},\"spiralSafetyBarrier\":{\"label\":\"Спиральный барьер безопасности\",\"type\":\"string\",\"value\":\"\",\"custom\":\"\"},\"flatSafetyBarrier\":{\"label\":\"Плоский барьер безопасности\",\"type\":\"string\",\"value\":\"\",\"custom\":\"\"},\"canopyBarrier\":{\"label\":\"Козырьковое заграграждение из 3D панели\",\"type\":\"string\",\"value\":\"\",\"custom\":\"\"},\"length\":{\"label\":\"Длина (м)\",\"type\":\"string\",\"value\":\"\"}},\"underfootBarrier\":{\"status\":{\"label\":\"Противоподкопное заграждение\",\"type\":\"boolean\",\"value\":0},\"barrier\":{\"label\":\"Тип\",\"type\":\"string\",\"value\":\"ЗD панель\"},\"depth\":{\"label\":\"Глубина залегания\",\"type\":\"string\",\"value\":\"\",\"custom\":\"\"},\"height\":{\"label\":\"Высота панели, мм\",\"type\":\"string\",\"value\":\"\",\"custom\":\"\"},\"diameter\":{\"label\":\"Диаметр, мм\",\"type\":\"string\",\"value\":\"\",\"custom\":\"\"},\"length\":{\"label\":\"Длина (м)\",\"type\":\"string\",\"value\":\"\"}},\"equipment\":{\"status\":{\"label\":\"Дополнительное оборудование\",\"type\":\"boolean\",\"value\":0},\"brackets\":{\"label\":\"Кронштейны ТСО\",\"type\":\"boolean\",\"value\":0},\"countsBrackets\":{\"label\":\"Количество кронштейнов\",\"type\":\"string\",\"value\":\"\"},\"cableHolder\":{\"label\":\"Держатель кабельканала\",\"type\":\"boolean\",\"value\":0},\"countsCableHolder\":{\"label\":\"Количество держателей\",\"type\":\"string\",\"value\":\"\"},\"barrier\":{\"label\":\"Шлагбаум\",\"type\":\"boolean\",\"value\":0},\"lengthBarrier\":{\"label\":\"Количество шлагбаумов\",\"type\":\"string\",\"value\":\"\"}}},\"climatic\":{\"status\":{\"label\":\"Климатические особенности\",\"type\":\"boolean\",\"value\":0},\"conditions\":{\"label\":\"Климатическое исполнение\",\"type\":\"string\",\"value\":\"ХЛ1\"},\"minTemperature\":{\"label\":\"Диапазон рабочих температур, мин.\",\"type\":\"string\",\"value\":\"\"},\"maxTemperature\":{\"label\":\"Диапазон рабочих температур, мин.\",\"type\":\"string\",\"value\":\"\"},\"relativeHumidity\":{\"label\":\"Относительная влажность воздуха при +25С\",\"type\":\"string\",\"value\":\"\"},\"rainIntensity\":{\"label\":\"Интенсивность дождя (мм/ч)\",\"type\":\"string\",\"value\":\"\"},\"icingThickness\":{\"label\":\"Толщина обледенения при скорости ветра от 10м/с, мм. Не более \",\"type\":\"string\",\"value\":\"\"},\"resistanceToWind\":{\"label\":\"Устойчивость к порывам ветра, м/с. До\",\"type\":\"string\",\"value\":\"\"}}},\"user\":{\"name\":\"ывсаываы\",\"phone\":\"+78099877887\",\"email\":\"asdas@asdas.ru\",\"comment\":\"  asdasdasdadasdasdasdasdasd\"},\"files\":[]}', '2024-12-12 18:56:14', 1, 2),
(19, NULL, '{\"name\":\"asdasda\",\"email\":\"sss@ddd.ru\",\"comment\":\"lkjlkjkljlkjlkjk\"}', '0000-00-00 00:00:00', 2, 1),
(20, NULL, '{\"name\":\"asdasda\",\"email\":\"sss@ddd.ru\",\"comment\":\"lkjlkjkljlkjlkjk\"}', '0000-00-00 00:00:00', 2, 1),
(21, NULL, '{\"name\":\"adad\",\"email\":\"da@ada.ru\",\"comment\":\"фвфвфвфвфв\"}', '0000-00-00 00:00:00', 2, 1),
(22, NULL, '{\"name\":\"asdsdfgdfgsdfa\",\"email\":\"adadaa@asdasd.ru\",\"comment\":\"asdadadasdas\"}', '2024-12-18 00:03:35', 2, 1),
(23, NULL, '{\"name\":\"sdfsdfsdf\",\"email\":\"ssasdads@ddd.ru\",\"comment\":\"asdadadasd\"}', '2024-12-18 00:10:00', 2, 1),
(24, NULL, '{\"name\":\"dfkvjsaldasldkjas\",\"email\":\"asdasda@asdasd.ru\",\"comment\":\"czcasdasdadas\",\"file\":\"676256cd0512a.pdf\"}', '2024-12-18 01:00:38', 2, 1),
(25, NULL, '{\"name\":\"sdasdasdas\",\"email\":\"asdas@asdasd.ru\",\"phone\":\"+78579485868\",\"comment\":\"asdasda\",\"company\":\"asdasdasd\",\"call_time\":\"с 9:00 до 14:00\",\"perimeter\":\"12\",\"files\":[\"67625e46281f3.pdf\",\"67625e47b881e.pdf\",\"67625e4886a06.pdf\"],\"tabs\":null}', '2024-12-18 01:32:04', 3, 1),
(26, NULL, '{\"name\":\"sdasdasdas\",\"email\":\"asdas@asdasd.ru\",\"phone\":\"+78579485868\",\"comment\":\"asdasda\",\"company\":\"asdasdasd\",\"call_time\":\"с 9:00 до 14:00\",\"perimeter\":\"12\",\"files\":[\"67625f023b7bf.pdf\",\"67625f02c6334.pdf\",\"67625f034987a.pdf\"],\"tabs\":null}', '2024-12-18 01:35:00', 3, 1),
(27, NULL, '{\"name\":\"asdasdas\",\"email\":\"dadad@asdasdas.ru\",\"phone\":\"+72323242423\",\"comment\":\"adasdasd\",\"company\":\"asdasdad\",\"call_time\":\"с 9:00 до 14:00\",\"perimeter\":\"12\",\"files\":[\"67625f93958ae.pdf\",\"67625f94201ab.pdf\",\"67625f94a30f2.pdf\"],\"tabs\":{\"common\":{\"supply_panels\":\"on\",\"supply_fence_posts\":\"on\",\"supply_gates_and_wickets\":\"on\",\"installation_of_protective_equipment\":\"on\"},\"grid-fence\":{\"supply_panels\":\"on\"},\"panorama\":{\"supply_panels\":\"on\"},\"ptu\":{\"supply_panels\":\"on\",\"designer\":\"on\"},\"help\":{\"supply_panels\":\"on\",\"supply_fence_posts\":\"on\",\"supply_gates_and_wickets\":\"on\"}}}', '2024-12-18 01:38:08', 3, 1),
(28, NULL, '{\"name\":\"dfgssd\",\"email\":\"adasda@asdadasd.ru\",\"comment\":\"asdadasdadasdadadasd\"}', '2024-12-18 02:14:49', 5, 1),
(29, NULL, '{\"name\":\"фывфыв\",\"email\":\"adasda@asdadasd.ru\",\"comment\":\"фывфыв\"}', '2024-12-18 02:16:58', 5, 1),
(30, NULL, '{\"name\":\"ваыаываываыв\",\"email\":\"asdas@asdfasdas.ru\",\"phone\":\"+74648392345\",\"comment\":\"ваываываы\",\"company\":\"сыаваы\",\"call_time\":\"с 9:00 до 14:00\",\"perimeter\":\"12\",\"files\":[\"676269117c038.pdf\"],\"tabs\":{\"common\":{\"supply_panels\":\"on\"},\"grid-fence\":{\"supply_panels\":\"on\"},\"panorama\":{\"supply_panels\":\"on\"},\"ptu\":{\"supply_panels\":\"on\"},\"help\":{\"supply_panels\":\"on\"}}}', '2024-12-18 02:17:53', 3, 1),
(31, NULL, '{\"name\":\"test\",\"email\":\"test@test.ru\",\"comment\":\"asdasdasdasd\",\"phone\":\"+79898989988\"}', '2024-12-19 00:10:28', 2, 2),
(32, NULL, '{\"name\":\"adadas@asdasd.ru\",\"email\":\"sss@ddd.ru\",\"comment\":\"asdasdasdasds\",\"phone\":\"+84756473728\"}', '2024-12-19 00:37:07', 2, 2),
(33, NULL, '{\"name\":\"asdasda\",\"email\":\"test1@test.ru\",\"comment\":\"test1@test.ru\",\"phone\":\"746484789583\"}', '2024-12-19 00:46:24', 2, 2),
(34, NULL, '{\"phone\":\"ada\",\"name\":\"asdasd\",\"question\":\"dasd\"}', '2024-12-19 20:32:30', 4, 1),
(35, NULL, '{\"phone\":\"ada\",\"name\":\"asdasd\",\"question\":\"dasd\"}', '2024-12-19 20:33:11', 4, 1),
(36, NULL, '{\"phone\":\"adda\",\"name\":\"asdad\",\"question\":\"sdasda\"}', '2024-12-19 20:34:16', 4, 1),
(37, NULL, '{\"phone\":\"dasd\",\"name\":\"adasda\",\"question\":\"adasdasd\"}', '2024-12-19 20:34:59', 4, 1),
(38, NULL, '{\"phone\":\"adasd\",\"name\":\"adasd\",\"question\":\"asd\"}', '2024-12-19 20:35:05', 4, 1),
(39, NULL, '{\"phone\":\"asdasd\",\"name\":\"dsfs\",\"question\":\"asdasdas\"}', '2024-12-19 20:35:36', 4, 1),
(40, NULL, '{\"name\":\"asdajsdhajkdhkasdasd\",\"email\":\"asda@asdasd.ru\",\"phone\":\"+74648392345\",\"comment\":\"adsasdasda\",\"company\":\"adasdasd\",\"call_time\":\"с 9:00 до 14:00\",\"perimeter\":\"\",\"files\":[],\"tabs\":null}', '2024-12-21 19:25:41', 3, 1);

-- --------------------------------------------------------

--
-- Структура таблицы `vacancies`
--

CREATE TABLE `vacancies` (
  `id` int(11) NOT NULL,
  `name` varchar(255) DEFAULT NULL,
  `position` varchar(255) DEFAULT NULL,
  `responsibilities` varchar(255) DEFAULT NULL,
  `requirements` varchar(255) DEFAULT NULL,
  `conditions` varchar(255) DEFAULT NULL,
  `salary` varchar(255) DEFAULT NULL,
  `schedule` varchar(255) DEFAULT NULL,
  `updated_at` timestamp NOT NULL DEFAULT current_timestamp() ON UPDATE current_timestamp(),
  `created_at` timestamp NOT NULL DEFAULT current_timestamp(),
  `active` tinyint(1) DEFAULT NULL,
  `image` varchar(255) DEFAULT NULL,
  `url_part` varchar(255) DEFAULT NULL,
  `url` varchar(255) DEFAULT NULL,
  `template_id` int(11) DEFAULT NULL
) ENGINE=InnoDB DEFAULT CHARSET=utf8mb4 COLLATE=utf8mb4_general_ci;

--
-- Дамп данных таблицы `vacancies`
--

INSERT INTO `vacancies` (`id`, `name`, `position`, `responsibilities`, `requirements`, `conditions`, `salary`, `schedule`, `updated_at`, `created_at`, `active`, `image`, `url_part`, `url`, `template_id`) VALUES
(1, 'Менеджер на склад', 'Менеджер', 'Менеджмент', 'Быть менеджером', 'Все для менджеров', '13 000 р.', '24/7', '2024-11-18 16:40:24', '2024-11-18 16:40:24', 1, '', 'askdjalkdjkal', NULL, NULL);

-- --------------------------------------------------------

--
-- Структура таблицы `vacancies_requests`
--

CREATE TABLE `vacancies_requests` (
  `id` int(11) NOT NULL,
  `vacancy_id` int(11) DEFAULT NULL,
  `phone` varchar(255) DEFAULT NULL,
  `name` varchar(255) DEFAULT NULL,
  `email` varchar(255) DEFAULT NULL,
  `content` varchar(255) DEFAULT NULL,
  `resume` varchar(255) DEFAULT NULL
) ENGINE=InnoDB DEFAULT CHARSET=utf8mb4 COLLATE=utf8mb4_general_ci;

--
-- Дамп данных таблицы `vacancies_requests`
--

INSERT INTO `vacancies_requests` (`id`, `vacancy_id`, `phone`, `name`, `email`, `content`, `resume`) VALUES
(1, 1, 'asdasd', 'adasd', 'adasda', 'adasdasdasda', NULL),
(2, 1, 'sdfsd', 'fsdf', 'sdfsd', 'fsdfs', NULL),
(3, 1, 'asda', 'sdasd', 'asda', 'sdasdasd', NULL),
(4, 1, 'vv', 'scssv', 'svs', 'svss', NULL),
(5, 1, 'scsc', 'scscscs', 'scscsccs', 'scsc', NULL),
(6, 1, 'asdasdad', 'asdasdasda', 'asdadasd@adadads.ru', 'adadadada', NULL),
(7, 1, 'asdasda', 'adasd', 'dasd@adasd.ru', 'adasda', NULL),
(8, 1, 'asdasda', 'asdasd', 'sd@adasd.ru', 'asdasda', NULL),
(9, 1, 'dasd', 'adas', 'asdasda@adasd.ru', 'asdadsadasd', NULL),
(10, 1, 'dasda', 'asdfas', 'sdasd@asdad.ru', 'asdasdasdasda', NULL),
(11, 1, 'asdada', 'adasd', 'dada@asdasd.ru', 'asdadada', NULL),
(12, 1, 'ыы', 'adasd', 'jkshjks@ssss.ru', 'sxxxx', NULL);

--
-- Индексы сохранённых таблиц
--

--
-- Индексы таблицы `articles`
--
ALTER TABLE `articles`
  ADD PRIMARY KEY (`id`),
  ADD KEY `fk_articles_category_id` (`category_id`),
  ADD KEY `fk_articles_template_id` (`template_id`);

--
-- Индексы таблицы `articles_categories`
--
ALTER TABLE `articles_categories`
  ADD PRIMARY KEY (`id`),
  ADD KEY `fk_articles_categories_parent_id` (`parent_id`),
  ADD KEY `fk_articles_categories_template_id` (`template_id`);

--
-- Индексы таблицы `auth_assignment`
--
ALTER TABLE `auth_assignment`
  ADD PRIMARY KEY (`item_name`,`user_id`),
  ADD KEY `idx-auth_assignment-user_id` (`user_id`);

--
-- Индексы таблицы `auth_item`
--
ALTER TABLE `auth_item`
  ADD PRIMARY KEY (`name`),
  ADD KEY `rule_name` (`rule_name`),
  ADD KEY `idx-auth_item-type` (`type`);

--
-- Индексы таблицы `auth_item_child`
--
ALTER TABLE `auth_item_child`
  ADD PRIMARY KEY (`parent`,`child`),
  ADD KEY `child` (`child`);

--
-- Индексы таблицы `auth_rule`
--
ALTER TABLE `auth_rule`
  ADD PRIMARY KEY (`name`);

--
-- Индексы таблицы `blocks`
--
ALTER TABLE `blocks`
  ADD PRIMARY KEY (`id`),
  ADD KEY `fk_blocks_template_id` (`template_id`);

--
-- Индексы таблицы `blocks_links`
--
ALTER TABLE `blocks_links`
  ADD PRIMARY KEY (`id`),
  ADD KEY `fk_blocks_links_block_id` (`block_id`);

--
-- Индексы таблицы `contacts`
--
ALTER TABLE `contacts`
  ADD PRIMARY KEY (`id`);

--
-- Индексы таблицы `content_pages`
--
ALTER TABLE `content_pages`
  ADD PRIMARY KEY (`id`),
  ADD KEY `fk_content_pages_template_id` (`template_id`);

--
-- Индексы таблицы `gallery`
--
ALTER TABLE `gallery`
  ADD PRIMARY KEY (`id`);

--
-- Индексы таблицы `gallery_items`
--
ALTER TABLE `gallery_items`
  ADD PRIMARY KEY (`id`),
  ADD KEY `fk_gallery_items_gallery_id` (`gallery_id`);

--
-- Индексы таблицы `mails`
--
ALTER TABLE `mails`
  ADD PRIMARY KEY (`id`),
  ADD KEY `fk_mails_template_id` (`template_id`),
  ADD KEY `fk_mails_notification_id` (`notification_id`);

--
-- Индексы таблицы `materials`
--
ALTER TABLE `materials`
  ADD PRIMARY KEY (`id`),
  ADD KEY `fk_materials_category_id` (`category_id`),
  ADD KEY `fk_materials_gallery_id` (`gallery_id`),
  ADD KEY `fk_materials_program_id_materials_programs_id` (`program_id`);

--
-- Индексы таблицы `materials_category`
--
ALTER TABLE `materials_category`
  ADD PRIMARY KEY (`id`),
  ADD KEY `fk_materials_category_parent_id` (`parent_id`);

--
-- Индексы таблицы `materials_files`
--
ALTER TABLE `materials_files`
  ADD PRIMARY KEY (`id`),
  ADD KEY `fk_materials_files_type` (`type`);

--
-- Индексы таблицы `materials_file_links`
--
ALTER TABLE `materials_file_links`
  ADD PRIMARY KEY (`id`),
  ADD KEY `fk_materials_file_links_material_id` (`material_id`),
  ADD KEY `fk_materials_file_links_file_id` (`file_id`);

--
-- Индексы таблицы `materials_file_type`
--
ALTER TABLE `materials_file_type`
  ADD PRIMARY KEY (`id`);

--
-- Индексы таблицы `materials_programs`
--
ALTER TABLE `materials_programs`
  ADD PRIMARY KEY (`id`);

--
-- Индексы таблицы `menu`
--
ALTER TABLE `menu`
  ADD PRIMARY KEY (`id`);

--
-- Индексы таблицы `menu_item`
--
ALTER TABLE `menu_item`
  ADD PRIMARY KEY (`id`),
  ADD KEY `fk_menu_item_parent_id` (`parent_id`),
  ADD KEY `fk_menu_item_menu_id` (`menu_id`),
  ADD KEY `fk_menu_item_page_id` (`page_id`);

--
-- Индексы таблицы `migration`
--
ALTER TABLE `migration`
  ADD PRIMARY KEY (`version`);

--
-- Индексы таблицы `notifications`
--
ALTER TABLE `notifications`
  ADD PRIMARY KEY (`id`);

--
-- Индексы таблицы `notification_messages`
--
ALTER TABLE `notification_messages`
  ADD PRIMARY KEY (`id`),
  ADD KEY `fk_notification_messages_user_id` (`user_id`),
  ADD KEY `fk_notification_messages_notification_id` (`notification_id`);

--
-- Индексы таблицы `notification_users`
--
ALTER TABLE `notification_users`
  ADD KEY `fk_notification_users_user_id` (`user_id`),
  ADD KEY `fk_notification_users_notification_id` (`notification_id`);

--
-- Индексы таблицы `projects`
--
ALTER TABLE `projects`
  ADD PRIMARY KEY (`id`),
  ADD KEY `fk_projects_category_id` (`category_id`);

--
-- Индексы таблицы `projects_categories`
--
ALTER TABLE `projects_categories`
  ADD PRIMARY KEY (`id`),
  ADD KEY `fk_projects_categories_parent_id` (`parent_id`);

--
-- Индексы таблицы `projects_materials`
--
ALTER TABLE `projects_materials`
  ADD PRIMARY KEY (`id`),
  ADD KEY `fk_projects_materials_material_id` (`material_id`),
  ADD KEY `fk_projects_materials_project_id` (`project_id`);

--
-- Индексы таблицы `queue`
--
ALTER TABLE `queue`
  ADD PRIMARY KEY (`id`),
  ADD KEY `channel` (`channel`),
  ADD KEY `reserved_at` (`reserved_at`),
  ADD KEY `priority` (`priority`);

--
-- Индексы таблицы `tags`
--
ALTER TABLE `tags`
  ADD PRIMARY KEY (`id`);

--
-- Индексы таблицы `tags_links`
--
ALTER TABLE `tags_links`
  ADD KEY `fk_tags_links_tag_id_tags_id` (`tag_id`);

--
-- Индексы таблицы `templates`
--
ALTER TABLE `templates`
  ADD PRIMARY KEY (`id`);

--
-- Индексы таблицы `user`
--
ALTER TABLE `user`
  ADD PRIMARY KEY (`id`),
  ADD UNIQUE KEY `email` (`email`),
  ADD UNIQUE KEY `password_reset_token` (`password_reset_token`);

--
-- Индексы таблицы `user_requests`
--
ALTER TABLE `user_requests`
  ADD PRIMARY KEY (`id`);

--
-- Индексы таблицы `vacancies`
--
ALTER TABLE `vacancies`
  ADD PRIMARY KEY (`id`),
  ADD KEY `fk_vacancies_template_id` (`template_id`);

--
-- Индексы таблицы `vacancies_requests`
--
ALTER TABLE `vacancies_requests`
  ADD PRIMARY KEY (`id`),
  ADD KEY `fk_vacancies_requests_vacancy_id` (`vacancy_id`);

--
-- AUTO_INCREMENT для сохранённых таблиц
--

--
-- AUTO_INCREMENT для таблицы `articles`
--
ALTER TABLE `articles`
  MODIFY `id` int(11) NOT NULL AUTO_INCREMENT, AUTO_INCREMENT=547;

--
-- AUTO_INCREMENT для таблицы `articles_categories`
--
ALTER TABLE `articles_categories`
  MODIFY `id` int(11) NOT NULL AUTO_INCREMENT, AUTO_INCREMENT=4;

--
-- AUTO_INCREMENT для таблицы `blocks`
--
ALTER TABLE `blocks`
  MODIFY `id` int(11) NOT NULL AUTO_INCREMENT, AUTO_INCREMENT=125;

--
-- AUTO_INCREMENT для таблицы `blocks_links`
--
ALTER TABLE `blocks_links`
  MODIFY `id` int(11) NOT NULL AUTO_INCREMENT, AUTO_INCREMENT=152;

--
-- AUTO_INCREMENT для таблицы `contacts`
--
ALTER TABLE `contacts`
  MODIFY `id` int(11) NOT NULL AUTO_INCREMENT, AUTO_INCREMENT=3;

--
-- AUTO_INCREMENT для таблицы `content_pages`
--
ALTER TABLE `content_pages`
  MODIFY `id` int(11) NOT NULL AUTO_INCREMENT, AUTO_INCREMENT=88;

--
-- AUTO_INCREMENT для таблицы `gallery`
--
ALTER TABLE `gallery`
  MODIFY `id` int(11) NOT NULL AUTO_INCREMENT, AUTO_INCREMENT=112;

--
-- AUTO_INCREMENT для таблицы `gallery_items`
--
ALTER TABLE `gallery_items`
  MODIFY `id` int(11) NOT NULL AUTO_INCREMENT, AUTO_INCREMENT=677;

--
-- AUTO_INCREMENT для таблицы `mails`
--
ALTER TABLE `mails`
  MODIFY `id` int(11) NOT NULL AUTO_INCREMENT, AUTO_INCREMENT=4;

--
-- AUTO_INCREMENT для таблицы `materials`
--
ALTER TABLE `materials`
  MODIFY `id` int(11) NOT NULL AUTO_INCREMENT, AUTO_INCREMENT=161;

--
-- AUTO_INCREMENT для таблицы `materials_category`
--
ALTER TABLE `materials_category`
  MODIFY `id` int(11) NOT NULL AUTO_INCREMENT, AUTO_INCREMENT=6;

--
-- AUTO_INCREMENT для таблицы `materials_files`
--
ALTER TABLE `materials_files`
  MODIFY `id` int(11) NOT NULL AUTO_INCREMENT, AUTO_INCREMENT=307;

--
-- AUTO_INCREMENT для таблицы `materials_file_links`
--
ALTER TABLE `materials_file_links`
  MODIFY `id` int(11) NOT NULL AUTO_INCREMENT, AUTO_INCREMENT=313;

--
-- AUTO_INCREMENT для таблицы `materials_file_type`
--
ALTER TABLE `materials_file_type`
  MODIFY `id` int(11) NOT NULL AUTO_INCREMENT, AUTO_INCREMENT=4;

--
-- AUTO_INCREMENT для таблицы `materials_programs`
--
ALTER TABLE `materials_programs`
  MODIFY `id` int(11) NOT NULL AUTO_INCREMENT, AUTO_INCREMENT=3;

--
-- AUTO_INCREMENT для таблицы `menu`
--
ALTER TABLE `menu`
  MODIFY `id` int(11) NOT NULL AUTO_INCREMENT, AUTO_INCREMENT=10;

--
-- AUTO_INCREMENT для таблицы `menu_item`
--
ALTER TABLE `menu_item`
  MODIFY `id` int(11) NOT NULL AUTO_INCREMENT, AUTO_INCREMENT=66;

--
-- AUTO_INCREMENT для таблицы `notifications`
--
ALTER TABLE `notifications`
  MODIFY `id` int(11) NOT NULL AUTO_INCREMENT, AUTO_INCREMENT=5;

--
-- AUTO_INCREMENT для таблицы `notification_messages`
--
ALTER TABLE `notification_messages`
  MODIFY `id` int(11) NOT NULL AUTO_INCREMENT, AUTO_INCREMENT=5;

--
-- AUTO_INCREMENT для таблицы `projects`
--
ALTER TABLE `projects`
  MODIFY `id` int(11) NOT NULL AUTO_INCREMENT, AUTO_INCREMENT=2;

--
-- AUTO_INCREMENT для таблицы `projects_categories`
--
ALTER TABLE `projects_categories`
  MODIFY `id` int(11) NOT NULL AUTO_INCREMENT, AUTO_INCREMENT=2;

--
-- AUTO_INCREMENT для таблицы `projects_materials`
--
ALTER TABLE `projects_materials`
  MODIFY `id` int(11) NOT NULL AUTO_INCREMENT, AUTO_INCREMENT=5;

--
-- AUTO_INCREMENT для таблицы `queue`
--
ALTER TABLE `queue`
  MODIFY `id` int(11) NOT NULL AUTO_INCREMENT, AUTO_INCREMENT=4;

--
-- AUTO_INCREMENT для таблицы `tags`
--
ALTER TABLE `tags`
  MODIFY `id` int(11) NOT NULL AUTO_INCREMENT, AUTO_INCREMENT=2;

--
-- AUTO_INCREMENT для таблицы `templates`
--
ALTER TABLE `templates`
  MODIFY `id` int(11) NOT NULL AUTO_INCREMENT, AUTO_INCREMENT=41;

--
-- AUTO_INCREMENT для таблицы `user`
--
ALTER TABLE `user`
  MODIFY `id` int(11) NOT NULL AUTO_INCREMENT, AUTO_INCREMENT=5;

--
-- AUTO_INCREMENT для таблицы `user_requests`
--
ALTER TABLE `user_requests`
  MODIFY `id` int(11) NOT NULL AUTO_INCREMENT, AUTO_INCREMENT=41;

--
-- AUTO_INCREMENT для таблицы `vacancies`
--
ALTER TABLE `vacancies`
  MODIFY `id` int(11) NOT NULL AUTO_INCREMENT, AUTO_INCREMENT=2;

--
-- AUTO_INCREMENT для таблицы `vacancies_requests`
--
ALTER TABLE `vacancies_requests`
  MODIFY `id` int(11) NOT NULL AUTO_INCREMENT, AUTO_INCREMENT=13;

--
-- Ограничения внешнего ключа сохраненных таблиц
--

--
-- Ограничения внешнего ключа таблицы `articles`
--
ALTER TABLE `articles`
  ADD CONSTRAINT `fk_articles_category_id` FOREIGN KEY (`category_id`) REFERENCES `articles_categories` (`id`) ON DELETE SET NULL,
  ADD CONSTRAINT `fk_articles_template_id` FOREIGN KEY (`template_id`) REFERENCES `templates` (`id`);

--
-- Ограничения внешнего ключа таблицы `articles_categories`
--
ALTER TABLE `articles_categories`
  ADD CONSTRAINT `fk_articles_categories_parent_id` FOREIGN KEY (`parent_id`) REFERENCES `articles_categories` (`id`) ON DELETE SET NULL,
  ADD CONSTRAINT `fk_articles_categories_template_id` FOREIGN KEY (`template_id`) REFERENCES `templates` (`id`);

--
-- Ограничения внешнего ключа таблицы `auth_assignment`
--
ALTER TABLE `auth_assignment`
  ADD CONSTRAINT `auth_assignment_ibfk_1` FOREIGN KEY (`item_name`) REFERENCES `auth_item` (`name`) ON DELETE CASCADE ON UPDATE CASCADE;

--
-- Ограничения внешнего ключа таблицы `auth_item`
--
ALTER TABLE `auth_item`
  ADD CONSTRAINT `auth_item_ibfk_1` FOREIGN KEY (`rule_name`) REFERENCES `auth_rule` (`name`) ON DELETE SET NULL ON UPDATE CASCADE;

--
-- Ограничения внешнего ключа таблицы `auth_item_child`
--
ALTER TABLE `auth_item_child`
  ADD CONSTRAINT `auth_item_child_ibfk_1` FOREIGN KEY (`parent`) REFERENCES `auth_item` (`name`) ON DELETE CASCADE ON UPDATE CASCADE,
  ADD CONSTRAINT `auth_item_child_ibfk_2` FOREIGN KEY (`child`) REFERENCES `auth_item` (`name`) ON DELETE CASCADE ON UPDATE CASCADE;

--
-- Ограничения внешнего ключа таблицы `blocks`
--
ALTER TABLE `blocks`
  ADD CONSTRAINT `fk_blocks_template_id` FOREIGN KEY (`template_id`) REFERENCES `templates` (`id`);

--
-- Ограничения внешнего ключа таблицы `blocks_links`
--
ALTER TABLE `blocks_links`
  ADD CONSTRAINT `fk_blocks_links_block_id` FOREIGN KEY (`block_id`) REFERENCES `blocks` (`id`) ON DELETE CASCADE;

--
-- Ограничения внешнего ключа таблицы `content_pages`
--
ALTER TABLE `content_pages`
  ADD CONSTRAINT `fk_content_pages_template_id` FOREIGN KEY (`template_id`) REFERENCES `templates` (`id`);

--
-- Ограничения внешнего ключа таблицы `gallery_items`
--
ALTER TABLE `gallery_items`
  ADD CONSTRAINT `fk_gallery_items_gallery_id` FOREIGN KEY (`gallery_id`) REFERENCES `gallery` (`id`) ON DELETE CASCADE;

--
-- Ограничения внешнего ключа таблицы `mails`
--
ALTER TABLE `mails`
  ADD CONSTRAINT `fk_mails_notification_id` FOREIGN KEY (`notification_id`) REFERENCES `notifications` (`id`) ON DELETE CASCADE,
  ADD CONSTRAINT `fk_mails_template_id` FOREIGN KEY (`template_id`) REFERENCES `templates` (`id`);

--
-- Ограничения внешнего ключа таблицы `materials`
--
ALTER TABLE `materials`
  ADD CONSTRAINT `fk_materials_category_id` FOREIGN KEY (`category_id`) REFERENCES `materials_category` (`id`),
  ADD CONSTRAINT `fk_materials_gallery_id` FOREIGN KEY (`gallery_id`) REFERENCES `gallery` (`id`) ON DELETE SET NULL,
  ADD CONSTRAINT `fk_materials_program_id_materials_programs_id` FOREIGN KEY (`program_id`) REFERENCES `materials_programs` (`id`) ON DELETE SET NULL;

--
-- Ограничения внешнего ключа таблицы `materials_category`
--
ALTER TABLE `materials_category`
  ADD CONSTRAINT `fk_materials_category_parent_id` FOREIGN KEY (`parent_id`) REFERENCES `materials_category` (`id`) ON DELETE SET NULL;

--
-- Ограничения внешнего ключа таблицы `materials_files`
--
ALTER TABLE `materials_files`
  ADD CONSTRAINT `fk_materials_files_type` FOREIGN KEY (`type`) REFERENCES `materials_file_type` (`id`);

--
-- Ограничения внешнего ключа таблицы `materials_file_links`
--
ALTER TABLE `materials_file_links`
  ADD CONSTRAINT `fk_materials_file_links_file_id` FOREIGN KEY (`file_id`) REFERENCES `materials_files` (`id`) ON DELETE CASCADE,
  ADD CONSTRAINT `fk_materials_file_links_material_id` FOREIGN KEY (`material_id`) REFERENCES `materials` (`id`) ON DELETE CASCADE;

--
-- Ограничения внешнего ключа таблицы `menu_item`
--
ALTER TABLE `menu_item`
  ADD CONSTRAINT `fk_menu_item_menu_id` FOREIGN KEY (`menu_id`) REFERENCES `menu` (`id`) ON DELETE CASCADE,
  ADD CONSTRAINT `fk_menu_item_page_id` FOREIGN KEY (`page_id`) REFERENCES `content_pages` (`id`) ON DELETE CASCADE,
  ADD CONSTRAINT `fk_menu_item_parent_id` FOREIGN KEY (`parent_id`) REFERENCES `menu_item` (`id`) ON DELETE SET NULL;

--
-- Ограничения внешнего ключа таблицы `notification_messages`
--
ALTER TABLE `notification_messages`
  ADD CONSTRAINT `fk_notification_messages_notification_id` FOREIGN KEY (`notification_id`) REFERENCES `notifications` (`id`) ON DELETE CASCADE,
  ADD CONSTRAINT `fk_notification_messages_user_id` FOREIGN KEY (`user_id`) REFERENCES `user` (`id`) ON DELETE CASCADE;

--
-- Ограничения внешнего ключа таблицы `notification_users`
--
ALTER TABLE `notification_users`
  ADD CONSTRAINT `fk_notification_users_notification_id` FOREIGN KEY (`notification_id`) REFERENCES `notifications` (`id`) ON DELETE CASCADE,
  ADD CONSTRAINT `fk_notification_users_user_id` FOREIGN KEY (`user_id`) REFERENCES `user` (`id`) ON DELETE CASCADE;

--
-- Ограничения внешнего ключа таблицы `projects`
--
ALTER TABLE `projects`
  ADD CONSTRAINT `fk_projects_category_id` FOREIGN KEY (`category_id`) REFERENCES `projects_categories` (`id`) ON DELETE SET NULL;

--
-- Ограничения внешнего ключа таблицы `projects_categories`
--
ALTER TABLE `projects_categories`
  ADD CONSTRAINT `fk_projects_categories_parent_id` FOREIGN KEY (`parent_id`) REFERENCES `projects_categories` (`id`) ON DELETE SET NULL;

--
-- Ограничения внешнего ключа таблицы `projects_materials`
--
ALTER TABLE `projects_materials`
  ADD CONSTRAINT `fk_projects_materials_material_id` FOREIGN KEY (`material_id`) REFERENCES `materials` (`id`) ON DELETE CASCADE,
  ADD CONSTRAINT `fk_projects_materials_project_id` FOREIGN KEY (`project_id`) REFERENCES `projects` (`id`) ON DELETE CASCADE;

--
-- Ограничения внешнего ключа таблицы `tags_links`
--
ALTER TABLE `tags_links`
  ADD CONSTRAINT `fk_tags_links_tag_id_tags_id` FOREIGN KEY (`tag_id`) REFERENCES `tags` (`id`) ON DELETE CASCADE;

--
-- Ограничения внешнего ключа таблицы `vacancies`
--
ALTER TABLE `vacancies`
  ADD CONSTRAINT `fk_vacancies_template_id` FOREIGN KEY (`template_id`) REFERENCES `templates` (`id`);

--
-- Ограничения внешнего ключа таблицы `vacancies_requests`
--
ALTER TABLE `vacancies_requests`
  ADD CONSTRAINT `fk_vacancies_requests_vacancy_id` FOREIGN KEY (`vacancy_id`) REFERENCES `vacancies` (`id`) ON DELETE CASCADE;

